{"id":15621,"date":"2026-03-04T21:21:39","date_gmt":"2026-03-04T21:21:39","guid":{"rendered":"http:\/\/www.poderjudicialcdmx.gob.mx\/anales\/?page_id=17217"},"modified":"2026-03-04T21:21:39","modified_gmt":"2026-03-04T21:21:39","slug":"aj-quienes-somos","status":"publish","type":"page","link":"https:\/\/www.poderjudicialcdmx.gob.mx\/anales\/aj-quienes-somos\/","title":{"rendered":"Qui\u00e9nes somos"},"content":{"rendered":"<p>[vc_row row_type=\u00bbrow\u00bb use_row_as_full_screen_section=\u00bbno\u00bb type=\u00bbgrid\u00bb oblique_section=\u00bbno\u00bb text_align=\u00bbcenter\u00bb Overflow=\u00bb\u00bb triangle_shape=\u00bbno\u00bb background_image=\u00bb19178&#8243; css_animation=\u00bb\u00bb overflow=\u00bb\u00bb][vc_column][vc_separator type=\u00bbtransparent\u00bb up=\u00bb60&#8243; up_style=\u00bbpx\u00bb down_style=\u00bbpx\u00bb][no_elements_holder number_of_columns=\u00bbone_column\u00bb switch_to_one_column=\u00bb\u00bb alignment_one_column=\u00bbcenter\u00bb][no_elements_holder_item item_padding=\u00bb19%0%0%0%\u00bb aligment=\u00bbcenter\u00bb vertical_alignment=\u00bbmiddle\u00bb animation_name=\u00bbgrow_in\u00bb advanced_animations=\u00bbno\u00bb item_padding_1300_1600=\u00bb10% 0% 0% 0%\u00bb item_padding_1024_1300=\u00bb13% 0% 0% 0%\u00bb item_padding_768_1024=\u00bb20% 0% 9% 0%\u00bb item_padding_600_768=\u00bb20% 0% 9% 0%\u00bb]<div class=\"custom_font_holder  \" style=\"font-family: Lato; font-size: 80px; line-height: 95px; font-style: normal; font-weight: 600; color: #ffffff; text-decoration: none; padding: 200px 0px 100px 0px; text-transform: uppercase; text-align: right\" data-font-size=80 data-line-height=95 ><div  ><p><span style=\"color: #000000\"><strong>QUI\u00c9NES<\/strong> SOMOS<\/span><\/p>\n<\/div><\/div>[\/no_elements_holder_item][\/no_elements_holder][\/vc_column][\/vc_row][vc_row row_type=\u00bbrow\u00bb use_row_as_full_screen_section=\u00bbno\u00bb type=\u00bbgrid\u00bb oblique_section=\u00bbno\u00bb text_align=\u00bbleft\u00bb Overflow=\u00bb\u00bb triangle_shape=\u00bbno\u00bb css_animation=\u00bb\u00bb overflow=\u00bb\u00bb el_id=\u00bbtexto_titulo\u00bb][vc_column][vc_empty_space height=\u00bb45px\u00bb image_repeat=\u00bbno-repeat\u00bb]<div class=\"custom_font_holder  \" style=\"font-family: Lato; font-size: 35px; font-style: normal; font-weight: 400; color: #005361; text-decoration: none; text-shadow: 1px 1px 2px rgba(0, 0, 0, 0.4);; letter-spacing: 0px;; padding: 5px 5px 5px 5px; text-transform: none; text-align: center\" data-font-size=35 ><div  ><p style=\"text-align: center\">Direcci\u00f3n General de Anales de Jurisprudencia\u00a0y Bolet\u00edn Judicial<\/p>\n<\/div><\/div>[vc_row_inner row_type=\u00bbrow\u00bb type=\u00bbfull_width\u00bb use_row_as_full_screen_section_slide=\u00bbno\u00bb text_align=\u00bbleft\u00bb css_animation=\u00bb\u00bb el_id=\u00bbtitulo_descripcion1&#8243;][vc_column_inner][vc_separator type=\u00bbtransparent\u00bb up_style=\u00bbpx\u00bb down_style=\u00bbpx\u00bb][vc_separator type=\u00bbtransparent\u00bb up_style=\u00bbpx\u00bb down_style=\u00bbpx\u00bb][vc_separator type=\u00bbtransparent\u00bb up_style=\u00bbpx\u00bb down_style=\u00bbpx\u00bb][vc_separator type=\u00bbtransparent\u00bb up_style=\u00bbpx\u00bb down_style=\u00bbpx\u00bb]<div class=\"custom_font_holder  \" style=\"font-family: lato; font-size: 22px; font-style: normal; font-weight: 300; text-decoration: none; letter-spacing: 0px;; text-transform: none; text-align: center\" data-font-size=22 ><div  ><h5 style=\"text-align: justify\">La Direcci\u00f3n General de Anales de Jurisprudencia y Bolet\u00edn Judicial (DGAJyBJ) del Tribunal Superior de Justicia de la Ciudad de M\u00e9xico (TSJCDMX) realiza una intensa labor editorial que contribuye al \u00f3ptimo desarrollo y resoluci\u00f3n de los procesos judiciales, a trav\u00e9s de dos publicaciones torales: el\u00a0<em>Bolet\u00edn Judicial<\/em>\u00a0y la revista\u00a0<em>Anales de Jurisprudencia<\/em>. La primera contiene las listas de acuerdos, sentencias, edictos y avisos de los \u00f3rganos jurisdiccionales, as\u00ed como los avisos y acuerdos tanto del Tribunal de Disciplina Judicial como del \u00d3rgano de Administraci\u00f3n Judicial ambos del Poder Judicial de la Ciudad de M\u00e9xico. Herramienta de comunicaci\u00f3n procesal que se publica todos los d\u00edas h\u00e1biles en su versi\u00f3n impresa y electr\u00f3nica. La segunda, cuyos or\u00edgenes se remontan a los inicios del siglo XX, ofrece de manera bimestral los fallos m\u00e1s relevantes que se pronuncian en materia civil, penal y familiar en el Tribunal y estudios jur\u00eddicos de inter\u00e9s para el ejercicio judicial.<\/h5>\n<\/div><\/div>[\/vc_column_inner][\/vc_row_inner][vc_empty_space height=\u00bb50px\u00bb image_repeat=\u00bbno-repeat\u00bb][\/vc_column][\/vc_row][vc_row row_type=\u00bbrow\u00bb use_row_as_full_screen_section=\u00bbno\u00bb type=\u00bbfull_width\u00bb oblique_section=\u00bbno\u00bb text_align=\u00bbleft\u00bb Overflow=\u00bb\u00bb triangle_shape=\u00bbno\u00bb use_as_box=\u00bbuse_row_as_box\u00bb background_color=\u00bb#a4c5ca\u00bb css_animation=\u00bb\u00bb overflow=\u00bb\u00bb][vc_column][vc_row_inner row_type=\u00bbexpandable\u00bb anchor=\u00bbHISTORIA\u00bb text_align=\u00bbcenter\u00bb background_color=\u00bb#a4c5ca\u00bb more_button_label=\u00bbLeer m\u00e1s\u00bb less_button_label=\u00bbcerrar\u00bb button_position=\u00bbcenter\u00bb color=\u00bb#00515d\u00bb el_id=\u00bbtitulo_descripcion2&#8243;][vc_column_inner width=\u00bb1\/6&#8243;][\/vc_column_inner][vc_column_inner width=\u00bb2\/3&#8243;][vc_column_text]<\/p>\n<p style=\"text-align: left\"><span style=\"color: #333333\">A la par, la DGAJyBJ busca rescatar y difundir obras jur\u00eddicas cl\u00e1sicas y contempor\u00e1neas de doctrina y la legislaci\u00f3n de mayor aplicaci\u00f3n en la administraci\u00f3n e impartici\u00f3n de justicia local; tambi\u00e9n edita leyes y c\u00f3digos comentados por jueces y magistrados de la instituci\u00f3n, y algunas otras obras de inter\u00e9s general para la cultura y la historia.<\/span><\/p>\n<p>&nbsp;<\/p>\n<p style=\"text-align: left\"><span style=\"color: #333333\">De manera destacada, extiende su labor de difusi\u00f3n de la cultura de la legalidad a trav\u00e9s de coediciones con sellos de gran prestigio, entre ellos, el Fondo de Cultura Econ\u00f3mica y Editorial Porr\u00faa. Asimismo, ha publicado obras del Centro de Justicia Alternativa, el Instituto de Ciencias Forenses, la Direcci\u00f3n Ejecutiva de Orientaci\u00f3n Ciudadana y Derechos Humanos, el Centro de Convivencia Familiar, los Informes de Labores de la Presidencia de esta Casa de Justicia y coediciones con la Fiscal\u00eda General de Justicia local.<\/span><\/p>\n<p>&nbsp;<\/p>\n<p style=\"text-align: left\"><span style=\"color: #333333\">Desde 2008, la DGAJyBJ organiza la Feria Nacional del Libro Jur\u00eddico, la cual se ha convertido en un referente indispensable en el panorama editorial, gracias a la decidida participaci\u00f3n de la industria editorial, el apoyo de los entes de gobierno e instituciones acad\u00e9micas que publican obras sobre Derecho y temas afines, as\u00ed como por el creciente n\u00famero de libreros que ofrecen una amplia gama de t\u00edtulos y el constante aumento del p\u00fablico que acude a\u00f1o con a\u00f1o a la Feria en su sede de Ni\u00f1os H\u00e9roes. Se trata de un espacio de interacci\u00f3n para el intercambio de ideas, el conocimiento de nuevas tendencias en materia jur\u00eddica y la oportunidad de estar en contacto directo con los protagonistas y sus ideas.<\/span><\/p>\n<p>[\/vc_column_text][\/vc_column_inner][vc_column_inner width=\u00bb1\/6&#8243;][\/vc_column_inner][\/vc_row_inner][\/vc_column][\/vc_row][vc_row row_type=\u00bbrow\u00bb use_row_as_full_screen_section=\u00bbno\u00bb type=\u00bbfull_width\u00bb oblique_section=\u00bbno\u00bb text_align=\u00bbleft\u00bb Overflow=\u00bb\u00bb triangle_shape=\u00bbno\u00bb css_animation=\u00bb\u00bb overflow=\u00bb\u00bb][vc_column][vc_empty_space height=\u00bb45px\u00bb image_repeat=\u00bbno-repeat\u00bb][\/vc_column][\/vc_row][vc_row row_type=\u00bbrow\u00bb use_row_as_full_screen_section=\u00bbno\u00bb type=\u00bbgrid\u00bb oblique_section=\u00bbno\u00bb text_align=\u00bbleft\u00bb Overflow=\u00bb\u00bb triangle_shape=\u00bbno\u00bb css_animation=\u00bb\u00bb overflow=\u00bb\u00bb el_id=\u00bbtitulos_banner_interactivo1_banner_interactivo2_banner_interactivo3&#8243;][vc_column width=\u00bb1\/3&#8243;]<div class=\"custom_font_holder  \" style=\"font-family: lato; font-size: 30px; font-style: normal; font-weight: 400; color: rgba(0,0,0,0.72); text-decoration: none; text-shadow: 1px 1px 2px rgba(0, 0, 0, 0.4);; text-transform: uppercase; text-align: center\" data-font-size=30 ><div  ><p style=\"text-align: center\">Misi\u00f3n<\/p>\n<\/div><\/div>[vc_separator type=\u00bbnormal\u00bb up_style=\u00bbpx\u00bb down_style=\u00bbpx\u00bb][\/vc_column][vc_column width=\u00bb1\/3&#8243;]<div class=\"custom_font_holder  \" style=\"font-family: lato; font-size: 30px; font-style: normal; font-weight: 400; color: rgba(0,0,0,0.72); text-decoration: none; text-shadow: 1px 1px 2px rgba(0, 0, 0, 0.4);; text-transform: uppercase; text-align: center\" data-font-size=30 ><div  ><p style=\"text-align: center\">Visi\u00f3n<\/p>\n<\/div><\/div>[vc_separator type=\u00bbnormal\u00bb up_style=\u00bbpx\u00bb down_style=\u00bbpx\u00bb][\/vc_column][vc_column width=\u00bb1\/3&#8243;]<div class=\"custom_font_holder  \" style=\"font-family: lato; font-size: 30px; font-style: normal; font-weight: 400; color: rgba(0,0,0,0.72); text-decoration: none; text-shadow: 1px 1px 2px rgba(0, 0, 0, 0.4);; text-transform: uppercase; text-align: center\" data-font-size=30 ><div  ><p>Valores<\/p>\n<\/div><\/div>[vc_separator type=\u00bbnormal\u00bb up_style=\u00bbpx\u00bb down_style=\u00bbpx\u00bb][\/vc_column][\/vc_row][vc_row row_type=\u00bbrow\u00bb use_row_as_full_screen_section=\u00bbno\u00bb type=\u00bbgrid\u00bb oblique_section=\u00bbno\u00bb text_align=\u00bbleft\u00bb Overflow=\u00bb\u00bb triangle_shape=\u00bbno\u00bb css_animation=\u00bb\u00bb overflow=\u00bb\u00bb el_id=\u00bbbanner_interactivo1_banner_interactivo2_banner_interactivo3&#8243;][vc_column width=\u00bb1\/3&#8243;]<div class=\"mkd_image_with_text_over  image_zoom \"><div class=\"shader\" style=\"background-color:rgba(255,255,255,0.01);\" data-hover-background-color=#e8cc17 ><\/div><img decoding=\"async\" src=\"https:\/\/www.poderjudicialcdmx.gob.mx\/anales\/wp-content\/uploads\/Iconos-06.png\" alt=\"\" \/><div class=\"front_holder\" ><div class=\"front_holder_inner\" style=\"border:none;\"><div class=\"front_holder_content\"><div class=\"front_side\"><\/div><\/div><\/div><\/div><div class=\"back_holder\" ><div class=\"back_holder_inner\" style=\"border:none;\"><div class=\"back_holder_content\"><div class=\"back_side\"><div class=\"text_content\"><p style=\"text-align: center\"><strong>Contribuir al desarrollo de la labor jurisdiccional mediante la edici\u00f3n diaria del Bolet\u00edn Judicial, la publicaci\u00f3n bimestral de la revista\u00a0<em>Anales de Jurisprudencia<\/em>, y el rescate y difusi\u00f3n de obras jur\u00eddicas cl\u00e1sicas, de doctrina, adem\u00e1s de la legislaci\u00f3n de mayor aplicaci\u00f3n en la administraci\u00f3n de justicia local.<\/strong><\/p>\n<\/div><\/div><\/div><\/div><\/div><\/div>[\/vc_column][vc_column width=\u00bb1\/3&#8243;]<div class=\"mkd_image_with_text_over  image_zoom \"><div class=\"shader\" style=\"background-color:rgba(255,255,255,0.01);\" data-hover-background-color=#86c117 ><\/div><img decoding=\"async\" src=\"https:\/\/www.poderjudicialcdmx.gob.mx\/anales\/wp-content\/uploads\/Iconos-08.png\" alt=\"\" \/><div class=\"front_holder\" ><div class=\"front_holder_inner\" style=\"border:none;\"><div class=\"front_holder_content\"><div class=\"front_side\"><\/div><\/div><\/div><\/div><div class=\"back_holder\" ><div class=\"back_holder_inner\" style=\"border:none;\"><div class=\"back_holder_content\"><div class=\"back_side\"><div class=\"text_content\"><p style=\"text-align: center\"><strong>Generar en los usuarios una percepci\u00f3n de confiabilidad, en virtud de la correcta y oportuna publicaci\u00f3n de las listas de acuerdos y resoluciones emitidos por los\u00a0 \u00f3rganos que integran el Tribunal, y realizar la difusi\u00f3n de los criterios judiciales m\u00e1s notables, fomentando el acuerdo entre las diversas jurisdicciones y la difusi\u00f3n de la cultura del Derecho.<\/strong><\/p>\n<\/div><\/div><\/div><\/div><\/div><\/div>[\/vc_column][vc_column width=\u00bb1\/3&#8243;]<div class=\"mkd_image_with_text_over  image_zoom \"><div class=\"shader\" style=\"background-color:rgba(255,255,255,0.01);\" data-hover-background-color=#f79838 ><\/div><img decoding=\"async\" src=\"https:\/\/www.poderjudicialcdmx.gob.mx\/anales\/wp-content\/uploads\/Iconos-07.png\" alt=\"\" \/><div class=\"front_holder\" ><div class=\"front_holder_inner\" style=\"border:none;\"><div class=\"front_holder_content\"><div class=\"front_side\"><\/div><\/div><\/div><\/div><div class=\"back_holder\" ><div class=\"back_holder_inner\" style=\"border:none;\"><div class=\"back_holder_content\"><div class=\"back_side\"><div class=\"text_content\"><p style=\"text-align: center\"><strong>Certeza, Confianza, Compromiso y Responsabilidad.<\/strong><\/p>\n<\/div><\/div><\/div><\/div><\/div><\/div>[\/vc_column][\/vc_row][vc_row row_type=\u00bbrow\u00bb use_row_as_full_screen_section=\u00bbno\u00bb type=\u00bbfull_width\u00bb oblique_section=\u00bbno\u00bb text_align=\u00bbleft\u00bb Overflow=\u00bb\u00bb triangle_shape=\u00bbno\u00bb css_animation=\u00bb\u00bb overflow=\u00bb\u00bb][vc_column][vc_empty_space image_repeat=\u00bbno-repeat\u00bb][\/vc_column][\/vc_row][vc_row row_type=\u00bbrow\u00bb use_row_as_full_screen_section=\u00bbno\u00bb type=\u00bbgrid\u00bb oblique_section=\u00bbno\u00bb text_align=\u00bbleft\u00bb Overflow=\u00bb\u00bb triangle_shape=\u00bbno\u00bb css_animation=\u00bb\u00bb overflow=\u00bb\u00bb el_id=\u00bbtexto_titulo2&#8243;][vc_column]<div class=\"custom_font_holder  \" style=\"font-family: Lato; font-size: 40px; line-height: 120px; font-style: normal; font-weight: 400; color: #005361; text-decoration: none; text-shadow: 1px 1px 2px rgba(0, 0, 0, 0.4);; letter-spacing: 0px;; padding: 5px 5px 5px 5px; text-transform: none; text-align: center\" data-font-size=40 data-line-height=120 ><div  ><p>Historia<\/p>\n<\/div><\/div>[\/vc_column][\/vc_row][vc_row row_type=\u00bbrow\u00bb use_row_as_full_screen_section=\u00bbno\u00bb type=\u00bbgrid\u00bb oblique_section=\u00bbno\u00bb text_align=\u00bbleft\u00bb Overflow=\u00bb\u00bb triangle_shape=\u00bbno\u00bb css_animation=\u00bb\u00bb overflow=\u00bb\u00bb el_id=\u00bbtitulo2_descripcion\u00bb][vc_column][vc_row_inner row_type=\u00bbrow\u00bb type=\u00bbfull_width\u00bb use_row_as_full_screen_section_slide=\u00bbno\u00bb text_align=\u00bbleft\u00bb css_animation=\u00bb\u00bb][vc_column_inner]<div class=\"custom_font_holder  \" style=\"font-family: lato; font-size: 22px; font-style: normal; font-weight: 300; text-decoration: none; text-transform: none; text-align: center\" data-font-size=22 ><div  ><p><strong>El 31 de diciembre de 1928, bajo el mandato presidencial del licenciado Emilio Portes Gil, se expidi\u00f3 la Ley Org\u00e1nica de los Tribunales del Fuero Com\u00fan del Distrito y Territorios Federales. En el ordenamiento legal en cita, se menciona que el Bolet\u00edn Judicial es el \u00f3rgano dependiente de la Presidencia del Tribunal Superior de Justicia del entonces Distrito Federal y la revista <em>Anales de Jurisprudencia <\/em>una publicaci\u00f3n bimestral en la que se incluyen sentencias sobresalientes.<\/strong><\/p>\n<\/div><\/div>[\/vc_column_inner][\/vc_row_inner][vc_separator type=\u00bbtransparent\u00bb up_style=\u00bbpx\u00bb down_style=\u00bbpx\u00bb][vc_separator type=\u00bbtransparent\u00bb up_style=\u00bbpx\u00bb down_style=\u00bbpx\u00bb][vc_separator type=\u00bbtransparent\u00bb up_style=\u00bbpx\u00bb down_style=\u00bbpx\u00bb][\/vc_column][\/vc_row][vc_row row_type=\u00bbrow\u00bb use_row_as_full_screen_section=\u00bbno\u00bb type=\u00bbgrid\u00bb oblique_section=\u00bbno\u00bb text_align=\u00bbleft\u00bb Overflow=\u00bb\u00bb triangle_shape=\u00bbno\u00bb css_animation=\u00bb\u00bb overflow=\u00bb\u00bb][vc_column][vc_separator type=\u00bbtransparent\u00bb up_style=\u00bbpx\u00bb down_style=\u00bbpx\u00bb][vc_empty_space image_repeat=\u00bbno-repeat\u00bb][\/vc_column][\/vc_row][vc_row row_type=\u00bbrow\u00bb use_row_as_full_screen_section=\u00bbno\u00bb type=\u00bbfull_width\u00bb oblique_section=\u00bbno\u00bb text_align=\u00bbleft\u00bb Overflow=\u00bb\u00bb triangle_shape=\u00bbno\u00bb css_animation=\u00bb\u00bb overflow=\u00bb\u00bb][vc_column][vc_empty_space image_repeat=\u00bbno-repeat\u00bb][\/vc_column][\/vc_row]<\/p>\n","protected":false},"excerpt":{"rendered":"<p>[vc_row row_type=\u00bbrow\u00bb use_row_as_full_screen_section=\u00bbno\u00bb type=\u00bbgrid\u00bb oblique_section=\u00bbno\u00bb text_align=\u00bbcenter\u00bb Overflow=\u00bb\u00bb triangle_shape=\u00bbno\u00bb background_image=\u00bb19178&#8243; css_animation=\u00bb\u00bb overflow=\u00bb\u00bb][vc_column][vc_separator type=\u00bbtransparent\u00bb up=\u00bb60&#8243; up_style=\u00bbpx\u00bb down_style=\u00bbpx\u00bb][no_elements_holder number_of_columns=\u00bbone_column\u00bb switch_to_one_column=\u00bb\u00bb alignment_one_column=\u00bbcenter\u00bb][no_elements_holder_item item_padding=\u00bb19%0%0%0%\u00bb aligment=\u00bbcenter\u00bb vertical_alignment=\u00bbmiddle\u00bb animation_name=\u00bbgrow_in\u00bb advanced_animations=\u00bbno\u00bb item_padding_1300_1600=\u00bb10% 0% 0% 0%\u00bb item_padding_1024_1300=\u00bb13% 0% 0% 0%\u00bb item_padding_768_1024=\u00bb20% 0% 9% 0%\u00bb item_padding_600_768=\u00bb20% 0% 9% 0%\u00bb][\/no_elements_holder_item][\/no_elements_holder][\/vc_column][\/vc_row][vc_row row_type=\u00bbrow\u00bb use_row_as_full_screen_section=\u00bbno\u00bb type=\u00bbgrid\u00bb oblique_section=\u00bbno\u00bb text_align=\u00bbleft\u00bb Overflow=\u00bb\u00bb&#8230;<\/p>\n","protected":false},"author":15,"featured_media":0,"parent":0,"menu_order":0,"comment_status":"closed","ping_status":"closed","template":"full_width.php","meta":{"footnotes":""},"class_list":["post-15621","page","type-page","status-publish","hentry"],"_links":{"self":[{"href":"https:\/\/www.poderjudicialcdmx.gob.mx\/anales\/wp-json\/wp\/v2\/pages\/15621"}],"collection":[{"href":"https:\/\/www.poderjudicialcdmx.gob.mx\/anales\/wp-json\/wp\/v2\/pages"}],"about":[{"href":"https:\/\/www.poderjudicialcdmx.gob.mx\/anales\/wp-json\/wp\/v2\/types\/page"}],"author":[{"embeddable":true,"href":"https:\/\/www.poderjudicialcdmx.gob.mx\/anales\/wp-json\/wp\/v2\/users\/15"}],"replies":[{"embeddable":true,"href":"https:\/\/www.poderjudicialcdmx.gob.mx\/anales\/wp-json\/wp\/v2\/comments?post=15621"}],"version-history":[{"count":83,"href":"https:\/\/www.poderjudicialcdmx.gob.mx\/anales\/wp-json\/wp\/v2\/pages\/15621\/revisions"}],"predecessor-version":[{"id":15624,"href":"https:\/\/www.poderjudicialcdmx.gob.mx\/anales\/wp-json\/wp\/v2\/pages\/15621\/revisions\/15624"}],"wp:attachment":[{"href":"https:\/\/www.poderjudicialcdmx.gob.mx\/anales\/wp-json\/wp\/v2\/media?parent=15621"}],"curies":[{"name":"wp","href":"https:\/\/api.w.org\/{rel}","templated":true}]}}