{"id":19189,"date":"2026-04-07T19:01:25","date_gmt":"2026-04-07T19:01:25","guid":{"rendered":"https:\/\/www.poderjudicialcdmx.gob.mx\/anales\/?page_id=19189"},"modified":"2026-04-07T19:01:25","modified_gmt":"2026-04-07T19:01:25","slug":"boletin","status":"publish","type":"page","link":"https:\/\/www.poderjudicialcdmx.gob.mx\/anales\/boletin\/","title":{"rendered":"Bolet\u00edn Judicial"},"content":{"rendered":"<p>[vc_row row_type=\u00bbrow\u00bb use_row_as_full_screen_section=\u00bbno\u00bb type=\u00bbfull_width\u00bb oblique_section=\u00bbno\u00bb text_align=\u00bbcenter\u00bb Overflow=\u00bb\u00bb triangle_shape=\u00bbno\u00bb background_image=\u00bb20216&#8243; use_as_box=\u00bbuse_row_as_box\u00bb css_animation=\u00bb\u00bb overflow=\u00bb\u00bb el_id=\u00bbimagen_cabeza\u00bb][vc_column][vc_separator type=\u00bbtransparent\u00bb up_style=\u00bbpx\u00bb down_style=\u00bbpx\u00bb][no_elements_holder number_of_columns=\u00bbone_column\u00bb switch_to_one_column=\u00bb\u00bb][no_elements_holder_item item_padding=\u00bb19% 0% 0% 0%\u00bb aligment=\u00bbcenter\u00bb vertical_alignment=\u00bbmiddle\u00bb animation_name=\u00bbgrow_in\u00bb advanced_animations=\u00bbno\u00bb item_padding_1300_1600=\u00bb10% 0% 0% 0%\u00bb item_padding_1024_1300=\u00bb13% 0% 0% 0%\u00bb item_padding_768_1024=\u00bb20% 0% 9% 0%\u00bb item_padding_600_768=\u00bb20% 0% 9% 0%\u00bb][vc_row_inner row_type=\u00bbrow\u00bb type=\u00bbfull_width\u00bb use_row_as_full_screen_section_slide=\u00bbno\u00bb text_align=\u00bbcenter\u00bb css_animation=\u00bb\u00bb][vc_column_inner]<div class=\"custom_font_holder  \" style=\"font-family: Lato; font-size: 80px; line-height: 95px; font-style: normal; font-weight: 600; color: #ffffff; text-decoration: none; padding: 0px 0px 0px 100px; text-transform: uppercase; text-align: left\" data-font-size=80 data-line-height=95 ><div  ><p><strong>BOLET\u00cdN<\/strong> JUDICIAL<\/p>\n<\/div><\/div>[\/vc_column_inner][\/vc_row_inner][vc_separator type=\u00bbtransparent\u00bb up=\u00bb220&#8243; up_style=\u00bbpx\u00bb down=\u00bb0&#8243; down_style=\u00bbpx\u00bb][\/no_elements_holder_item][\/no_elements_holder][\/vc_column][\/vc_row][vc_row row_type=\u00bbrow\u00bb use_row_as_full_screen_section=\u00bbno\u00bb type=\u00bbfull_width\u00bb oblique_section=\u00bbno\u00bb text_align=\u00bbleft\u00bb Overflow=\u00bb\u00bb triangle_shape=\u00bbno\u00bb css_animation=\u00bb\u00bb overflow=\u00bb\u00bb][vc_column][vc_empty_space image_repeat=\u00bbno-repeat\u00bb][\/vc_column][\/vc_row][vc_row row_type=\u00bbrow\u00bb use_row_as_full_screen_section=\u00bbno\u00bb type=\u00bbfull_width\u00bb oblique_section=\u00bbno\u00bb text_align=\u00bbleft\u00bb Overflow=\u00bb\u00bb triangle_shape=\u00bbno\u00bb css_animation=\u00bb\u00bb overflow=\u00bb\u00bb][vc_column][vc_empty_space image_repeat=\u00bbno-repeat\u00bb][vc_column_text]<\/p>\n<p style=\"text-align: center;font-size: 46px;color: #005361;font-weight: 600;line-height: 45px\">CONSULTA BOLET\u00cdN JUDICIAL<\/p>\n<p>[\/vc_column_text][vc_empty_space image_repeat=\u00bbno-repeat\u00bb][\/vc_column][\/vc_row][vc_row row_type=\u00bbrow\u00bb use_row_as_full_screen_section=\u00bbno\u00bb type=\u00bbgrid\u00bb oblique_section=\u00bbno\u00bb text_align=\u00bbcenter\u00bb Overflow=\u00bb\u00bb triangle_shape=\u00bbno\u00bb css_animation=\u00bb\u00bb overflow=\u00bb\u00bb][vc_column width=\u00bb1\/2&#8243;][vc_column_text]<\/p>\n<h3 style=\"text-align: center\"><span style=\"color: #848484\">Bolet\u00edn completo<\/span><\/h3>\n<p>[\/vc_column_text][vc_empty_space image_repeat=\u00bbno-repeat\u00bb]<a href=\"http:\/\/www.poderjudicialcdmx.gob.mx\/consulta-boletin-judicial\/\" target=\"_blank\" data-hover-text=\"VER\" class=\"qbutton  rotate_from_bottom icon_right\" style=\"color: #ffffff; border-width: 1px; font-size: 15px; font-weight: 400; background-color: #68a0a9;\"><span class=\"text_wrap\" data-text=\"VER\"  style=\"background-color:#68a0a9; color: #ffffff; \">VER<\/span><\/a>[vc_empty_space image_repeat=\u00bbno-repeat\u00bb][\/vc_column][vc_column width=\u00bb1\/2&#8243;][vc_column_text]<\/p>\n<h3 style=\"text-align: center\"><span style=\"color: #848484\">B\u00fasqueda espec\u00edfica<\/span><\/h3>\n<p>[\/vc_column_text][vc_empty_space image_repeat=\u00bbno-repeat\u00bb]<a href=\"http:\/\/boletinpj.poderjudicialcdmx.gob.mx:816\/v2\/\" target=\"_blank\" data-hover-text=\"VER\" class=\"qbutton  rotate_from_bottom icon_right\" style=\"color: #ffffff; border-width: 1px; font-size: 15px; font-weight: 400; background-color: #68a0a9;\"><span class=\"text_wrap\" data-text=\"VER\"  style=\"background-color:#68a0a9; color: #ffffff; \">VER<\/span><\/a>[vc_empty_space image_repeat=\u00bbno-repeat\u00bb][\/vc_column][\/vc_row][vc_row row_type=\u00bbrow\u00bb use_row_as_full_screen_section=\u00bbno\u00bb type=\u00bbfull_width\u00bb oblique_section=\u00bbno\u00bb text_align=\u00bbcenter\u00bb Overflow=\u00bb\u00bb triangle_shape=\u00bbno\u00bb css_animation=\u00bb\u00bb overflow=\u00bb\u00bb][vc_column][vc_empty_space height=\u00bb5px\u00bb image_repeat=\u00bbno-repeat\u00bb][\/vc_column][\/vc_row][vc_row row_type=\u00bbrow\u00bb use_row_as_full_screen_section=\u00bbno\u00bb type=\u00bbgrid\u00bb oblique_section=\u00bbno\u00bb text_align=\u00bbcenter\u00bb Overflow=\u00bb\u00bb triangle_shape=\u00bbno\u00bb css_animation=\u00bb\u00bb overflow=\u00bb\u00bb][vc_column][vc_row_inner row_type=\u00bbexpandable\u00bb text_align=\u00bbleft\u00bb background_color=\u00bbrgba(0,91,91,0.26)\u00bb more_button_label=\u00bbMARCO LEGAL\u00bb less_button_label=\u00bbcerrar\u00bb button_position=\u00bbcenter\u00bb color=\u00bb#00515d\u00bb][vc_column_inner][vc_column_text]<strong>FUNDAMENTO LEGAL<\/strong><\/p>\n<p>&nbsp;<\/p>\n<p>LEY ORG\u00c1NICA DEL PODER JUDICIAL DE LA CIUDAD DE M\u00c9XICO<\/p>\n<p><strong>\u00a0<\/strong><\/p>\n<p><strong>Art\u00edculo 37.<\/strong> Son facultades del Tribunal Superior de Justicia de la Ciudad de M\u00e9xico en Pleno:<\/p>\n<p>\u2026<\/p>\n<p>El Pleno deber\u00e1 dictar la resoluci\u00f3n correspondiente dentro del t\u00e9rmino de tres meses y deber\u00e1 ordenar su publicaci\u00f3n en el Bolet\u00edn Judicial y en los Anales de Jurisprudencia y la remitir\u00e1 a todos los \u00f3rganos jurisdiccionales en la materia, que forman parte del Tribunal Superior de Justicia;<\/p>\n<p><strong>\u00a0<\/strong><\/p>\n<p>CAP\u00cdTULO II<\/p>\n<p>De la Direcci\u00f3n General de los Anales de<\/p>\n<p>Jurisprudencia y Bolet\u00edn Judicial<\/p>\n<p>&nbsp;<\/p>\n<p><strong>Art\u00edculo 177. <\/strong>El Bolet\u00edn Judicial se publicar\u00e1 por la Direcci\u00f3n General de los Anales de Jurisprudencia diariamente, con excepci\u00f3n de los s\u00e1bados, domingos y d\u00edas inh\u00e1biles.<\/p>\n<p><strong>\u00a0<\/strong><\/p>\n<p><strong>Art\u00edculo 179<\/strong>. \u2026<\/p>\n<p>El Bolet\u00edn Judicial contendr\u00e1 los acuerdos, sentencias y avisos de todos los Juzgados y Salas, as\u00ed como los avisos y acuerdos del Pleno, del \u00d3rgano de Administraci\u00f3n Judicial y del Tribunal de Disciplina Judicial, su publicaci\u00f3n se har\u00e1 todos los d\u00edas laborables del Tribunal Superior de Justicia.<\/p>\n<p><strong>\u00a0<\/strong><\/p>\n<p><strong>Art\u00edculo 181.<\/strong> Los edictos, convocatorias y dem\u00e1s avisos judiciales que deban insertarse en el Bolet\u00edn Judicial, se publicar\u00e1n gratuitamente en la materia civil y en las diversas materias ser\u00e1n gratuita (<em>sic<\/em>) en negocios cuya cuant\u00eda no exceda de treinta veces la Unidad de Cuenta de la Ciudad de M\u00e9xico vigente.<\/p>\n<p>La gratuidad de las publicaciones en el Bolet\u00edn Judicial respecto de la materia familiar, se otorgar\u00e1 en los casos de p\u00e9rdida de la patria potestad iniciados por Instituciones p\u00fablicas o privadas.<\/p>\n<p>&nbsp;<\/p>\n<p><strong>Art\u00edculo 217.<\/strong> \u2026<\/p>\n<p>Siempre que el \u00d3rgano de Administraci\u00f3n Judicial considere que los acuerdos son de inter\u00e9s general ordenar\u00e1 su publicaci\u00f3n en el Bolet\u00edn Judicial y en su caso, en la Gaceta Oficial de la Ciudad de M\u00e9xico.<\/p>\n<p>&nbsp;<\/p>\n<p><strong>Art\u00edculo 308.<\/strong> La persona a quien designe la presidencia del Tribunal de Disciplina le corresponde:<\/p>\n<p>\u2026<\/p>\n<p><strong>VII.<\/strong> Enviar diariamente la lista de los acuerdos emitidos en los procedimientos disciplinarios que deban ser publicados en el Bolet\u00edn Judicial;<\/p>\n<p>&nbsp;<\/p>\n<p><strong>Art\u00edculo 315.<\/strong> Las promociones que presenten las personas no comprendidas dentro de la enumeraci\u00f3n del art\u00edculo 298 de esta Ley, se tramitar\u00e1n de la siguiente forma:<\/p>\n<p>\u2026<\/p>\n<ol>\n<li>En caso de que el Tribunal de Disciplina Judicial estime que no se desprende ninguna falta, se archivar\u00e1 el asunto como concluido. Esta determinaci\u00f3n deber\u00e1 notificarse por Bolet\u00edn Judicial a m\u00e1s tardar al d\u00eda siguiente de la emisi\u00f3n del acuerdo.<\/li>\n<\/ol>\n<p>&nbsp;<\/p>\n<p><strong>Art\u00edculo 322.<\/strong> Las notificaciones en los procedimientos de responsabilidad ya sea por denuncia, queja o de oficio, se har\u00e1n:<\/p>\n<p>\u2026<\/p>\n<ol>\n<li>A las o los quejosos, apoderados, procuradores, defensores, representantes, personas para o\u00edr y recibir notificaciones por medio de Bolet\u00edn Judicial, cuando se trate de determinaciones de mero tr\u00e1mite;<\/li>\n<\/ol>\n<p>&nbsp;<\/p>\n<p><strong>Art\u00edculo 324<\/strong>. Las notificaciones surtir\u00e1n efectos:<\/p>\n<p>\u2026<\/p>\n<ol>\n<li>La notificaci\u00f3n por medio de Bolet\u00edn Judicial, desde el d\u00eda siguiente de aqu\u00e9l en que haya surtido efectos la publicaci\u00f3n; y<\/li>\n<\/ol>\n<p>&nbsp;<\/p>\n<p>C\u00d3DIGO DE PROCEDIMIENTOS CIVILES<\/p>\n<p>PARA EL DISTRITO FEDERAL<\/p>\n<p><strong>\u00a0<\/strong><\/p>\n<p><strong>Art\u00edculo 111. <\/strong>Las notificaciones en juicio se podr\u00e1n hacer:<\/p>\n<p><strong>I\u2026.<\/strong><\/p>\n<ol>\n<li>Por Bolet\u00edn Judicial, en los t\u00e9rminos de los art\u00edculos 123 y 125;<\/li>\n<\/ol>\n<p><strong>III.<\/strong> Por edictos que se hagan ostensibles en los sitios p\u00fablicos de costumbre o que se manden publicar en los peri\u00f3dicos que al efecto se autoricen en los plazos que se precisen.<\/p>\n<p>&nbsp;<\/p>\n<p><strong>Art\u00edculo 123. <\/strong>La primera notificaci\u00f3n al promovente de cualquier procedimiento se har\u00e1 por Bolet\u00edn Judicial, salvo que se disponga otra cosa por la ley o el tribunal. En todo caso el tribunal tendr\u00e1 la obligaci\u00f3n de notificar personalmente, entregando copia simple o fotost\u00e1tica de la resoluci\u00f3n, la segunda y ulteriores notificaciones a los interesados o a sus apoderados, procuradores o autorizados, si \u00e9stos ocurren al tribunal o juzgado respectivo, el mismo d\u00eda en que se dicten las resoluciones que hayan de notificarse sin necesidad de esperar a que se publiquen en el Bolet\u00edn Judicial, dejando constancia en autos de dicha notificaci\u00f3n, firmada por el notificado y el fedatario, o haciendo saber si el primero se neg\u00f3 a firmar.<\/p>\n<p>&nbsp;<\/p>\n<p><strong>Art\u00edculo 125. <\/strong>Si las partes, sus autorizados o sus procuradores no ocurren al tribunal o juzgado a notificarse personalmente el mismo d\u00eda en que se dicten las resoluciones, el tribunal las mandar\u00e1 publicar en el Bolet\u00edn Judicial. La notificaci\u00f3n por Bolet\u00edn Judicial se dar\u00e1 por hecha y surtir\u00e1 sus efectos al d\u00eda siguiente al de su publicaci\u00f3n.<\/p>\n<p>&nbsp;<\/p>\n<p><strong>Art\u00edculo 126. <\/strong>Se fijar\u00e1 en lugar visible de las oficinas del tribunal o juzgados, una lista de los negocios que se hayan acordado cada d\u00eda, y se remitir\u00e1 otra lista expresando solamente los nombres y apellidos de los interesados para que al d\u00eda siguiente sea publicada en el Bolet\u00edn Judicial, diario que s\u00f3lo contendr\u00e1 dichas listas de acuerdos y avisos judiciales y que se publicar\u00e1 antes de las nueve de la ma\u00f1ana.<\/p>\n<p>S\u00f3lo por errores u omisiones sustanciales que hagan no identificables los juicios, podr\u00e1 pedirse la nulidad de las notificaciones hechas por Bolet\u00edn Judicial. Adem\u00e1s, se fijar\u00e1 diariamente en la puerta de la sala del Tribunal y juzgados un ejemplar del Bolet\u00edn Judicial, coleccion\u00e1ndose dicho diario para resolver cualquier cuesti\u00f3n que se suscite sobre la falta de alguna publicaci\u00f3n. En el archivo judicial se formar\u00e1n dos colecciones, una de las cuales estar\u00e1 siempre a disposici\u00f3n del p\u00fablico.<\/p>\n<p>&nbsp;<\/p>\n<p><strong>Art\u00edculo 127. <\/strong>En las Salas del Tribunal y en los Juzgados, los empleados que determine el reglamento har\u00e1n constar en los autos respectivos el n\u00famero y fecha del Bolet\u00edn Judicial en que se haya hecho la publicaci\u00f3n a que se refiere el art\u00edculo anterior, bajo la pena de que se le impondr\u00e1 una multa, equivalente al importe de hasta dos d\u00edas del salario que perciba, por la primera falta, que se duplicar\u00e1 por la segunda y de suspensi\u00f3n de empleo hasta por tres meses por la tercera; sin perjuicio de indemnizar debidamente a la persona que resulte perjudicada por la omisi\u00f3n.<\/p>\n<p>&nbsp;<\/p>\n<p><strong>Art\u00edculo 128.<\/strong> Dentro de un procedimiento judicial, todos los edictos, convocatorias y avisos que por mandato legal o judicial se tengan que hacer del conocimiento de alguna persona o del p\u00fablico en general, as\u00ed como aquellas comunicaciones similares de notarios p\u00fablicos, corredores p\u00fablicos o particulares que por cualquier causa deban hacerlos, por as\u00ed obligarles la ley o los cargos que ostenten, ser\u00e1n redactados de modo preciso y conciso, sintetizando las providencias que se ordenen publicar, evitando transcripciones literales, y se\u00f1al\u00e1ndose \u00fanicamente los puntos substanciales. Las publicaciones de esos edictos, convocatorias y avisos s\u00f3lo podr\u00e1n realizarse en aquellos medios de difusi\u00f3n que tengan una secci\u00f3n especial destinada para \u00abEdictos, Avisos y Convocatorias Judiciales\u00bb o secci\u00f3n destacada similar que represente el menor costo de todas las inserciones y anuncios que se lleven a cabo por esos medios de comunicaci\u00f3n.<\/p>\n<p>&nbsp;<\/p>\n<p>C\u00d3DIGO NACIONAL DE PROCEDIMIENTOS<\/p>\n<p>CIVILES Y FAMILIARES<\/p>\n<p>&nbsp;<\/p>\n<p><strong>Art\u00edculo 2, fracci\u00f3n XXIV\u2026<\/strong> <strong>Medio de comunicaci\u00f3n judicial<\/strong>. El bolet\u00edn judicial, lista de acuerdos, lista electr\u00f3nica de acuerdos o medios electr\u00f3nicos o inform\u00e1ticos por los que la autoridad jurisdiccional, en sus respectivos \u00e1mbitos de competencia, hace del conocimiento de las partes, la emisi\u00f3n de una resoluci\u00f3n judicial<\/p>\n<p>&nbsp;<\/p>\n<p><strong>Art\u00edculo 203, fracci\u00f3n II\u2026<\/strong>Las notificaciones en juicio se podr\u00e1n hacer:<\/p>\n<p>\u2026<\/p>\n<ol>\n<li>Por medio de comunicaci\u00f3n judicial, seg\u00fan corresponda<\/li>\n<\/ol>\n<p>\u2026<\/p>\n<p>&nbsp;<\/p>\n<p><strong>Art\u00edculo 214<\/strong>. Es un deber procesal de las partes interesadas concurrir a las autoridades jurisdiccionales, para ser notificados de las resoluciones e imponerse de los autos. Todas las que se dicten en cualquier procedimiento se notificar\u00e1n a trav\u00e9s del medio de comunicaci\u00f3n procesal oficial, que contendr\u00e1 la lista de los asuntos que se hayan acordado cada d\u00eda, expresando solamente el n\u00famero de toca o expediente, nombre de las partes interesadas y clase de juicio, con excepci\u00f3n de los que la autoridad jurisdiccional estime de publicaci\u00f3n reservada o secreta dada la naturaleza del juicio.<\/p>\n<p>&nbsp;<\/p>\n<p>LEY DE LA SALA CONSTITUCIONAL DEL PODER JUDICIAL<\/p>\n<p>DE LA CIUDAD DE M\u00c9XICO<\/p>\n<p>&nbsp;<\/p>\n<p><strong>Art\u00edculo 58.<\/strong> Dictada la sentencia, el Presidente de la Sala Constitucional ordenar\u00e1 notificarla a las partes, y mandar\u00e1 publicarla de manera \u00edntegra en el Bolet\u00edn Judicial de la Ciudad de M\u00e9xico, conjuntamente con los votos particulares que se formulen, en su caso&#8230;<\/p>\n<p>&nbsp;<\/p>\n<p>LEY FEDERAL DEL TRABAJO<\/p>\n<p>&nbsp;<\/p>\n<p><strong>Art\u00edculo 745.<\/strong> El Tribunal Federal y los Tribunales Locales, deber\u00e1n acordar la publicaci\u00f3n de un bolet\u00edn impreso y electr\u00f3nico que contenga la lista de las notificaciones que no sean personales.<\/p>\n<p>&nbsp;<\/p>\n<p><strong>Art\u00edculo 745 Bis.<\/strong> Las notificaciones por bolet\u00edn o lista se fijar\u00e1n y publicar\u00e1n en el local del \u00f3rgano jurisdiccional, en lugar visible y de f\u00e1cil acceso, as\u00ed como en el portal de Internet del Poder Judicial de la Federaci\u00f3n y de los Poderes Judiciales de las Entidades Federativas; en estos casos los portales de Internet deber\u00e1n tener la opci\u00f3n de consulta por \u00f3rgano jurisdiccional y n\u00famero de juicio o expediente. La fijaci\u00f3n y publicaci\u00f3n de esta lista se realizar\u00e1 a primera hora h\u00e1bil del d\u00eda siguiente al de la fecha de la resoluci\u00f3n que la ordena y contendr\u00e1:<\/p>\n<ol>\n<li>El n\u00famero del juicio de que se trate;<\/li>\n<li>El nombre de las partes;<\/li>\n<\/ol>\n<p><strong>III.<\/strong> La s\u00edntesis de la resoluci\u00f3n que se notifica.<\/p>\n<p>El actuario o el funcionario habilitado para tal efecto asentar\u00e1 en el expediente la raz\u00f3n respectiva.<\/p>\n<p>&nbsp;<\/p>\n<p>REGLAMENTO INTERIOR DEL \u00d3RGANO DE ADMINISTRACI\u00d3N JUDICIAL DEL PODER JUDICIAL DE LA CIUDAD DE M\u00c9XICO<\/p>\n<p><strong>\u00a0<\/strong><\/p>\n<p><strong>Art\u00edculo 3.- <\/strong>Para efectos del presente Reglamento se entender\u00e1 por:\u2026<\/p>\n<ol>\n<li><strong> Conceptos Generales:<\/strong><\/li>\n<li><strong> Bolet\u00edn Judicial: <\/strong>Medio de publicaci\u00f3n oficial del Poder Judicial de la Ciudad de M\u00e9xico;<\/li>\n<\/ol>\n<p>&nbsp;<\/p>\n<p><strong>Art\u00edculo 30.- <\/strong>El Pleno ordenar\u00e1 a la Secretar\u00eda Ejecutiva del Pleno, la publicaci\u00f3n de los acuerdos de car\u00e1cter general que, por virtud de lo dispuesto en las leyes y normas correspondientes, deben hacerse p\u00fablicos en el Bolet\u00edn Judicial, en el Portal de Internet del Poder Judicial y, de ser el caso, en la Gaceta Oficial de la Ciudad de M\u00e9xico, para lo cual realizar\u00e1 las gestiones de coordinaci\u00f3n que sean necesarias ante la Secretar\u00eda Ejecutiva de Administraci\u00f3n para que por conducto de sus \u00e1reas competentes, realicen los tr\u00e1mites administrativos para la publicaci\u00f3n correspondiente ante el medio de difusi\u00f3n oficial de la Ciudad de M\u00e9xico.<\/p>\n<p>&nbsp;<\/p>\n<p><strong>Secci\u00f3n Tercera<\/strong><\/p>\n<p><strong>De la Direcci\u00f3n General de Anales de Jurisprudencia<\/strong><\/p>\n<p><strong>y Bolet\u00edn Judicial<\/strong><\/p>\n<p><strong>\u00a0<\/strong><\/p>\n<p><strong>Art\u00edculo <\/strong><strong>67.- <\/strong>A la Direcci\u00f3n General de Anales de Jurisprudencia y Bolet\u00edn Judicial le corresponde lo siguiente:<\/p>\n<p><strong>III. <\/strong>Publicar los casos a que se refiere la fracci\u00f3n <strong>III<\/strong> del art\u00edculo <strong>37<\/strong> de la Ley Org\u00e1nica, la Jurisprudencia y tesis sobresalientes de los Tribunales Federales entre personas Juzgadoras y Magistradas, mediante la consulta respectiva que se haga del Semanario Judicial de la Federaci\u00f3n;<\/p>\n<ol>\n<li>Difundir de manera oportuna la informaci\u00f3n generada por los \u00f3rganos jurisdiccionales, \u00e1reas de apoyo judicial y \u00e1reas administrativas que integran al Poder Judicial, mediante la integraci\u00f3n, edici\u00f3n y publicaci\u00f3n del Bolet\u00edn Judicial, contribuyendo a la labor jurisdiccional y fortalecimiento de la cultura de legalidad;<\/li>\n<li>Dar cumplimiento a la inserci\u00f3n de edictos en el Bolet\u00edn Judicial, a efecto de dar debido acatamiento a los diversos ordenamientos derivados de los procedimientos judiciales que se tramitan en los \u00f3rganos jurisdiccionales del Tribunal Superior de Justicia;<\/li>\n<li>Realizar la suscripci\u00f3n al Bolet\u00edn Judicial, de las personas litigantes y p\u00fablico en general que lo soliciten, para su entrega a domicilio y\/o en ventanilla, en medio impreso o magn\u00e9tico;<\/li>\n<li>Actualizar, peri\u00f3dicamente, los contenidos e informaci\u00f3n relativa al Micrositio de la Direcci\u00f3n General de Anales de Jurisprudencia y Bolet\u00edn Judicial alojado en la web del Poder Judicial;<\/li>\n<li>Atender las quejas, sugerencias y solicitudes de las personas usuarias con la finalidad de mejorar la prestaci\u00f3n del servicio de entrega del Bolet\u00edn Judicial, y<\/li>\n<\/ol>\n<p><strong>XII. <\/strong>Las dem\u00e1s que deriven de los ordenamientos que resulten aplicables y las que el Pleno determine mediante acuerdo.<\/p>\n<p>&nbsp;<\/p>\n<p><strong>Art\u00edculo 80.- <\/strong>A la persona titular de la Secretar\u00eda Ejecutiva del Pleno, adem\u00e1s de las obligaciones se\u00f1aladas en la Ley Org\u00e1nica, le corresponde lo siguiente:\u2026<\/p>\n<p><strong>XXIII. <\/strong>Remitir para su publicaci\u00f3n en el Bolet\u00edn Judicial, las determinaciones que, por disposici\u00f3n del \u00d3rgano de Administraci\u00f3n Judicial, deban darse a conocer por ese medio o, en su caso, para que surtan efectos cuando en los mismos as\u00ed se establezca;<\/p>\n<p><strong>XXIV. <\/strong>Remitir para su publicaci\u00f3n en el Bolet\u00edn Judicial, en el Portal de Internet del Poder Judicial y, en su caso, en la Gaceta Oficial de la Ciudad de M\u00e9xico, dentro de los tres d\u00edas siguientes a la aprobaci\u00f3n del acta respectiva, los acuerdos de car\u00e1cter general que, por virtud de lo dispuesto en las leyes y normas correspondientes, deban hacerse p\u00fablicos;<\/p>\n<p>&nbsp;<\/p>\n<p>REGLAMENTO INTERIOR DEL TRIBUNAL DE DISCIPLINA JUDICIAL<\/p>\n<p>DEL PODER JUDICIAL DE LA CIUDAD DE M\u00c9XICO<\/p>\n<p><strong>\u00a0<\/strong><\/p>\n<p><strong>Art\u00edculo 5.- <\/strong>Para los efectos del presente Reglamento, se entender\u00e1 por:<\/p>\n<ol>\n<li><strong> Bolet\u00edn Judicial: <\/strong>Bolet\u00edn Judicial del Poder Judicial de la Ciudad de M\u00e9xico;<\/li>\n<\/ol>\n<p>&nbsp;<\/p>\n<p><strong>Art\u00edculo 69.- <\/strong>EI Pleno del Tribunal de Disciplina Judicial ordenar\u00e1 a la Secretar\u00eda General de Acuerdos, la publicaci\u00f3n de los Acuerdos de car\u00e1cter general que, por virtud de lo dispuesto en las leyes y normas correspondientes, deben hacerse p\u00fablicos en el Bolet\u00edn Judicial y a trav\u00e9s de los medios de difusi\u00f3n institucional del Poder Judicial y de ser el caso, en la Gaceta Oficial de la Ciudad de M\u00e9xico.<\/p>\n<p>&nbsp;<\/p>\n<p><strong>Art\u00edculo <\/strong><strong>95.- <\/strong>La Presidencia de la Comisi\u00f3n de que se trate, tendr\u00e1 las obligaciones y facultades siguientes:<\/p>\n<p><strong>III. <\/strong>Ordenar la publicaci\u00f3n en el Bolet\u00edn Judicial, de los Acuerdos o Resoluciones atendiendo a su importancia y naturaleza, o cuando sean de inter\u00e9s general, de conformidad con lo que establece el art\u00edculo 179 p\u00e1rrafo segundo de la Ley Org\u00e1nica;<\/p>\n<p>&nbsp;<\/p>\n<p><strong>Art\u00edculo <\/strong><strong>216.- <\/strong>Tipos de Notificaciones.<\/p>\n<p>Las notificaciones se practicar\u00e1n de forma Personal, por Correo Electr\u00f3nico Institucional y\/o mediante Bolet\u00edn Judicial del Poder Judicial de la Ciudad de M\u00e9xico, conforme a las disposiciones de la Ley Org\u00e1nica, la Ley de Responsabilidades, el presente Reglamento y la normativa aplicable.<\/p>\n<p><strong>\u00a0<\/strong><\/p>\n<p>SECCI\u00d3N PRIMERA<\/p>\n<p>REGLAS ESPEC\u00cdFICAS PARA CADA TIPO DE NOTIFICACI\u00d3N<\/p>\n<p><strong>\u00a0<\/strong><\/p>\n<p><strong>Art\u00edculo 218.- <\/strong>De las Notificaciones por Bolet\u00edn Judicial del Poder Judicial.<\/p>\n<p>Las notificaciones se practicar\u00e1n por medio de Bolet\u00edn Judicial exclusivamente para determinaciones de mero tr\u00e1mite. Esta modalidad aplicar\u00e1 a las personas quejosas, apoderadas, procuradoras, defensoras, representantes y personas autorizadas para o\u00edr y recibir notificaciones que no hayan se\u00f1alado expresamente otra forma de notificaci\u00f3n o cuando la ley as\u00ed lo disponga para actos no trascendentales que no requieran notificaci\u00f3n personal.<\/p>\n<p>&nbsp;<\/p>\n<p><strong>Art\u00edculo 221.- <\/strong>Momento en que surtir\u00e1n efectos.<\/p>\n<p><strong>\u2026II. <\/strong>Para las notificaciones realizadas por medio de Bolet\u00edn Judicial del Poder Judicial, surtir\u00e1n efectos el d\u00eda h\u00e1bil siguiente a la fecha de su publicaci\u00f3n en dicho medio; y[\/vc_column_text][\/vc_column_inner][\/vc_row_inner][vc_empty_space height=\u00bb45px\u00bb image_repeat=\u00bbno-repeat\u00bb][\/vc_column][\/vc_row][vc_row row_type=\u00bbrow\u00bb use_row_as_full_screen_section=\u00bbno\u00bb type=\u00bbfull_width\u00bb oblique_section=\u00bbno\u00bb text_align=\u00bbleft\u00bb Overflow=\u00bb\u00bb triangle_shape=\u00bbno\u00bb css_animation=\u00bb\u00bb overflow=\u00bb\u00bb][vc_column][vc_empty_space image_repeat=\u00bbno-repeat\u00bb][\/vc_column][\/vc_row]<\/p>\n","protected":false},"excerpt":{"rendered":"<p>19189<\/p>\n","protected":false},"author":15,"featured_media":0,"parent":0,"menu_order":0,"comment_status":"closed","ping_status":"closed","template":"full_width.php","meta":{"footnotes":""},"class_list":["post-19189","page","type-page","status-publish","hentry"],"_links":{"self":[{"href":"https:\/\/www.poderjudicialcdmx.gob.mx\/anales\/wp-json\/wp\/v2\/pages\/19189"}],"collection":[{"href":"https:\/\/www.poderjudicialcdmx.gob.mx\/anales\/wp-json\/wp\/v2\/pages"}],"about":[{"href":"https:\/\/www.poderjudicialcdmx.gob.mx\/anales\/wp-json\/wp\/v2\/types\/page"}],"author":[{"embeddable":true,"href":"https:\/\/www.poderjudicialcdmx.gob.mx\/anales\/wp-json\/wp\/v2\/users\/15"}],"replies":[{"embeddable":true,"href":"https:\/\/www.poderjudicialcdmx.gob.mx\/anales\/wp-json\/wp\/v2\/comments?post=19189"}],"version-history":[{"count":5,"href":"https:\/\/www.poderjudicialcdmx.gob.mx\/anales\/wp-json\/wp\/v2\/pages\/19189\/revisions"}],"predecessor-version":[{"id":19299,"href":"https:\/\/www.poderjudicialcdmx.gob.mx\/anales\/wp-json\/wp\/v2\/pages\/19189\/revisions\/19299"}],"wp:attachment":[{"href":"https:\/\/www.poderjudicialcdmx.gob.mx\/anales\/wp-json\/wp\/v2\/media?parent=19189"}],"curies":[{"name":"wp","href":"https:\/\/api.w.org\/{rel}","templated":true}]}}