{"id":17646,"date":"2025-03-05T20:54:03","date_gmt":"2025-03-05T20:54:03","guid":{"rendered":"http:\/\/www.poderjudicialcdmx.gob.mx\/cja\/?page_id=17646"},"modified":"2025-03-05T20:54:03","modified_gmt":"2025-03-05T20:54:03","slug":"mediacion-penal-y-justicia-para-adolescentes2","status":"publish","type":"page","link":"https:\/\/www.poderjudicialcdmx.gob.mx\/cja\/mediacion-penal-y-justicia-para-adolescentes2\/","title":{"rendered":"FACILITACI\u00d3N PENAL Y JUSTICIA PARA ADOLESCENTES2"},"content":{"rendered":"<p>[vc_row row_type=&#8221;row&#8221; use_row_as_full_screen_section=&#8221;no&#8221; type=&#8221;grid&#8221; oblique_section=&#8221;no&#8221; text_align=&#8221;center&#8221; Overflow=&#8221;&#8221; triangle_shape=&#8221;no&#8221; background_image=&#8221;16970&#8243; css_animation=&#8221;&#8221; overflow=&#8221;&#8221; el_id=&#8221;imagen_cabeza&#8221;][vc_column][vc_empty_space height=&#8221;202px&#8221; image_repeat=&#8221;no-repeat&#8221;]<div class=\"custom_font_holder  \" style=\"font-family: LATO; font-size: 70px; line-height: 65px; font-style: normal; font-weight: 800; color: #ffffff; text-decoration: none; text-shadow: 1px 1px 2px rgba(0, 0, 0, 0.4);; text-transform: uppercase; text-align: center\" data-font-size=70 data-line-height=65 ><div  ><p>FACILITACI\u00d3N\u00a0PENAL Y DE JUSTICIA PARA ADOLESCENTES<\/p>\n<\/div><\/div>[vc_empty_space height=&#8221;102px&#8221; image_repeat=&#8221;no-repeat&#8221;][\/vc_column][\/vc_row][vc_row row_type=&#8221;row&#8221; use_row_as_full_screen_section=&#8221;no&#8221; type=&#8221;grid&#8221; oblique_section=&#8221;no&#8221; text_align=&#8221;center&#8221; Overflow=&#8221;&#8221; triangle_shape=&#8221;no&#8221; css_animation=&#8221;&#8221; overflow=&#8221;&#8221;][vc_column][vc_empty_space height=&#8221;50px&#8221; image_repeat=&#8221;no-repeat&#8221;]<a href=\"https:\/\/youtu.be\/p3CwXyRQ0ww\" target=\"_blank\" data-hover-background-color=#a5a5a5 data-hover-color=#ffffff  class=\"qbutton  large icon_right\" style=\"color: #ffffff; border-width: 0px; font-size: 15px; font-style: normal; font-weight: 800; border-radius: 3px;-moz-border-radius: 3px;-webkit-border-radius: 3px; background-color: #f78307;\">\u00bfQu\u00e9 es la Mediaci\u00f3n Penal?<\/a>[vc_empty_space height=&#8221;50px&#8221; image_repeat=&#8221;no-repeat&#8221;][\/vc_column][\/vc_row][vc_row row_type=&#8221;row&#8221; use_row_as_full_screen_section=&#8221;no&#8221; type=&#8221;full_width&#8221; oblique_section=&#8221;no&#8221; text_align=&#8221;left&#8221; Overflow=&#8221;&#8221; triangle_shape=&#8221;no&#8221; css_animation=&#8221;&#8221; overflow=&#8221;&#8221;][vc_column][vc_empty_space height=&#8221;12px&#8221; image_repeat=&#8221;no-repeat&#8221;][\/vc_column][\/vc_row][vc_row row_type=&#8221;parallax&#8221; type=&#8221;grid&#8221; text_align=&#8221;center&#8221; triangle_shape=&#8221;no&#8221; background_image=&#8221;12432&#8243; full_screen_section_height=&#8221;no&#8221; section_height=&#8221;100&#8243; zoom_effect=&#8221;no&#8221; el_id=&#8221;texto_area&#8221;][vc_column][vc_empty_space height=&#8221;50px&#8221; image_repeat=&#8221;no-repeat&#8221;]<div class=\"custom_font_holder  \" style=\"font-family: LATO; font-size: 18px; font-style: normal; font-weight: 500; color: #6d6d6d; text-decoration: none; text-transform: none; text-align: left\" data-font-size=18 ><div  ><p style=\"text-align: justify;font-size: 25px\">El \u00e1rea de Facilitaci\u00f3n Penal y de Justicia para Adolescentes de este Centro de Justicia Alternativa del Tribunal Superior de Justicia de la Ciudad de M\u00e9xico,\u00a0 opera como \u00d3rgano Especializado en Mecanismos Alternativos de Soluci\u00f3n de Controversias en Materia Penal y de Justicia para Adolescentes, es el encargado de tramitar los mecanismos alternativos (mediaci\u00f3n, conciliaci\u00f3n, junta restaurativa o procesos restaurativos, respectivamente).<\/p>\n<\/div><\/div>[vc_empty_space height=&#8221;42px&#8221; image_repeat=&#8221;no-repeat&#8221;][\/vc_column][\/vc_row][vc_row row_type=&#8221;parallax&#8221; type=&#8221;grid&#8221; text_align=&#8221;center&#8221; triangle_shape=&#8221;no&#8221; background_image=&#8221;12432&#8243; full_screen_section_height=&#8221;no&#8221; section_height=&#8221;100&#8243; zoom_effect=&#8221;no&#8221;][vc_column width=&#8221;1\/2&#8243;][vc_empty_space height=&#8221;15px&#8221; image_repeat=&#8221;no-repeat&#8221;]<div class=\"custom_font_holder  \" style=\"font-family: LATO; font-size: 20px; font-style: normal; font-weight: 400; color: #6d6d6d; text-decoration: none; text-transform: none; text-align: left\" data-font-size=20 ><div  ><p style=\"text-align: justify;font-size: 25px\">Se atienden asuntos derivados de los siguientes Sistemas:<\/p>\n<\/div><\/div>[vc_empty_space height=&#8221;52px&#8221; image_repeat=&#8221;no-repeat&#8221;][\/vc_column][vc_column width=&#8221;1\/2&#8243;]<div class=\"custom_font_holder  \" style=\"font-family: LATO; font-size: 18px; font-style: normal; font-weight: 500; color: #6d6d6d; text-decoration: none; text-transform: none; text-align: left\" data-font-size=18 ><div  ><ul>\n<li>Sistema Procesal Penal Acusatorio<\/li>\n<li>Sistema Integral de Justicia Penal para Adolescentes<\/li>\n<\/ul>\n<section id=\"texto_titulo\" class=\"parallax_section_holder parallax_grid_section \">\n<div class=\"parallax_content center parallax_section_inner\"><\/div>\n<\/section>\n<\/div><\/div>[vc_empty_space height=&#8221;52px&#8221; image_repeat=&#8221;no-repeat&#8221;][\/vc_column][\/vc_row][vc_row row_type=&#8221;row&#8221; use_row_as_full_screen_section=&#8221;no&#8221; type=&#8221;full_width&#8221; oblique_section=&#8221;no&#8221; text_align=&#8221;center&#8221; Overflow=&#8221;&#8221; triangle_shape=&#8221;no&#8221; background_image=&#8221;16299&#8243; css_animation=&#8221;&#8221; overflow=&#8221;&#8221; el_id=&#8221;texto_titulo&#8221;][vc_column][vc_empty_space image_repeat=&#8221;no-repeat&#8221;]<div class=\"custom_font_holder  \" style=\"font-family: LATO; font-size: 25px; font-style: normal; font-weight: 600; color: #7c7c7c; text-decoration: none; text-transform: none; text-align: center\" data-font-size=25 ><div  ><p style=\"text-align: center\">Sistema Procesal Penal Acusatorio<\/p>\n<\/div><\/div>[vc_empty_space image_repeat=&#8221;no-repeat&#8221;][\/vc_column][\/vc_row][vc_row row_type=&#8221;row&#8221; use_row_as_full_screen_section=&#8221;no&#8221; type=&#8221;grid&#8221; oblique_section=&#8221;no&#8221; text_align=&#8221;left&#8221; Overflow=&#8221;&#8221; triangle_shape=&#8221;no&#8221; css_animation=&#8221;&#8221; overflow=&#8221;&#8221;][vc_column][vc_empty_space height=&#8221;42px&#8221; image_repeat=&#8221;no-repeat&#8221;]<div class=\"custom_font_holder  \" style=\"font-family: LATO; font-size: 18px; font-style: normal; font-weight: 500; color: #6c6c6c; text-decoration: none; text-transform: none; text-align: left\" data-font-size=18 ><div  ><p>Un Mecanismo Alternativo de Soluci\u00f3n de Controversias en materia penal, es una v\u00eda para celebrar un acuerdo reparatorio o un plan de reparaci\u00f3n.<\/p>\n<\/div><\/div>[vc_empty_space height=&#8221;12px&#8221; image_repeat=&#8221;no-repeat&#8221;]<div class=\"custom_font_holder  \" style=\"font-family: LATO; font-size: 18px; font-style: normal; font-weight: 500; color: #6c6c6c; text-decoration: none; text-transform: none; text-align: left\" data-font-size=18 ><div  ><div class=\"wpb_text_column wpb_content_element &lt;\/p&gt; &lt;h5&gt;\">\n<div class=\"wpb_text_column wpb_content_element &lt;\/p&gt; &lt;h5&gt;\">\n<div class=\"wpb_wrapper\">\n<p><b>Un Acuerdo Reparatorio es un acuerdo de voluntades entre la v\u00edctima u ofendido y el imputado.<\/b><\/p>\n<p>&nbsp;<\/p>\n<\/div>\n<\/div>\n<\/div>\n<\/div><\/div>[vc_empty_space image_repeat=&#8221;no-repeat&#8221;]<div class=\"custom_font_holder  \" style=\"font-family: LATO; font-size: 18px; font-style: normal; font-weight: 500; color: #6c6c6c; text-decoration: none; text-transform: none; text-align: left\" data-font-size=18 ><div  ><div class=\"wpb_text_column wpb_content_element &lt;\/p&gt; &lt;h5&gt;\">\n<div class=\"wpb_text_column wpb_content_element &lt;\/p&gt; &lt;h5&gt;\">\n<div class=\"wpb_wrapper\">\n<p><b>Un Plan de Reparaci\u00f3n es un elemento que se considera para la aprobaci\u00f3n\u00a0de una\u00a0 suspensi\u00f3n condicional del proceso como soluci\u00f3n alterna.<\/b><\/p>\n<\/div>\n<\/div>\n<\/div>\n<\/div><\/div>[vc_empty_space image_repeat=&#8221;no-repeat&#8221;]<div class=\"custom_font_holder  \" style=\"font-family: LATO; font-size: 18px; font-style: normal; font-weight: 500; color: #6c6c6c; text-decoration: none; text-transform: none; text-align: left\" data-font-size=18 ><div  ><div class=\"wpb_text_column wpb_content_element &lt;\/p&gt; &lt;h5&gt;\">\n<div class=\"wpb_text_column wpb_content_element &lt;\/p&gt; &lt;h5&gt;\">\n<div class=\"wpb_wrapper\">\n<p><b>Un Acuerdo Reparatorio es procedente por delitos de querella o que admiten el perd\u00f3n de la v\u00edctima u ofendido, culposos o patrimoniales sin violencia sobre las personas. Queda exceptuado de este tipo de salida alterna el hecho delictuoso de violencia familiar.<\/b><\/p>\n<p>&nbsp;<\/p>\n<\/div>\n<\/div>\n<\/div>\n<\/div><\/div>[vc_empty_space image_repeat=&#8221;no-repeat&#8221;]<div class=\"custom_font_holder  \" style=\"font-family: LATO; font-size: 18px; font-style: normal; font-weight: 500; color: #6c6c6c; text-decoration: none; text-transform: none; text-align: left\" data-font-size=18 ><div  ><div class=\"wpb_text_column wpb_content_element &lt;\/p&gt; &lt;h5&gt;\">\n<div class=\"wpb_text_column wpb_content_element &lt;\/p&gt; &lt;h5&gt;\">\n<div class=\"wpb_wrapper\">\n<p><strong>Un Plan de Reparaci\u00f3n es procedente para la suspensi\u00f3n\u00a0condicional del proceso cuando la media aritm\u00e9tica de la pena del hecho delictivo no excede de 5 a\u00f1os y \u00e9ste Plan puede elaborarse con el apoyo de un Facilitador.<\/strong><\/p>\n<\/div>\n<\/div>\n<\/div>\n<\/div><\/div>[vc_empty_space image_repeat=&#8221;no-repeat&#8221;][\/vc_column][\/vc_row][vc_row row_type=&#8221;row&#8221; use_row_as_full_screen_section=&#8221;no&#8221; type=&#8221;grid&#8221; oblique_section=&#8221;no&#8221; text_align=&#8221;left&#8221; Overflow=&#8221;&#8221; triangle_shape=&#8221;no&#8221; css_animation=&#8221;&#8221; overflow=&#8221;&#8221; el_id=&#8221;infograma&#8221;][vc_column][vc_empty_space height=&#8221;52px&#8221; image_repeat=&#8221;no-repeat&#8221;][vc_single_image image=&#8221;18078&#8243; img_size=&#8221;large&#8221; alignment=&#8221;center&#8221; mkd_css_animation=&#8221;&#8221; set_shader=&#8221;no&#8221; set_popup=&#8221;no&#8221; animate_image_on_hover=&#8221;no&#8221;][vc_separator type=&#8221;transparent&#8221; up_style=&#8221;px&#8221; down_style=&#8221;px&#8221;][vc_empty_space image_repeat=&#8221;no-repeat&#8221;][\/vc_column][\/vc_row][vc_row row_type=&#8221;row&#8221; use_row_as_full_screen_section=&#8221;no&#8221; type=&#8221;full_width&#8221; oblique_section=&#8221;no&#8221; text_align=&#8221;center&#8221; Overflow=&#8221;&#8221; triangle_shape=&#8221;no&#8221; background_image=&#8221;16299&#8243; css_animation=&#8221;&#8221; overflow=&#8221;&#8221;][vc_column][vc_empty_space image_repeat=&#8221;no-repeat&#8221;]<div class=\"custom_font_holder  \" style=\"font-family: LATO; font-size: 25px; font-style: normal; font-weight: 600; color: #7c7c7c; text-decoration: none; text-transform: none; text-align: center\" data-font-size=25 ><div  ><p style=\"text-align: center\">Sistema Integral de Justicia Penal para Adolescentes<\/p>\n<\/div><\/div>[vc_empty_space image_repeat=&#8221;no-repeat&#8221;][\/vc_column][\/vc_row][vc_row row_type=&#8221;row&#8221; use_row_as_full_screen_section=&#8221;no&#8221; type=&#8221;grid&#8221; oblique_section=&#8221;no&#8221; text_align=&#8221;left&#8221; Overflow=&#8221;&#8221; triangle_shape=&#8221;no&#8221; css_animation=&#8221;&#8221; overflow=&#8221;&#8221; el_id=&#8221;texto_titulo3_descripcion&#8221;][vc_column][vc_empty_space height=&#8221;60px&#8221; image_repeat=&#8221;no-repeat&#8221;]<div class=\"custom_font_holder  \" style=\"font-family: LATO; font-size: 17px; font-style: normal; font-weight: 500; color: #6d6d6d; text-decoration: none; text-transform: none; text-align: left\" data-font-size=17 ><div  ><p style=\"text-align: justify\">Los Mecanismos Alternativos de Soluci\u00f3n de Controversias en materia de Justicia Penal para Adolescentes, pueden derivar en un Acuerdo Reparatorio o en un Plan de Reparaci\u00f3n y propuesta de condiciones por cumplir para una suspensi\u00f3n condicional del proceso.<\/p>\n<p>&nbsp;<\/p>\n<p>&nbsp;<\/p>\n<p style=\"text-align: justify\">Los mecanismos aplicables en materia de Justicia para Adolescentes son la mediaci\u00f3n y los procesos restaurativos (reuni\u00f3n de la v\u00edctima con la persona adolescente, junta restaurativa o c\u00edrculos).<\/p>\n<\/div><\/div>[\/vc_column][\/vc_row][vc_row row_type=&#8221;row&#8221; use_row_as_full_screen_section=&#8221;no&#8221; type=&#8221;grid&#8221; oblique_section=&#8221;no&#8221; text_align=&#8221;left&#8221; Overflow=&#8221;&#8221; triangle_shape=&#8221;no&#8221; css_animation=&#8221;&#8221; overflow=&#8221;&#8221;][vc_column][vc_empty_space height=&#8221;60px&#8221; image_repeat=&#8221;no-repeat&#8221;]<div class=\"custom_font_holder  \" style=\"font-family: LATO; font-size: 17px; font-style: normal; font-weight: 500; color: #6d6d6d; text-decoration: none; text-transform: none; text-align: left\" data-font-size=17 ><div  ><p style=\"text-align: justify\">El Acuerdo Reparatorio y el Plan de Reparaci\u00f3n, este \u00faltimo como elemento de la suspensi\u00f3n condicional del proceso, son procedentes por todas las conductas delictivas que no ameritan una medida de internamiento.<\/p>\n<\/div><\/div>[vc_empty_space height=&#8221;60px&#8221; image_repeat=&#8221;no-repeat&#8221;]<div class=\"custom_font_holder  \" style=\"font-family: LATO; font-size: 17px; font-style: normal; font-weight: 500; color: #6d6d6d; text-decoration: none; text-transform: none; text-align: left\" data-font-size=17 ><div  ><p style=\"text-align: justify\">En ejecuci\u00f3n de las medidas de sanci\u00f3n son procedentes los Procesos Restaurativos en donde la v\u00edctima u ofendido, la persona adolescente y en su caso la comunidad afectada participan activamente en este tipo de procedimiento para coadyuvar en su reintegraci\u00f3n a la comunidad.<\/p>\n<p>&nbsp;<\/p>\n<p>Los Procesos Restaurativos son procedentes para todos los hechos se\u00f1alados como delitos y podr\u00e1n ser aplicados a partir de que queda firme la sentencia que imponga una medida de sanci\u00f3n.<\/p>\n<\/div><\/div>[vc_empty_space height=&#8221;60px&#8221; image_repeat=&#8221;no-repeat&#8221;][\/vc_column][\/vc_row][vc_row row_type=&#8221;row&#8221; use_row_as_full_screen_section=&#8221;no&#8221; type=&#8221;grid&#8221; oblique_section=&#8221;no&#8221; text_align=&#8221;left&#8221; Overflow=&#8221;&#8221; triangle_shape=&#8221;no&#8221; css_animation=&#8221;&#8221; overflow=&#8221;&#8221; el_id=&#8221;infograma2&#8243;][vc_column][vc_single_image image=&#8221;18079&#8243; img_size=&#8221;large&#8221; alignment=&#8221;center&#8221; mkd_css_animation=&#8221;&#8221; set_shader=&#8221;no&#8221; set_popup=&#8221;no&#8221; animate_image_on_hover=&#8221;no&#8221;][vc_empty_space height=&#8221;60px&#8221; image_repeat=&#8221;no-repeat&#8221;][\/vc_column][\/vc_row][vc_row row_type=&#8221;row&#8221; use_row_as_full_screen_section=&#8221;no&#8221; type=&#8221;full_width&#8221; oblique_section=&#8221;no&#8221; text_align=&#8221;left&#8221; Overflow=&#8221;&#8221; triangle_shape=&#8221;no&#8221; css_animation=&#8221;&#8221; overflow=&#8221;&#8221;][vc_column width=&#8221;1\/2&#8243;][vc_empty_space height=&#8221;20px&#8221; image_repeat=&#8221;no-repeat&#8221;]<div class=\"custom_font_holder  \" style=\"font-family: LATO; font-size: 24px; font-style: normal; font-weight: 600; color: #6d6d6d; text-decoration: none; text-transform: uppercase; text-align: center\" data-font-size=24 ><div  ><p style=\"text-align: center\">\u00bfTienes alguna duda?<\/p>\n<\/div><\/div>[vc_empty_space height=&#8221;5px&#8221; image_repeat=&#8221;no-repeat&#8221;]<div class=\"custom_font_holder  \" style=\"font-family: LATO; font-size: 24px; font-style: normal; font-weight: 550; color: #6d6d6d; text-decoration: none; text-transform: uppercase; text-align: center\" data-font-size=24 ><div  ><p style=\"text-align: center\">Comun\u00edcate con nosotros:<\/p>\n<\/div><\/div>[vc_empty_space height=&#8221;30px&#8221; image_repeat=&#8221;no-repeat&#8221;][\/vc_column][vc_column width=&#8221;1\/2&#8243;][vc_empty_space height=&#8221;20px&#8221; image_repeat=&#8221;no-repeat&#8221;]<div class=\"custom_font_holder  \" style=\"font-family: LATO; font-size: 20px; font-style: normal; font-weight: 500; text-decoration: none; text-transform: none; text-align: left\" data-font-size=20 ><div  ><p>Tel. 55 9156 4997 \u00a0Ext. 111211, 111212 y 111210<\/p>\n<\/div><\/div>[vc_empty_space height=&#8221;5px&#8221; image_repeat=&#8221;no-repeat&#8221;]<div class=\"custom_font_holder  \" style=\"font-family: LATO; font-size: 20px; font-style: normal; font-weight: 500; text-decoration: none; text-transform: none; text-align: left\" data-font-size=20 ><div  ><p>Correo: mediacion.penal@tsjcdmx.gob.mx<\/p>\n<\/div><\/div>[\/vc_column][\/vc_row][vc_row row_type=&#8221;row&#8221; use_row_as_full_screen_section=&#8221;no&#8221; type=&#8221;full_width&#8221; oblique_section=&#8221;no&#8221; text_align=&#8221;left&#8221; Overflow=&#8221;&#8221; triangle_shape=&#8221;no&#8221; css_animation=&#8221;&#8221; overflow=&#8221;&#8221;][vc_column][vc_empty_space image_repeat=&#8221;no-repeat&#8221;][vc_column_text]<\/p>\n<p style=\"text-align: right\">\u00daltima fecha de actualizaci\u00f3n: marzo 2025<\/p>\n<p>[\/vc_column_text][\/vc_column][\/vc_row][vc_row row_type=&#8221;row&#8221; use_row_as_full_screen_section=&#8221;no&#8221; type=&#8221;full_width&#8221; oblique_section=&#8221;no&#8221; text_align=&#8221;left&#8221; Overflow=&#8221;&#8221; triangle_shape=&#8221;no&#8221; css_animation=&#8221;&#8221;][vc_column][\/vc_column][\/vc_row][vc_row row_type=&#8221;row&#8221; use_row_as_full_screen_section=&#8221;no&#8221; type=&#8221;full_width&#8221; oblique_section=&#8221;no&#8221; text_align=&#8221;left&#8221; Overflow=&#8221;&#8221; triangle_shape=&#8221;no&#8221; css_animation=&#8221;&#8221;][vc_column][\/vc_column][\/vc_row]<\/p>\n","protected":false},"excerpt":{"rendered":"<p>[vc_row row_type=&#8221;row&#8221; use_row_as_full_screen_section=&#8221;no&#8221; type=&#8221;grid&#8221; oblique_section=&#8221;no&#8221; text_align=&#8221;center&#8221; Overflow=&#8221;&#8221; triangle_shape=&#8221;no&#8221; background_image=&#8221;16970&#8243; css_animation=&#8221;&#8221; overflow=&#8221;&#8221; el_id=&#8221;imagen_cabeza&#8221;][vc_column][vc_empty_space height=&#8221;202px&#8221; image_repeat=&#8221;no-repeat&#8221;][vc_empty_space height=&#8221;102px&#8221; image_repeat=&#8221;no-repeat&#8221;][\/vc_column][\/vc_row][vc_row row_type=&#8221;row&#8221; use_row_as_full_screen_section=&#8221;no&#8221; type=&#8221;grid&#8221; oblique_section=&#8221;no&#8221; text_align=&#8221;center&#8221; Overflow=&#8221;&#8221; triangle_shape=&#8221;no&#8221; css_animation=&#8221;&#8221; overflow=&#8221;&#8221;][vc_column][vc_empty_space height=&#8221;50px&#8221; image_repeat=&#8221;no-repeat&#8221;][vc_empty_space height=&#8221;50px&#8221; image_repeat=&#8221;no-repeat&#8221;][\/vc_column][\/vc_row][vc_row row_type=&#8221;row&#8221; use_row_as_full_screen_section=&#8221;no&#8221; type=&#8221;full_width&#8221; oblique_section=&#8221;no&#8221; text_align=&#8221;left&#8221; Overflow=&#8221;&#8221; triangle_shape=&#8221;no&#8221; css_animation=&#8221;&#8221; overflow=&#8221;&#8221;][vc_column][vc_empty_space height=&#8221;12px&#8221; image_repeat=&#8221;no-repeat&#8221;][\/vc_column][\/vc_row][vc_row row_type=&#8221;parallax&#8221; type=&#8221;grid&#8221; text_align=&#8221;center&#8221; triangle_shape=&#8221;no&#8221; background_image=&#8221;12432&#8243;&#8230;<\/p>\n","protected":false},"author":22,"featured_media":0,"parent":0,"menu_order":0,"comment_status":"closed","ping_status":"closed","template":"","meta":{"footnotes":""},"class_list":["post-17646","page","type-page","status-publish","hentry"],"_links":{"self":[{"href":"https:\/\/www.poderjudicialcdmx.gob.mx\/cja\/wp-json\/wp\/v2\/pages\/17646"}],"collection":[{"href":"https:\/\/www.poderjudicialcdmx.gob.mx\/cja\/wp-json\/wp\/v2\/pages"}],"about":[{"href":"https:\/\/www.poderjudicialcdmx.gob.mx\/cja\/wp-json\/wp\/v2\/types\/page"}],"author":[{"embeddable":true,"href":"https:\/\/www.poderjudicialcdmx.gob.mx\/cja\/wp-json\/wp\/v2\/users\/22"}],"replies":[{"embeddable":true,"href":"https:\/\/www.poderjudicialcdmx.gob.mx\/cja\/wp-json\/wp\/v2\/comments?post=17646"}],"version-history":[{"count":7,"href":"https:\/\/www.poderjudicialcdmx.gob.mx\/cja\/wp-json\/wp\/v2\/pages\/17646\/revisions"}],"predecessor-version":[{"id":19824,"href":"https:\/\/www.poderjudicialcdmx.gob.mx\/cja\/wp-json\/wp\/v2\/pages\/17646\/revisions\/19824"}],"wp:attachment":[{"href":"https:\/\/www.poderjudicialcdmx.gob.mx\/cja\/wp-json\/wp\/v2\/media?parent=17646"}],"curies":[{"name":"wp","href":"https:\/\/api.w.org\/{rel}","templated":true}]}}