{"id":17653,"date":"2025-03-05T20:58:26","date_gmt":"2025-03-05T20:58:26","guid":{"rendered":"http:\/\/www.poderjudicialcdmx.gob.mx\/cja\/?page_id=17797"},"modified":"2025-03-05T20:58:26","modified_gmt":"2025-03-05T20:58:26","slug":"mediacion-privada-2","status":"publish","type":"page","link":"https:\/\/www.poderjudicialcdmx.gob.mx\/cja\/mediacion-privada-2\/","title":{"rendered":"Mediaci\u00f3n Privada"},"content":{"rendered":"<p>[vc_row row_type=&#8221;row&#8221; use_row_as_full_screen_section=&#8221;no&#8221; type=&#8221;full_width&#8221; oblique_section=&#8221;no&#8221; text_align=&#8221;left&#8221; Overflow=&#8221;&#8221; triangle_shape=&#8221;no&#8221; background_image=&#8221;16322&#8243; css_animation=&#8221;&#8221; overflow=&#8221;&#8221;][vc_column][vc_empty_space height=&#8221;202px&#8221; image_repeat=&#8221;no-repeat&#8221;]<div class=\"custom_font_holder  \" style=\"font-family: LATO; font-size: 75px; font-style: normal; font-weight: 800; color: #ffffff; text-decoration: none; text-shadow: 1px 1px 2px rgba(0, 0, 0, 0.4);; letter-spacing: 1px;; text-transform: uppercase; text-align: center\" data-font-size=75 ><div  ><p style=\"text-align: center\">MEDIACI\u00d3N PRIVADA<\/p>\n<\/div><\/div>[vc_empty_space height=&#8221;102px&#8221; image_repeat=&#8221;no-repeat&#8221;][\/vc_column][\/vc_row][vc_row row_type=&#8221;row&#8221; use_row_as_full_screen_section=&#8221;no&#8221; type=&#8221;full_width&#8221; oblique_section=&#8221;no&#8221; text_align=&#8221;center&#8221; Overflow=&#8221;&#8221; triangle_shape=&#8221;no&#8221; css_animation=&#8221;&#8221; overflow=&#8221;&#8221;][vc_column][vc_empty_space height=&#8221;50px&#8221; image_repeat=&#8221;no-repeat&#8221;]<a href=\"https:\/\/youtu.be\/cFK7Lrt_lfc\" target=\"_blank\" data-hover-background-color=#a5a5a5 data-hover-color=#ffffff  class=\"qbutton  large icon_right\" style=\"color: #ffffff; border-width: 0px; font-size: 15px; font-style: normal; font-weight: 800; border-radius: 3px;-moz-border-radius: 3px;-webkit-border-radius: 3px; background-color: #9d10ef;\">\u00bfQu\u00e9 es la Mediaci\u00f3n Privada?<\/a>[vc_empty_space height=&#8221;50px&#8221; image_repeat=&#8221;no-repeat&#8221;][\/vc_column][\/vc_row][vc_row row_type=&#8221;row&#8221; use_row_as_full_screen_section=&#8221;no&#8221; type=&#8221;full_width&#8221; oblique_section=&#8221;no&#8221; text_align=&#8221;left&#8221; Overflow=&#8221;&#8221; triangle_shape=&#8221;no&#8221; css_animation=&#8221;&#8221; overflow=&#8221;&#8221;][vc_column][vc_empty_space height=&#8221;42px&#8221; image_repeat=&#8221;no-repeat&#8221;][\/vc_column][\/vc_row][vc_row row_type=&#8221;row&#8221; use_row_as_full_screen_section=&#8221;no&#8221; type=&#8221;grid&#8221; oblique_section=&#8221;no&#8221; text_align=&#8221;left&#8221; Overflow=&#8221;&#8221; triangle_shape=&#8221;no&#8221; css_animation=&#8221;&#8221; overflow=&#8221;&#8221;][vc_column width=&#8221;1\/2&#8243;][vc_empty_space height=&#8221;30px&#8221; image_repeat=&#8221;no-repeat&#8221;]<div class=\"custom_font_holder  \" style=\"font-family: LATO; font-size: 27px; font-style: normal; font-weight: 550; color: #6d6d6d; text-decoration: none; text-transform: uppercase; text-align: left\" data-font-size=27 ><div  ><p style=\"text-align: right\">\u00bfQU\u00c9 ES LA MEDIACI\u00d3N PRIVADA?<\/p>\n<\/div><\/div>[vc_empty_space image_repeat=&#8221;no-repeat&#8221;]<div class=\"custom_font_holder  \" style=\"font-family: LATO; font-size: 18px; font-style: normal; font-weight: 500; color: #7c7c7c; text-decoration: none; text-transform: none; text-align: left\" data-font-size=18 ><div  ><p style=\"text-align: right\">La mediaci\u00f3n privada, al igual que la mediaci\u00f3n p\u00fablica, es un procedimiento voluntario mediante el cual las personas, con el apoyo de un Mediador Privado, pueden comunicarse y negociar, para encontrar de manera amigable y satisfactoria la soluci\u00f3n legal a su problema de car\u00e1cter Civil-Mercantil o Familiar.<\/p>\n<\/div><\/div>[vc_empty_space image_repeat=&#8221;no-repeat&#8221;][vc_single_image image=&#8221;16390&#8243; img_size=&#8221;220 X 220&#8243; alignment=&#8221;right&#8221; mkd_css_animation=&#8221;element_from_left&#8221; set_shader=&#8221;no&#8221; set_popup=&#8221;no&#8221; animate_image_on_hover=&#8221;no&#8221;][vc_empty_space image_repeat=&#8221;no-repeat&#8221;][\/vc_column][vc_column width=&#8221;1\/2&#8243;][vc_empty_space height=&#8221;20px&#8221; image_repeat=&#8221;no-repeat&#8221;][vc_single_image image=&#8221;16398&#8243; img_size=&#8221;200 x 200&#8243; mkd_css_animation=&#8221;element_from_right&#8221; set_shader=&#8221;no&#8221; set_popup=&#8221;no&#8221; animate_image_on_hover=&#8221;no&#8221;][vc_empty_space image_repeat=&#8221;no-repeat&#8221;]<div class=\"custom_font_holder  \" style=\"font-family: LATO; font-size: 27px; font-style: normal; font-weight: 550; color: #6d6d6d; text-decoration: none; text-transform: uppercase; text-align: right\" data-font-size=27 ><div  ><p style=\"text-align: left\">\u00bfQUI\u00c9N ES EL MEDIADOR PRIVADO?<\/p>\n<\/div><\/div>[vc_empty_space image_repeat=&#8221;no-repeat&#8221;]<div class=\"custom_font_holder  \" style=\"font-family: LATO; font-size: 18px; font-style: normal; font-weight: 500; color: #7c7c7c; text-decoration: none; text-transform: none; text-align: left\" data-font-size=18 ><div  ><p style=\"text-align: left\">El <strong>Mediador Privado <\/strong>es un profesional certificado en los campos Civil-Mercantil y Familiar, que se encuentra en constante actualizaci\u00f3n y bajo la regulaci\u00f3n del Centro de Justicia Alternativa del Tribunal Superior de Justicia de la Ciudad de M\u00e9xico.<\/p>\n<p style=\"text-align: left\"><span class=\"s1\">Es<\/span> imparcial, neutral y se encarga de facilitar la comunicaci\u00f3n entre los interesados para que puedan solucionar su problema.<\/p>\n<\/div><\/div>[vc_empty_space image_repeat=&#8221;no-repeat&#8221;][\/vc_column][\/vc_row][vc_row row_type=&#8221;row&#8221; use_row_as_full_screen_section=&#8221;no&#8221; type=&#8221;full_width&#8221; oblique_section=&#8221;no&#8221; text_align=&#8221;center&#8221; Overflow=&#8221;&#8221; triangle_shape=&#8221;no&#8221; background_image=&#8221;16299&#8243; css_animation=&#8221;&#8221; overflow=&#8221;&#8221;][vc_column][vc_empty_space image_repeat=&#8221;no-repeat&#8221; mkd_css_animation=&#8221;element_from_fade&#8221; set_shader=&#8221;no&#8221; set_popup=&#8221;no&#8221; animate_image_on_hover=&#8221;no&#8221;][vc_empty_space height=&#8221;6px&#8221; image_repeat=&#8221;no-repeat&#8221;]<div class=\"custom_font_holder  \" style=\"font-family: LATO; font-size: 25px; font-style: normal; font-weight: 550; color: #6d6d6d; text-decoration: none; text-transform: uppercase; text-align: right\" data-font-size=25 ><div  ><p style=\"text-align: center\">CONOCE A LOS MEDIADORES PRIVADOS<\/p>\n<\/div><\/div><div class=\"custom_font_holder  \" style=\"font-family: LATO; font-size: 25px; font-style: normal; font-weight: 700; color: #6d6d6d; text-decoration: none; text-transform: uppercase; text-align: right\" data-font-size=25 ><div  ><p style=\"text-align: center\">CERTIFICADOS POR EL TSJCDMX<\/p>\n<\/div><\/div>[vc_empty_space height=&#8221;42px&#8221; image_repeat=&#8221;no-repeat&#8221;]<a href=\"https:\/\/www.poderjudicialcdmx.gob.mx\/cja\/wp-content\/uploads\/LISTA_DE_PERSONAS_MEDIADORAS_PRIVADAS_CERTIFICADAS_03-SEP-24.pdf\" target=\"_blank\" data-hover-background-color=#056d00 data-hover-color=#ffffff  class=\"qbutton  small icon_right\" style=\"color: #ffffff; border-width: 0px; font-size: 18px; border-radius: 3px;-moz-border-radius: 3px;-webkit-border-radius: 3px; background-color: #014900;\">VER LISTADO<\/a>[vc_empty_space image_repeat=&#8221;no-repeat&#8221;][\/vc_column][\/vc_row][vc_row row_type=&#8221;row&#8221; use_row_as_full_screen_section=&#8221;no&#8221; type=&#8221;full_width&#8221; oblique_section=&#8221;no&#8221; text_align=&#8221;center&#8221; Overflow=&#8221;&#8221; triangle_shape=&#8221;no&#8221; css_animation=&#8221;&#8221; overflow=&#8221;&#8221;][vc_column][vc_empty_space height=&#8221;65px&#8221; image_repeat=&#8221;no-repeat&#8221;]<div class=\"custom_font_holder  \" style=\"font-family: LATO; font-size: 27px; font-style: normal; font-weight: 550; color: #6d6d6d; text-decoration: none; text-transform: uppercase; text-align: center\" data-font-size=27 ><div  ><p>\u00bfREQUISITOS PARA CURSAR DIPLOMADOS EN MEDIACI\u00d3N PRIVADA?<\/p>\n<\/div><\/div>[vc_empty_space height=&#8221;20px&#8221; image_repeat=&#8221;no-repeat&#8221;][vc_empty_space height=&#8221;20px&#8221; image_repeat=&#8221;no-repeat&#8221;][\/vc_column][\/vc_row][vc_row row_type=&#8221;row&#8221; use_row_as_full_screen_section=&#8221;no&#8221; type=&#8221;full_width&#8221; oblique_section=&#8221;no&#8221; text_align=&#8221;left&#8221; Overflow=&#8221;&#8221; triangle_shape=&#8221;no&#8221; css_animation=&#8221;&#8221; overflow=&#8221;&#8221;][vc_column][vc_empty_space image_repeat=&#8221;no-repeat&#8221;][\/vc_column][\/vc_row][vc_row row_type=&#8221;row&#8221; use_row_as_full_screen_section=&#8221;no&#8221; type=&#8221;grid&#8221; oblique_section=&#8221;no&#8221; text_align=&#8221;center&#8221; Overflow=&#8221;&#8221; triangle_shape=&#8221;no&#8221; css_animation=&#8221;&#8221; overflow=&#8221;&#8221;][vc_column]<div class=\"custom_font_holder  \" style=\"font-family: LATO; font-size: 19px; font-style: normal; font-weight: 500; text-decoration: none; text-transform: none; text-align: center\" data-font-size=19 ><div  ><p>Pago de la cuota de recuperaci\u00f3n correspondiente<\/p>\n<\/div><\/div><div class=\"custom_font_holder  \" style=\"font-family: LATO; font-size: 15px; font-style: italic; font-weight: 500; text-decoration: none; text-transform: none; text-align: center\" data-font-size=15 ><div  ><p><em>Previa confirmaci\u00f3n de cupo disponible por parte del CJA.<\/em><\/p>\n<\/div><\/div>[vc_empty_space image_repeat=&#8221;no-repeat&#8221;][\/vc_column][\/vc_row][vc_row row_type=&#8221;row&#8221; use_row_as_full_screen_section=&#8221;no&#8221; type=&#8221;grid&#8221; oblique_section=&#8221;no&#8221; text_align=&#8221;center&#8221; Overflow=&#8221;&#8221; triangle_shape=&#8221;no&#8221; css_animation=&#8221;&#8221; overflow=&#8221;&#8221;][vc_column width=&#8221;1\/3&#8243;]<div class=\"custom_font_holder  \" style=\"font-family: LATO; font-size: 20px; font-style: normal; font-weight: 500; color: #6d6d6d; text-decoration: none; text-transform: none; text-align: left\" data-font-size=20 ><div  ><p>Llenar en el CJA:<\/p>\n<\/div><\/div>[vc_empty_space height=&#8221;12px&#8221; image_repeat=&#8221;no-repeat&#8221;]<div class=\"custom_font_holder  \" style=\"font-family: LATO; font-size: 18px; font-style: normal; font-weight: 500; text-decoration: none; text-transform: none; text-align: left\" data-font-size=18 ><div  ><ul>\n<li>Ficha de inscripci\u00f3n<\/li>\n<li>Suscribir las cartas de declaraci\u00f3n unilateral de voluntad, declaraci\u00f3n pr\u00e1ctica profesional y protesta de decir verdad.<\/li>\n<\/ul>\n<\/div><\/div>[\/vc_column][vc_column width=&#8221;1\/3&#8243;]<div class=\"custom_font_holder  \" style=\"font-family: LATO; font-size: 20px; font-style: normal; font-weight: 500; color: #6d6d6d; text-decoration: none; text-transform: none; text-align: left\" data-font-size=20 ><div  ><p>Entregar copia simple de:<\/p>\n<\/div><\/div>[vc_empty_space height=&#8221;12px&#8221; image_repeat=&#8221;no-repeat&#8221;]<div class=\"custom_font_holder  \" style=\"font-family: LATO; font-size: 18px; font-style: normal; font-weight: 500; text-decoration: none; text-transform: none; text-align: left\" data-font-size=18 ><div  ><ul>\n<li>T\u00edtulo<\/li>\n<li>C\u00e9dula<\/li>\n<li>Identificaci\u00f3n Oficial<\/li>\n<li>Acta de Nacimiento<\/li>\n<\/ul>\n<\/div><\/div>[\/vc_column][vc_column width=&#8221;1\/3&#8243;]<div class=\"custom_font_holder  \" style=\"font-family: LATO; font-size: 20px; font-style: normal; font-weight: 500; color: #6d6d6d; text-decoration: none; text-transform: none; text-align: left\" data-font-size=20 ><div  ><p>Entregar en original:<\/p>\n<\/div><\/div>[vc_empty_space height=&#8221;12px&#8221; image_repeat=&#8221;no-repeat&#8221;]<div class=\"custom_font_holder  \" style=\"font-family: LATO; font-size: 18px; font-style: normal; font-weight: 500; text-decoration: none; text-transform: none; text-align: left\" data-font-size=18 ><div  ><ul>\n<li>2 Cartas de Recomendaci\u00f3n<\/li>\n<li>Curr\u00edculum vitae<\/li>\n<li>2 fotograf\u00edas tama\u00f1o infantil a color<\/li>\n<li>Carta de exposici\u00f3n de motivos<\/li>\n<\/ul>\n<\/div><\/div>[\/vc_column][\/vc_row][vc_row row_type=&#8221;row&#8221; use_row_as_full_screen_section=&#8221;no&#8221; type=&#8221;full_width&#8221; oblique_section=&#8221;no&#8221; text_align=&#8221;left&#8221; Overflow=&#8221;&#8221; triangle_shape=&#8221;no&#8221; css_animation=&#8221;&#8221; overflow=&#8221;&#8221;][vc_column][vc_empty_space height=&#8221;52px&#8221; image_repeat=&#8221;no-repeat&#8221;][\/vc_column][\/vc_row][vc_row row_type=&#8221;row&#8221; use_row_as_full_screen_section=&#8221;no&#8221; type=&#8221;grid&#8221; oblique_section=&#8221;no&#8221; text_align=&#8221;left&#8221; Overflow=&#8221;&#8221; triangle_shape=&#8221;no&#8221; background_image=&#8221;16299&#8243; css_animation=&#8221;&#8221; overflow=&#8221;&#8221;][vc_column width=&#8221;1\/2&#8243;][vc_empty_space height=&#8221;25px&#8221; image_repeat=&#8221;no-repeat&#8221;]<div class=\"custom_font_holder  \" style=\"font-family: LATO; font-size: 24px; font-style: normal; font-weight: 600; color: #6d6d6d; text-decoration: none; text-transform: uppercase; text-align: center\" data-font-size=24 ><div  ><p style=\"text-align: center\">\u00bfTienes alguna duda?<\/p>\n<\/div><\/div>[vc_empty_space height=&#8221;5px&#8221; image_repeat=&#8221;no-repeat&#8221;]<div class=\"custom_font_holder  \" style=\"font-family: LATO; font-size: 24px; font-style: normal; font-weight: 550; color: #6d6d6d; text-decoration: none; text-transform: uppercase; text-align: center\" data-font-size=24 ><div  ><p style=\"text-align: center\">Comun\u00edcate con nosotros:<\/p>\n<\/div><\/div>[vc_empty_space height=&#8221;30px&#8221; image_repeat=&#8221;no-repeat&#8221;][\/vc_column][vc_column width=&#8221;1\/2&#8243;][vc_empty_space height=&#8221;25px&#8221; image_repeat=&#8221;no-repeat&#8221;]<div class=\"custom_font_holder  \" style=\"font-family: LATO; font-size: 20px; font-style: normal; font-weight: 500; text-decoration: none; text-transform: none; text-align: left\" data-font-size=20 ><div  ><p>Tel. 55 9156 4997 Ext. 111207<\/p>\n<\/div><\/div>[vc_empty_space height=&#8221;5px&#8221; image_repeat=&#8221;no-repeat&#8221;]<div class=\"custom_font_holder  \" style=\"font-family: LATO; font-size: 20px; font-style: normal; font-weight: 500; text-decoration: none; text-transform: none; text-align: left\" data-font-size=20 ><div  ><p>Correo: centrodejusticia.alternativa@tsjcdmx.gob.mx<\/p>\n<\/div><\/div>[\/vc_column][\/vc_row][vc_row row_type=&#8221;row&#8221; use_row_as_full_screen_section=&#8221;no&#8221; type=&#8221;full_width&#8221; oblique_section=&#8221;no&#8221; text_align=&#8221;left&#8221; Overflow=&#8221;&#8221; triangle_shape=&#8221;no&#8221; css_animation=&#8221;&#8221; overflow=&#8221;&#8221;][vc_column][vc_empty_space height=&#8221;20px&#8221; image_repeat=&#8221;no-repeat&#8221;][\/vc_column][\/vc_row][vc_row row_type=&#8221;row&#8221; use_row_as_full_screen_section=&#8221;no&#8221; type=&#8221;full_width&#8221; oblique_section=&#8221;no&#8221; text_align=&#8221;left&#8221; Overflow=&#8221;&#8221; triangle_shape=&#8221;no&#8221; css_animation=&#8221;&#8221; overflow=&#8221;&#8221;][vc_column][vc_column_text]<\/p>\n<p style=\"text-align: right\">\u00daltima fecha de actualizaci\u00f3n: marzo 2025.<\/p>\n<p>[\/vc_column_text][\/vc_column][\/vc_row][vc_row row_type=&#8221;row&#8221; use_row_as_full_screen_section=&#8221;no&#8221; type=&#8221;full_width&#8221; oblique_section=&#8221;no&#8221; text_align=&#8221;left&#8221; Overflow=&#8221;&#8221; triangle_shape=&#8221;no&#8221; css_animation=&#8221;&#8221; overflow=&#8221;&#8221;][vc_column][vc_empty_space height=&#8221;20px&#8221; image_repeat=&#8221;no-repeat&#8221;][\/vc_column][\/vc_row]<\/p>\n","protected":false},"excerpt":{"rendered":"<p>[vc_row row_type=&#8221;row&#8221; use_row_as_full_screen_section=&#8221;no&#8221; type=&#8221;full_width&#8221; oblique_section=&#8221;no&#8221; text_align=&#8221;left&#8221; Overflow=&#8221;&#8221; triangle_shape=&#8221;no&#8221; background_image=&#8221;16322&#8243; css_animation=&#8221;&#8221; overflow=&#8221;&#8221;][vc_column][vc_empty_space height=&#8221;202px&#8221; image_repeat=&#8221;no-repeat&#8221;][vc_empty_space height=&#8221;102px&#8221; image_repeat=&#8221;no-repeat&#8221;][\/vc_column][\/vc_row][vc_row row_type=&#8221;row&#8221; use_row_as_full_screen_section=&#8221;no&#8221; type=&#8221;full_width&#8221; oblique_section=&#8221;no&#8221; text_align=&#8221;center&#8221; Overflow=&#8221;&#8221; triangle_shape=&#8221;no&#8221; css_animation=&#8221;&#8221; overflow=&#8221;&#8221;][vc_column][vc_empty_space height=&#8221;50px&#8221; image_repeat=&#8221;no-repeat&#8221;][vc_empty_space height=&#8221;50px&#8221; image_repeat=&#8221;no-repeat&#8221;][\/vc_column][\/vc_row][vc_row row_type=&#8221;row&#8221; use_row_as_full_screen_section=&#8221;no&#8221; type=&#8221;full_width&#8221; oblique_section=&#8221;no&#8221; text_align=&#8221;left&#8221; Overflow=&#8221;&#8221; triangle_shape=&#8221;no&#8221; css_animation=&#8221;&#8221; overflow=&#8221;&#8221;][vc_column][vc_empty_space height=&#8221;42px&#8221; image_repeat=&#8221;no-repeat&#8221;][\/vc_column][\/vc_row][vc_row row_type=&#8221;row&#8221; use_row_as_full_screen_section=&#8221;no&#8221; type=&#8221;grid&#8221; oblique_section=&#8221;no&#8221; text_align=&#8221;left&#8221; Overflow=&#8221;&#8221;&#8230;<\/p>\n","protected":false},"author":22,"featured_media":0,"parent":0,"menu_order":0,"comment_status":"closed","ping_status":"closed","template":"","meta":{"footnotes":""},"class_list":["post-17653","page","type-page","status-publish","hentry"],"_links":{"self":[{"href":"https:\/\/www.poderjudicialcdmx.gob.mx\/cja\/wp-json\/wp\/v2\/pages\/17653"}],"collection":[{"href":"https:\/\/www.poderjudicialcdmx.gob.mx\/cja\/wp-json\/wp\/v2\/pages"}],"about":[{"href":"https:\/\/www.poderjudicialcdmx.gob.mx\/cja\/wp-json\/wp\/v2\/types\/page"}],"author":[{"embeddable":true,"href":"https:\/\/www.poderjudicialcdmx.gob.mx\/cja\/wp-json\/wp\/v2\/users\/22"}],"replies":[{"embeddable":true,"href":"https:\/\/www.poderjudicialcdmx.gob.mx\/cja\/wp-json\/wp\/v2\/comments?post=17653"}],"version-history":[{"count":16,"href":"https:\/\/www.poderjudicialcdmx.gob.mx\/cja\/wp-json\/wp\/v2\/pages\/17653\/revisions"}],"predecessor-version":[{"id":19827,"href":"https:\/\/www.poderjudicialcdmx.gob.mx\/cja\/wp-json\/wp\/v2\/pages\/17653\/revisions\/19827"}],"wp:attachment":[{"href":"https:\/\/www.poderjudicialcdmx.gob.mx\/cja\/wp-json\/wp\/v2\/media?parent=17653"}],"curies":[{"name":"wp","href":"https:\/\/api.w.org\/{rel}","templated":true}]}}