{"id":19772,"date":"2024-09-12T19:21:22","date_gmt":"2024-09-12T19:21:22","guid":{"rendered":"https:\/\/www.poderjudicialcdmx.gob.mx\/cja\/?page_id=19772"},"modified":"2025-05-05T19:50:01","modified_gmt":"2025-05-05T19:50:01","slug":"mediacion-familiar","status":"publish","type":"page","link":"https:\/\/www.poderjudicialcdmx.gob.mx\/cja\/mediacion-familiar\/","title":{"rendered":"Mediaci\u00f3n Familiar"},"content":{"rendered":"<p>[vc_row row_type=&#8221;row&#8221; use_row_as_full_screen_section=&#8221;no&#8221; type=&#8221;full_width&#8221; oblique_section=&#8221;no&#8221; text_align=&#8221;center&#8221; Overflow=&#8221;&#8221; triangle_shape=&#8221;no&#8221; css_animation=&#8221;&#8221; overflow=&#8221;&#8221;][vc_column][vc_empty_space height=&#8221;250px&#8221; background_image=&#8221;19862&#8243; image_repeat=&#8221;no-repeat&#8221;][\/vc_column][\/vc_row][vc_row row_type=&#8221;row&#8221; use_row_as_full_screen_section=&#8221;no&#8221; type=&#8221;grid&#8221; oblique_section=&#8221;no&#8221; text_align=&#8221;left&#8221; Overflow=&#8221;&#8221; triangle_shape=&#8221;no&#8221; css_animation=&#8221;element_from_left&#8221; overflow=&#8221;&#8221;][vc_column][vc_empty_space height=&#8221;45px&#8221; image_repeat=&#8221;no-repeat&#8221;]<div class=\"custom_font_holder  \" style=\"font-family: lato; font-size: 35px; line-height: 35px; font-style: normal; font-weight: 700; color: #86a315; text-decoration: none; text-transform: none; text-align: center\" data-font-size=35 data-line-height=35 ><div  ><h1 style=\"text-align: center;\"><span style=\"color: #86a315;\">Facilitaci\u00f3n Familiar<\/span><\/h1>\n<\/div><\/div>[vc_empty_space height=&#8221;30px&#8221; image_repeat=&#8221;no-repeat&#8221;][\/vc_column][\/vc_row][vc_row row_type=&#8221;row&#8221; use_row_as_full_screen_section=&#8221;no&#8221; type=&#8221;grid&#8221; oblique_section=&#8221;no&#8221; text_align=&#8221;left&#8221; Overflow=&#8221;&#8221; triangle_shape=&#8221;no&#8221; css_animation=&#8221;&#8221; overflow=&#8221;&#8221;][vc_column][vc_empty_space image_repeat=&#8221;no-repeat&#8221;]<div class=\"custom_font_holder  \" style=\"font-family: lato; font-size: 23px; font-style: normal; font-weight: 700; color: #6d6d6d; text-decoration: none; text-transform: none; text-align: left\" data-font-size=23 ><div  ><p style=\"text-align: left;\"><span style=\"color: #6d6d6d;\">\u00bfQU\u00c9 ES LA FACILITACI\u00d3N FAMILIAR<\/span><\/p>\n<\/div><\/div>[vc_empty_space height=&#8221;10px&#8221; image_repeat=&#8221;no-repeat&#8221;]<div class=\"custom_font_holder  \" style=\"font-family: lato; font-size: 19px; line-height: 21px; font-style: normal; font-weight: 400; text-decoration: none; text-transform: none; text-align: left\" data-font-size=19 data-line-height=21 ><div  ><p class=\"p1\">Es un procedimiento voluntario, pac\u00edfico y confidencial, mediante el cual las personas pueden dialogar y negociar, con la finalidad de encontrar de manera satisfactoria y amigable, la soluci\u00f3n legal a su problema.<\/p>\n<\/div><\/div>[vc_empty_space height=&#8221;70px&#8221; image_repeat=&#8221;no-repeat&#8221;]<div class=\"custom_font_holder  \" style=\"font-family: lato; font-size: 23px; line-height: 30px; font-style: normal; font-weight: 700; color: #6d6d6d; text-decoration: none; text-transform: none; text-align: left\" data-font-size=23 data-line-height=30 ><div  ><p class=\"p1\">\u00bfQUI\u00c9NES PARTICIPAN EN LA FACILITACI\u00d3N FAMILIAR?<\/p>\n<\/div><\/div>[vc_empty_space height=&#8221;10px&#8221; image_repeat=&#8221;no-repeat&#8221;]<div class=\"custom_font_holder  \" style=\"font-family: lato; font-size: 19px; line-height: 21px; font-style: normal; font-weight: 400; text-decoration: none; text-transform: none; text-align: left\" data-font-size=19 data-line-height=21 ><div  ><p class=\"p2\">S\u00f3lo las personas directamente involucradas acompa\u00f1adas de una persona facilitadora p\u00fablica certificada, quien se ocupa de facilitar la comunicaci\u00f3n, para que las partes propongan y construyan ellos mismos las soluciones que consideren mutuamente ben\u00e9ficas.<\/p>\n<\/div><\/div>[vc_empty_space height=&#8221;70px&#8221; image_repeat=&#8221;no-repeat&#8221;]<div class=\"custom_font_holder  \" style=\"font-family: lato; font-size: 23px; line-height: 30px; font-style: normal; font-weight: 700; color: #6d6d6d; text-decoration: none; text-transform: none; text-align: left\" data-font-size=23 data-line-height=30 ><div  ><p class=\"p1\">\u00bfCU\u00c1LES SON LOS BENEFICIOS DE LA FACILITACI\u00d3N FAMILIAR?<\/p>\n<\/div><\/div>[vc_empty_space height=&#8221;10px&#8221; image_repeat=&#8221;no-repeat&#8221;]<div class=\"custom_font_holder  \" style=\"font-family: lato; font-size: 19px; line-height: 25px; font-style: normal; font-weight: 400; text-decoration: none; text-transform: none; text-align: left\" data-font-size=19 data-line-height=25 ><div  ><ul>\n<li class=\"p2\">Recibir un trato amable y respetuoso.<\/li>\n<li class=\"p2\">Solucionar tu conflicto de forma equitativa y justa para las personas involucradas.<\/li>\n<li class=\"p2\">Encontrar una forma diferente de resolver tus problemas a trav\u00e9s del di\u00e1logo.<\/li>\n<li class=\"p2\">Evitar futuros conflictos.<\/li>\n<li class=\"p2\">Es un servicio gratuito.<\/li>\n<li class=\"p2\">Evitar realizar un juicio donde pierdas dinero, tiempo, prestigio y tengas un desgaste emocional.<\/li>\n<li class=\"p2\">Obt\u00e9n un documento escrito, con la seguridad jur\u00eddica de una sentencia emitida por un juez, pero construido por las propias personas involucradas.<\/li>\n<\/ul>\n<\/div><\/div>[vc_empty_space height=&#8221;70px&#8221; image_repeat=&#8221;no-repeat&#8221;][\/vc_column][\/vc_row][vc_row row_type=&#8221;row&#8221; use_row_as_full_screen_section=&#8221;no&#8221; type=&#8221;full_width&#8221; oblique_section=&#8221;no&#8221; text_align=&#8221;left&#8221; Overflow=&#8221;&#8221; triangle_shape=&#8221;no&#8221; css_animation=&#8221;&#8221; overflow=&#8221;&#8221;][vc_column][vc_separator type=&#8221;normal&#8221; color=&#8221;#3e0752&#8243; thickness=&#8221;1&#8243; up=&#8221;25px&#8221; up_style=&#8221;px&#8221; down_style=&#8221;px&#8221;][vc_empty_space height=&#8221;40px&#8221; image_repeat=&#8221;no-repeat&#8221;][\/vc_column][\/vc_row][vc_row row_type=&#8221;row&#8221; use_row_as_full_screen_section=&#8221;no&#8221; type=&#8221;grid&#8221; oblique_section=&#8221;no&#8221; text_align=&#8221;left&#8221; Overflow=&#8221;&#8221; triangle_shape=&#8221;no&#8221; css_animation=&#8221;&#8221; overflow=&#8221;&#8221;][vc_column]<div class=\"custom_font_holder  \" style=\"font-family: lato; font-size: 23px; line-height: 30px; font-style: normal; font-weight: 700; color: #6d6d6d; text-decoration: none; text-transform: none; text-align: left\" data-font-size=23 data-line-height=30 ><div  ><p class=\"p1\">\u00bfQU\u00c9 ASUNTOS SE PUEDEN RESOLVER CON LA FACILITACI\u00d3N FAMILIAR?<\/p>\n<\/div><\/div>[\/vc_column][\/vc_row][vc_row row_type=&#8221;row&#8221; use_row_as_full_screen_section=&#8221;no&#8221; type=&#8221;grid&#8221; oblique_section=&#8221;no&#8221; text_align=&#8221;left&#8221; Overflow=&#8221;&#8221; triangle_shape=&#8221;no&#8221; css_animation=&#8221;&#8221; overflow=&#8221;&#8221;][vc_column width=&#8221;3\/6&#8243; css=&#8221;.vc_custom_1720206845843{padding-right: 15px !important;}&#8221;][vc_empty_space height=&#8221;50px&#8221; image_repeat=&#8221;no-repeat&#8221;]<div class=\"custom_font_holder  \" style=\"font-family: lato; font-size: 19px; line-height: 23px; font-style: normal; font-weight: 400; text-decoration: none; text-transform: none; text-align: left\" data-font-size=19 data-line-height=23 ><div  ><p class=\"p1\" style=\"text-align: justify;\">En materia <strong>familiar<\/strong>, las controversias que deriven de las relaciones entre las personas que se encuentren unidas en matrimonio, concubinato, sociedad de convivencia o, aun cuando no se encuentren en dichos supuestos, tengan hijos en com\u00fan; entre personas unidas por alg\u00fan lazo de parentesco por consanguinidad, por afinidad o civil; las que surjan de esas relaciones con terceros, as\u00ed como por sucesiones testamentarias e intestamentarias.<\/p>\n<\/div><\/div>[vc_separator type=&#8221;transparent&#8221; up_style=&#8221;px&#8221; down_style=&#8221;px&#8221;][\/vc_column][vc_column width=&#8221;1\/6&#8243; css=&#8221;.vc_custom_1720207163424{padding-left: 15px !important;}&#8221;][\/vc_column][vc_column width=&#8221;2\/6&#8243;][vc_empty_space height=&#8221;30px&#8221; image_repeat=&#8221;no-repeat&#8221;][vc_gallery interval=&#8221;3&#8243; images=&#8221;19784,19788,19785,19790,19787,19789,19786&#8243; img_size=&#8221;500&#215;300&#8243; css_animation=&#8221;bounceIn&#8221; arrows_color=&#8221;#6f9906&#8243;][\/vc_column][\/vc_row][vc_row row_type=&#8221;row&#8221; use_row_as_full_screen_section=&#8221;no&#8221; type=&#8221;grid&#8221; oblique_section=&#8221;no&#8221; text_align=&#8221;center&#8221; Overflow=&#8221;&#8221; triangle_shape=&#8221;no&#8221; css_animation=&#8221;&#8221; overflow=&#8221;&#8221;][vc_column width=&#8221;1\/4&#8243;][vc_empty_space height=&#8221;50px&#8221; image_repeat=&#8221;no-repeat&#8221;]<div class=\"custom_font_holder  \" style=\"font-family: lato; font-size: 19px; line-height: 21px; font-style: normal; font-weight: 800; color: #86a315; text-decoration: none; text-transform: none; text-align: right\" data-font-size=19 data-line-height=21 ><div  ><p class=\"p2\">CONVENIO REGULADOR DEL DIVORCIO O SEPARACI\u00d3N:<\/p>\n<\/div><\/div>[\/vc_column][vc_column width=&#8221;3\/4&#8243;][vc_empty_space height=&#8221;50px&#8221; image_repeat=&#8221;no-repeat&#8221;]<div class=\"custom_font_holder  \" style=\"font-family: lato; font-size: 19px; line-height: 21px; font-style: normal; font-weight: 400; text-decoration: none; text-transform: none; text-align: left\" data-font-size=19 data-line-height=21 ><div  ><p class=\"p2\">Es un acuerdo vinculante para los c\u00f3nyuges por el cual determinan poner fin a la relaci\u00f3n matrimonial y sus efectos.<\/p>\n<\/div><\/div>[\/vc_column][\/vc_row][vc_row row_type=&#8221;row&#8221; use_row_as_full_screen_section=&#8221;no&#8221; type=&#8221;grid&#8221; oblique_section=&#8221;no&#8221; text_align=&#8221;left&#8221; Overflow=&#8221;&#8221; triangle_shape=&#8221;no&#8221; css_animation=&#8221;&#8221; overflow=&#8221;&#8221;][vc_column width=&#8221;1\/4&#8243;][vc_empty_space height=&#8221;30px&#8221; image_repeat=&#8221;no-repeat&#8221;]<div class=\"custom_font_holder  \" style=\"font-family: lato; font-size: 19px; line-height: 21px; font-style: normal; font-weight: 800; color: #86a315; text-decoration: none; text-transform: none; text-align: right\" data-font-size=19 data-line-height=21 ><div  ><p class=\"p2\">PENSI\u00d3N ALIMENTICIA:<\/p>\n<\/div><\/div>[\/vc_column][vc_column width=&#8221;3\/4&#8243;][vc_empty_space height=&#8221;30px&#8221; image_repeat=&#8221;no-repeat&#8221;]<div class=\"custom_font_holder  \" style=\"font-family: lato; font-size: 19px; line-height: 21px; font-style: normal; font-weight: 400; text-decoration: none; text-transform: none; text-align: left\" data-font-size=19 data-line-height=21 ><div  ><p class=\"p2\">Es el monto que el deudor alimentario tiene la obligaci\u00f3n de pagar al acreedor alimentario por concepto de alimentos.<\/p>\n<\/div><\/div>[\/vc_column][\/vc_row][vc_row row_type=&#8221;row&#8221; use_row_as_full_screen_section=&#8221;no&#8221; type=&#8221;grid&#8221; oblique_section=&#8221;no&#8221; text_align=&#8221;left&#8221; Overflow=&#8221;&#8221; triangle_shape=&#8221;no&#8221; css_animation=&#8221;&#8221; overflow=&#8221;&#8221;][vc_column width=&#8221;1\/4&#8243;][vc_empty_space height=&#8221;30px&#8221; image_repeat=&#8221;no-repeat&#8221;]<div class=\"custom_font_holder  \" style=\"font-family: lato; font-size: 19px; line-height: 21px; font-style: normal; font-weight: 800; color: #86a315; text-decoration: none; text-transform: none; text-align: right\" data-font-size=19 data-line-height=21 ><div  ><p class=\"p2\">GUARDA Y CUSTODIA:<\/p>\n<\/div><\/div>[\/vc_column][vc_column width=&#8221;3\/4&#8243;][vc_empty_space height=&#8221;30px&#8221; image_repeat=&#8221;no-repeat&#8221;]<div class=\"custom_font_holder  \" style=\"font-family: lato; font-size: 19px; line-height: 21px; font-style: normal; font-weight: 400; text-decoration: none; text-transform: none; text-align: left\" data-font-size=19 data-line-height=21 ><div  ><p class=\"p2\">Son los derechos y obligaciones que tienen los padres en relaci\u00f3n con los hijos menores ni\u00f1os, ni\u00f1as o adolescentes o con alguna incapacidad que no les deje valerse por s\u00ed mismos, puede ser adjudicada tanto al padre como a la madre.<\/p>\n<\/div><\/div>[\/vc_column][\/vc_row][vc_row row_type=&#8221;row&#8221; use_row_as_full_screen_section=&#8221;no&#8221; type=&#8221;grid&#8221; oblique_section=&#8221;no&#8221; text_align=&#8221;left&#8221; Overflow=&#8221;&#8221; triangle_shape=&#8221;no&#8221; css_animation=&#8221;&#8221; overflow=&#8221;&#8221;][vc_column width=&#8221;1\/4&#8243;][vc_empty_space height=&#8221;30px&#8221; image_repeat=&#8221;no-repeat&#8221;]<div class=\"custom_font_holder  \" style=\"font-family: lato; font-size: 19px; line-height: 21px; font-style: normal; font-weight: 800; color: #86a315; text-decoration: none; text-transform: none; text-align: right\" data-font-size=19 data-line-height=21 ><div  ><p class=\"p2\">VISITAS Y CONVIVENCIA:<\/p>\n<\/div><\/div>[\/vc_column][vc_column width=&#8221;3\/4&#8243;][vc_empty_space height=&#8221;30px&#8221; image_repeat=&#8221;no-repeat&#8221;]<div class=\"custom_font_holder  \" style=\"font-family: lato; font-size: 19px; line-height: 21px; font-style: normal; font-weight: 400; text-decoration: none; text-transform: none; text-align: left\" data-font-size=19 data-line-height=21 ><div  ><p class=\"p2\">Son los derechos y obligaciones que tienen los padres en relaci\u00f3n con los hijos, se refiere a cualquier forma de comunicaci\u00f3n humana que tiende a estrechar los lazos familiares<\/p>\n<\/div><\/div>[\/vc_column][\/vc_row][vc_row row_type=&#8221;row&#8221; use_row_as_full_screen_section=&#8221;no&#8221; type=&#8221;grid&#8221; oblique_section=&#8221;no&#8221; text_align=&#8221;left&#8221; Overflow=&#8221;&#8221; triangle_shape=&#8221;no&#8221; css_animation=&#8221;&#8221; overflow=&#8221;&#8221;][vc_column width=&#8221;1\/4&#8243;][vc_empty_space height=&#8221;30px&#8221; image_repeat=&#8221;no-repeat&#8221;]<div class=\"custom_font_holder  \" style=\"font-family: lato; font-size: 19px; line-height: 21px; font-style: normal; font-weight: 800; color: #86a315; text-decoration: none; text-transform: none; text-align: right\" data-font-size=19 data-line-height=21 ><div  ><p class=\"p2\">LIQUIDACI\u00d3N DE BIENES DE LA SOCIEDAD CONYUGAL:<\/p>\n<\/div><\/div>[\/vc_column][vc_column width=&#8221;3\/4&#8243;][vc_empty_space height=&#8221;30px&#8221; image_repeat=&#8221;no-repeat&#8221;]<div class=\"custom_font_holder  \" style=\"font-family: lato; font-size: 19px; line-height: 21px; font-style: normal; font-weight: 400; text-decoration: none; text-transform: none; text-align: left\" data-font-size=19 data-line-height=21 ><div  ><p class=\"p2\">Es la forma en la que se reparten los bienes una vez que ha concluido el matrimonio, o bien deciden cambiar de r\u00e9gimen matrimonial.<\/p>\n<\/div><\/div>[\/vc_column][\/vc_row][vc_row row_type=&#8221;row&#8221; use_row_as_full_screen_section=&#8221;no&#8221; type=&#8221;grid&#8221; oblique_section=&#8221;no&#8221; text_align=&#8221;left&#8221; Overflow=&#8221;&#8221; triangle_shape=&#8221;no&#8221; css_animation=&#8221;&#8221; overflow=&#8221;&#8221;][vc_column width=&#8221;1\/4&#8243;][vc_empty_space height=&#8221;30px&#8221; image_repeat=&#8221;no-repeat&#8221;]<div class=\"custom_font_holder  \" style=\"font-family: lato; font-size: 19px; line-height: 21px; font-style: normal; font-weight: 800; color: #86a315; text-decoration: none; text-transform: none; text-align: right\" data-font-size=19 data-line-height=21 ><div  ><p class=\"p2\">LIQUIDACI\u00d3N DE LA SOCIEDAD DE CONVIVENCIA:<\/p>\n<\/div><\/div>[\/vc_column][vc_column width=&#8221;3\/4&#8243;][vc_empty_space height=&#8221;30px&#8221; image_repeat=&#8221;no-repeat&#8221;]<div class=\"custom_font_holder  \" style=\"font-family: lato; font-size: 19px; line-height: 21px; font-style: normal; font-weight: 400; text-decoration: none; text-transform: none; text-align: left\" data-font-size=19 data-line-height=21 ><div  ><p class=\"p2\">Es la forma en la que se reparten los bienes (en su caso) una vez que ha concluido la Sociedad de Convivencia.<\/p>\n<\/div><\/div>[\/vc_column][\/vc_row][vc_row row_type=&#8221;row&#8221; use_row_as_full_screen_section=&#8221;no&#8221; type=&#8221;grid&#8221; oblique_section=&#8221;no&#8221; text_align=&#8221;left&#8221; Overflow=&#8221;&#8221; triangle_shape=&#8221;no&#8221; css_animation=&#8221;&#8221; overflow=&#8221;&#8221;][vc_column width=&#8221;1\/4&#8243;][vc_empty_space height=&#8221;30px&#8221; image_repeat=&#8221;no-repeat&#8221;]<div class=\"custom_font_holder  \" style=\"font-family: lato; font-size: 19px; line-height: 21px; font-style: normal; font-weight: 800; color: #86a315; text-decoration: none; text-transform: none; text-align: right\" data-font-size=19 data-line-height=21 ><div  ><p class=\"p2\">CUESTIONES PATRIMONIALES<\/p>\n<\/div><\/div>[\/vc_column][vc_column width=&#8221;3\/4&#8243;][vc_empty_space height=&#8221;30px&#8221; image_repeat=&#8221;no-repeat&#8221;]<div class=\"custom_font_holder  \" style=\"font-family: lato; font-size: 19px; line-height: 21px; font-style: normal; font-weight: 400; text-decoration: none; text-transform: none; text-align: left\" data-font-size=19 data-line-height=21 ><div  ><p class=\"p2\">derivadas del juicio sucesorio con declaratoria de herederos<\/p>\n<\/div><\/div>[\/vc_column][\/vc_row][vc_row row_type=&#8221;row&#8221; use_row_as_full_screen_section=&#8221;no&#8221; type=&#8221;full_width&#8221; oblique_section=&#8221;no&#8221; text_align=&#8221;left&#8221; Overflow=&#8221;&#8221; triangle_shape=&#8221;no&#8221; css_animation=&#8221;&#8221; overflow=&#8221;&#8221;][vc_column][vc_empty_space height=&#8221;70px&#8221; image_repeat=&#8221;no-repeat&#8221;][\/vc_column][\/vc_row][vc_row row_type=&#8221;row&#8221; use_row_as_full_screen_section=&#8221;no&#8221; type=&#8221;grid&#8221; oblique_section=&#8221;no&#8221; text_align=&#8221;center&#8221; Overflow=&#8221;&#8221; triangle_shape=&#8221;no&#8221; css_animation=&#8221;&#8221; overflow=&#8221;&#8221;][vc_column]<div class=\"custom_font_holder  \" style=\"font-family: lato; font-size: 23px; line-height: 30px; font-style: normal; font-weight: 700; color: #6d6d6d; text-decoration: none; text-transform: none; text-align: left\" data-font-size=23 data-line-height=30 ><div  ><p class=\"p1\" style=\"text-align: center;\">\u00bfC\u00d3MO FUNCIONA EL PROCEDIMIENTO DE FACILITACI\u00d3N FAMILIAR?<\/p>\n<\/div><\/div>[vc_empty_space height=&#8221;10px&#8221; image_repeat=&#8221;no-repeat&#8221;]<div class=\"custom_font_holder  \" style=\"font-family: Lato; font-size: 30px; line-height: 33px; font-style: normal; font-weight: 800; color: #3b5239; text-decoration: none; text-shadow: 1px 1px 2px rgba(0, 0, 0, 0.4);; text-transform: none; text-align: center\" data-font-size=30 data-line-height=33 ><div  ><div class=\"wpb_text_column wpb_content_element vc_custom_1726692476542\">\n<div class=\"wpb_wrapper\">\n<h4><strong>INICIO DEL PROCESO<\/strong><\/h4>\n<\/div>\n<\/div>\n<div class=\"vc_empty_space\"><\/div>\n<\/div><\/div>[vc_single_image image=&#8221;20127&#8243; img_size=&#8221;full&#8221; mkd_css_animation=&#8221;&#8221; set_shader=&#8221;no&#8221; set_popup=&#8221;no&#8221; animate_image_on_hover=&#8221;no&#8221;]<div class=\"custom_font_holder  \" style=\" font-size: 1px; line-height: 1px; font-style: normal; font-weight: 100; text-decoration: none; text-transform: none; text-align: center\" data-font-size=1 data-line-height=1 ><div  ><p>Acude con una\u00a0<strong>identificaci\u00f3n oficial<\/strong>\u00a0<strong>y copia<\/strong>\u00a0de la misma para que se te entregue una ficha. El Personal de la Unidad de Atenci\u00f3n al P\u00fablico te pedir\u00e1 tus datos, preguntar\u00e1 sobre tu conflicto y te explicar\u00e1 el proceso de mediaci\u00f3n, pasar\u00e1s a\u00a0<strong>Pre-mediaci\u00f3n<\/strong>, donde un Mediador experto valorar\u00e1 si tu asunto puede ser mediable, si tu asunto\u00a0<strong>no es mediable, <\/strong>te orientar\u00e1n sobre instituciones que pueden ayudarte con tu conflicto. Pero si tu asunto\u00a0<strong>es mediable\u00a0<\/strong>y deseas continuar con el proceso,\u00a0firmar\u00e1s un documento donde expresas tu\u00a0<strong>voluntad<\/strong>\u00a0de participar en el proceso de mediaci\u00f3n y se te proporcionar\u00e1 una\u00a0<strong>carta-invitaci\u00f3n<\/strong>\u00a0para que la entregues de manera personal a la persona con quien quieres dialogar, si\u00a0<strong>no existe respuesta<\/strong>\u00a0del invitado, se te proporcionar\u00e1 una segunda invitaci\u00f3n pero si nuevamente\u00a0<strong>no existe respuesta<\/strong>\u00a0del invitado, se dar\u00e1 cierre al registro. Por el contrario, si el invitado acepta se fijar\u00e1 el d\u00eda y la hora en que dar\u00e1 inicio el proceso de mediaci\u00f3n. Una vez llegado este punto, tendr\u00e1s las sesiones de Mediaci\u00f3n necesarias para\u00a0<strong>construir acuerdos<\/strong>\u00a0ben\u00e9ficos para ambos, en estas sesiones cada uno plantear\u00e1 su perspectiva del conflicto y propondr\u00e1 propuestas.<\/p>\n<p>Al concluir el proceso podr\u00e1n plasmar los acuerdos logrados mediante un<strong>\u00a0convenio<\/strong>.<\/p>\n<\/div><\/div>[\/vc_column][\/vc_row][vc_row row_type=&#8221;row&#8221; use_row_as_full_screen_section=&#8221;no&#8221; type=&#8221;grid&#8221; oblique_section=&#8221;no&#8221; text_align=&#8221;left&#8221; Overflow=&#8221;&#8221; triangle_shape=&#8221;no&#8221; background_image=&#8221;19359&#8243; css_animation=&#8221;&#8221; overflow=&#8221;&#8221;][vc_column][vc_empty_space height=&#8221;70px&#8221; image_repeat=&#8221;no-repeat&#8221;]<div class=\"custom_font_holder  \" style=\"font-family: lato; font-size: 45px; font-style: normal; font-weight: 800; color: #86a315; text-decoration: none; text-transform: none; text-align: left\" data-font-size=45 ><div  ><p class=\"p1\">\u00bfTienes alguna duda?<\/p>\n<\/div><\/div>[vc_empty_space height=&#8221;30px&#8221; image_repeat=&#8221;no-repeat&#8221;]<div class=\"custom_font_holder  \" style=\"font-family: lato; font-size: 25px; line-height: 30px; font-style: normal; font-weight: 800; color: #6d6d6d; text-decoration: none; text-transform: none; text-align: left\" data-font-size=25 data-line-height=30 ><div  ><p class=\"p1\">Cont\u00e1ctanos al 55 9156 4997<\/p>\n<p>Extensi\u00f3n 111223<\/p>\n<p>mediacion.familiar@tsjcdmx.gob.mx<\/p>\n<\/div><\/div>[vc_empty_space height=&#8221;150px&#8221; image_repeat=&#8221;no-repeat&#8221;][\/vc_column][\/vc_row]<\/p>\n","protected":false},"excerpt":{"rendered":"<p>[vc_row row_type=&#8221;row&#8221; use_row_as_full_screen_section=&#8221;no&#8221; type=&#8221;full_width&#8221; oblique_section=&#8221;no&#8221; text_align=&#8221;center&#8221; Overflow=&#8221;&#8221; triangle_shape=&#8221;no&#8221; css_animation=&#8221;&#8221; overflow=&#8221;&#8221;][vc_column][vc_empty_space height=&#8221;250px&#8221; background_image=&#8221;19862&#8243; image_repeat=&#8221;no-repeat&#8221;][\/vc_column][\/vc_row][vc_row row_type=&#8221;row&#8221; use_row_as_full_screen_section=&#8221;no&#8221; type=&#8221;grid&#8221; oblique_section=&#8221;no&#8221; text_align=&#8221;left&#8221; Overflow=&#8221;&#8221; triangle_shape=&#8221;no&#8221; css_animation=&#8221;element_from_left&#8221; overflow=&#8221;&#8221;][vc_column][vc_empty_space height=&#8221;45px&#8221; image_repeat=&#8221;no-repeat&#8221;][vc_empty_space height=&#8221;30px&#8221; image_repeat=&#8221;no-repeat&#8221;][\/vc_column][\/vc_row][vc_row row_type=&#8221;row&#8221; use_row_as_full_screen_section=&#8221;no&#8221; type=&#8221;grid&#8221; oblique_section=&#8221;no&#8221; text_align=&#8221;left&#8221; Overflow=&#8221;&#8221; triangle_shape=&#8221;no&#8221; css_animation=&#8221;&#8221; overflow=&#8221;&#8221;][vc_column][vc_empty_space image_repeat=&#8221;no-repeat&#8221;][vc_empty_space height=&#8221;10px&#8221; image_repeat=&#8221;no-repeat&#8221;][vc_empty_space height=&#8221;70px&#8221; image_repeat=&#8221;no-repeat&#8221;][vc_empty_space height=&#8221;10px&#8221; image_repeat=&#8221;no-repeat&#8221;][vc_empty_space height=&#8221;70px&#8221; image_repeat=&#8221;no-repeat&#8221;][vc_empty_space height=&#8221;10px&#8221;&#8230;<\/p>\n","protected":false},"author":21,"featured_media":0,"parent":0,"menu_order":0,"comment_status":"closed","ping_status":"closed","template":"full_width.php","meta":{"footnotes":""},"class_list":["post-19772","page","type-page","status-publish","hentry"],"_links":{"self":[{"href":"https:\/\/www.poderjudicialcdmx.gob.mx\/cja\/wp-json\/wp\/v2\/pages\/19772"}],"collection":[{"href":"https:\/\/www.poderjudicialcdmx.gob.mx\/cja\/wp-json\/wp\/v2\/pages"}],"about":[{"href":"https:\/\/www.poderjudicialcdmx.gob.mx\/cja\/wp-json\/wp\/v2\/types\/page"}],"author":[{"embeddable":true,"href":"https:\/\/www.poderjudicialcdmx.gob.mx\/cja\/wp-json\/wp\/v2\/users\/21"}],"replies":[{"embeddable":true,"href":"https:\/\/www.poderjudicialcdmx.gob.mx\/cja\/wp-json\/wp\/v2\/comments?post=19772"}],"version-history":[{"count":13,"href":"https:\/\/www.poderjudicialcdmx.gob.mx\/cja\/wp-json\/wp\/v2\/pages\/19772\/revisions"}],"predecessor-version":[{"id":20129,"href":"https:\/\/www.poderjudicialcdmx.gob.mx\/cja\/wp-json\/wp\/v2\/pages\/19772\/revisions\/20129"}],"wp:attachment":[{"href":"https:\/\/www.poderjudicialcdmx.gob.mx\/cja\/wp-json\/wp\/v2\/media?parent=19772"}],"curies":[{"name":"wp","href":"https:\/\/api.w.org\/{rel}","templated":true}]}}