{"id":20802,"date":"2023-04-26T20:30:15","date_gmt":"2023-04-26T20:30:15","guid":{"rendered":"https:\/\/www.poderjudicialcdmx.gob.mx\/estadistica\/?page_id=20802"},"modified":"2023-06-05T20:54:45","modified_gmt":"2023-06-05T20:54:45","slug":"anuario2022","status":"publish","type":"page","link":"https:\/\/www.poderjudicialcdmx.gob.mx\/estadistica\/anuario2022\/","title":{"rendered":"AnuarioEstadistico_2022"},"content":{"rendered":"<p>[vc_row row_type=\u00bbrow\u00bb use_row_as_full_screen_section=\u00bbno\u00bb type=\u00bbgrid\u00bb oblique_section=\u00bbno\u00bb text_align=\u00bbcenter\u00bb Overflow=\u00bb\u00bb triangle_shape=\u00bbno\u00bb background_color=\u00bb#ffffff\u00bb css_animation=\u00bb\u00bb overflow=\u00bb\u00bb][vc_column][vc_single_image image=\u00bb20804&#8243; img_size=\u00bb1200\u00d7664&#8243; alignment=\u00bbcenter\u00bb mkd_css_animation=\u00bb\u00bb set_shader=\u00bbno\u00bb set_popup=\u00bbno\u00bb animate_image_on_hover=\u00bbno\u00bb][\/vc_column][\/vc_row][vc_row row_type=\u00bbrow\u00bb use_row_as_full_screen_section=\u00bbno\u00bb type=\u00bbfull_width\u00bb oblique_section=\u00bbno\u00bb text_align=\u00bbcenter\u00bb Overflow=\u00bb\u00bb triangle_shape=\u00bbno\u00bb css_animation=\u00bb\u00bb overflow=\u00bb\u00bb el_id=\u00bbtexto_titulo\u00bb][vc_column][vc_separator type=\u00bbtransparent\u00bb up=\u00bb50&#8243; up_style=\u00bbpx\u00bb down=\u00bb0&#8243; down_style=\u00bbpx\u00bb][vc_column_text]<\/p>\n<h1 style=\"text-align: center;\"><span style=\"color: #195852;\">ANUARIO 2022<\/span><\/h1>\n<p>[\/vc_column_text][\/vc_column][\/vc_row][vc_row row_type=\u00bbrow\u00bb use_row_as_full_screen_section=\u00bbno\u00bb type=\u00bbgrid\u00bb oblique_section=\u00bbno\u00bb text_align=\u00bbleft\u00bb Overflow=\u00bb\u00bb triangle_shape=\u00bbno\u00bb padding_top=\u00bb100&#8243; padding_bottom=\u00bb100&#8243; css_animation=\u00bb\u00bb overflow=\u00bb\u00bb el_id=\u00bbtexto_titulo_desplegable\u00bb][vc_column][vc_raw_html]JTNDc3R5bGUlM0UlMEEubWVzJTdCJTBBJTA5Y29sb3IlM0ElMjM2NjYlM0IlMjAlMEElMDlmb250LXNpemUlM0ExNXB4JTNCJTIwJTBBJTA5Zm9udC1mYW1pbHklM0ElMjdMdWNpZGElMjBTYW5zJTIwVW5pY29kZSUyNyUyQyUyMCUyN0x1Y2lkYSUyMEdyYW5kZSUyNyUyQyUyMHNhbnMtc2VyaWYlM0IlMEElMDlmb250LXdlaWdodCUzQWJvbGQlM0IlMEElN0QlMEEubWVzJTNBaG92ZXIlMjAlN0IlMEElMDljb2xvciUzQSUyM2Y4YjMyOSUzQiUwQSU3RCUwQWxpJTIwJTdCJTBBdGV4dC1hbGlnbiUzQSUyMGxlZnQlM0IlMEElN0QlMEElM0MlMkZzdHlsZSUzRQ==[\/vc_raw_html][no_accordion active_tab=\u00bbfalse\u00bb collapsible=\u00bbyes\u00bb style=\u00bbboxed_accordion\u00bb hide_icon=\u00bbno\u00bb title_icon_alignment=\u00bbicon_left_text_left\u00bb][no_accordion_section title=\u00bbCR\u00c9DITOS\u00bb title_color=\u00bb#ffffff\u00bb title_hover_color=\u00bb#889693&#8243; mark_icon_color=\u00bb#ffffff\u00bb mark_icon_color_hover=\u00bb#889693&#8243; background_color=\u00bb#195852&#8243; background_hover_color=\u00bb#195852&#8243; border_color=\u00bb#ffffff\u00bb]<div class=\"custom_font_holder  \" style=\"font-family: Lato; font-size: 16px; line-height: 16px; font-style: normal; font-weight: 300; color: #195852; text-decoration: none; text-transform: none; text-align: left\" data-font-size=16 data-line-height=16 ><div  ><p><a href=\"https:\/\/www.poderjudicialcdmx.gob.mx\/estadistica\/wp-content\/uploads\/1.-Creditos.pdf\" target=\"_blank\" rel=\"noopener noreferrer\"><span style=\"color: #195852;\"><b>Cr\u00e9ditos<\/b><\/span><\/a><\/p>\n<\/div><\/div>[\/no_accordion_section][no_accordion_section title=\u00bbPRESENTACI\u00d3N E INTRODUCCI\u00d3N\u00bb title_color=\u00bb#ffffff\u00bb title_hover_color=\u00bb#889693&#8243; mark_icon_color=\u00bb#ffffff\u00bb mark_icon_color_hover=\u00bb#889693&#8243; background_color=\u00bb#195852&#8243; background_hover_color=\u00bb#195852&#8243; border_color=\u00bb#ffffff\u00bb]<div class=\"custom_font_holder  \" style=\"font-family: Lato; font-size: 16px; line-height: 16px; font-style: normal; font-weight: 300; color: #195852; text-decoration: none; text-transform: none; text-align: left\" data-font-size=16 data-line-height=16 ><div  ><p><a href=\"https:\/\/www.poderjudicialcdmx.gob.mx\/estadistica\/wp-content\/uploads\/2_Presentacion_e_introduccion.pdf\" target=\"_blank\" rel=\"noopener noreferrer\"><span style=\"color: #195852;\"><span style=\"color: #127d62;\">Presentaci\u00f3n e introducci\u00f3n<\/span><\/span><\/a><\/p>\n<\/div><\/div>[\/no_accordion_section][no_accordion_section title=\u00bbMARCO METODOL\u00d3GICO PARA LA ELABORACI\u00d3N DE INDICADORES EN MATERIA DE DERECHOS HUMANOS Y SU APLICACI\u00d3N EN EL CASO DEL PJCDMX\u00bb title_color=\u00bb#ffffff\u00bb title_hover_color=\u00bb#889693&#8243; mark_icon_color=\u00bb#ffffff\u00bb mark_icon_color_hover=\u00bb#889693&#8243; background_color=\u00bb#195852&#8243; background_hover_color=\u00bb#195852&#8243; border_color=\u00bb#ffffff\u00bb]<div class=\"custom_font_holder  \" style=\"font-family: Lato; font-size: 16px; line-height: 16px; font-style: normal; font-weight: 300; color: #195852; text-decoration: none; text-transform: none; text-align: left\" data-font-size=16 data-line-height=16 ><div  ><p><a href=\"https:\/\/www.poderjudicialcdmx.gob.mx\/estadistica\/wp-content\/uploads\/3.-Marco-metodolo\u0301gico-para-la-elaboracio\u0301n.pdf\" target=\"_blank\" rel=\"noopener noreferrer\">Marco metodol\u00f3gico para la elaboraci\u00f3n de indicadores en materia de Derechos Humanos y su aplicaci\u00f3n en el caso del PJCDMX<\/a><\/p>\n<\/div><\/div>[\/no_accordion_section][no_accordion_section title=\u00bbINDICADORES SOBRE EL DERECHO A UN JUICIO JUSTO EN EL PJCDMX\u00bb title_color=\u00bb#ffffff\u00bb title_hover_color=\u00bb#889693&#8243; mark_icon_color=\u00bb#ffffff\u00bb mark_icon_color_hover=\u00bb#889693&#8243; background_color=\u00bb#195852&#8243; background_hover_color=\u00bb#195852&#8243; border_color=\u00bb#ffffff\u00bb]<div class=\"custom_font_holder  \" style=\"font-family: Lato; font-size: 16px; line-height: 16px; font-style: normal; font-weight: 300; color: #195852; text-decoration: none; text-transform: none; text-align: left\" data-font-size=16 data-line-height=16 ><div  ><p><a href=\"https:\/\/www.poderjudicialcdmx.gob.mx\/estadistica\/wp-content\/uploads\/4.-Indicadores-sobre-el-derecho-a-un-juicio-justo-en-el-PJCDMX.pdf\" target=\"_blank\" rel=\"noopener noreferrer\">Indicadores sobre el derecho a un juicio justo en el PJCDMX<\/a><\/p>\n<\/div><\/div>[\/no_accordion_section][no_accordion_section title=\u00bbINDICADORES GENERALES\u00bb title_color=\u00bb#ffffff\u00bb title_hover_color=\u00bb#889693&#8243; mark_icon_color=\u00bb#ffffff\u00bb mark_icon_color_hover=\u00bb#889693&#8243; background_color=\u00bb#195852&#8243; background_hover_color=\u00bb#195852&#8243; border_color=\u00bb#ffffff\u00bb]<div class=\"custom_font_holder  \" style=\"font-family: Lato; font-size: 16px; line-height: 16px; font-style: normal; font-weight: 300; color: #195852; text-decoration: none; text-transform: none; text-align: left\" data-font-size=16 data-line-height=16 ><div  ><p><a href=\"https:\/\/www.poderjudicialcdmx.gob.mx\/estadistica\/wp-content\/uploads\/5.-Indicadores-generales.pdf\" target=\"_blank\" rel=\"noopener noreferrer\">Indicadores generales<\/a><\/p>\n<\/div><\/div>[\/no_accordion_section][no_accordion_section title=\u00bbACCESO E IGUALDAD ANTE EL TSJCDMX\u00bb title_color=\u00bb#ffffff\u00bb title_hover_color=\u00bb#889693&#8243; mark_icon_color=\u00bb#ffffff\u00bb mark_icon_color_hover=\u00bb#889693&#8243; background_color=\u00bb#195852&#8243; background_hover_color=\u00bb#195852&#8243; border_color=\u00bb#ffffff\u00bb]<div class=\"custom_font_holder  \" style=\"font-family: Lato; font-size: 16px; line-height: 16px; font-style: normal; font-weight: 300; color: #195852; text-decoration: none; text-transform: none; text-align: left\" data-font-size=16 data-line-height=16 ><div  ><p><a href=\"https:\/\/www.poderjudicialcdmx.gob.mx\/estadistica\/wp-content\/uploads\/6.-Acceso-e-igualdad-ante-el-TSJCDMX.pdf\" target=\"_blank\" rel=\"noopener noreferrer\">Acceso e igualdad ante el TSJCDMX<\/a><\/p>\n<\/div><\/div>[\/no_accordion_section][no_accordion_section title=\u00bbAUDIENCIA P\u00daBLICA POR UN TRIBUNAL COMPETENTE E INDEPENDIENTE\u00bb title_color=\u00bb#ffffff\u00bb title_hover_color=\u00bb#889693&#8243; mark_icon_color=\u00bb#ffffff\u00bb mark_icon_color_hover=\u00bb#889693&#8243; background_color=\u00bb#195852&#8243; background_hover_color=\u00bb#195852&#8243; border_color=\u00bb#ffffff\u00bb]<div class=\"custom_font_holder  \" style=\"font-family: Lato; font-size: 16px; line-height: 16px; font-style: normal; font-weight: 300; color: #195852; text-decoration: none; text-transform: none; text-align: left\" data-font-size=16 data-line-height=16 ><div  ><p><a href=\"https:\/\/www.poderjudicialcdmx.gob.mx\/estadistica\/wp-content\/uploads\/7.-Audiencia-pu\u0301blica-por-un-Tribunal-competente-e-independiente.pdf\" target=\"_blank\" rel=\"noopener noreferrer\">Audiencia p\u00fablica por un Tribunal competente e independiente<\/a><\/p>\n<\/div><\/div>[\/no_accordion_section][no_accordion_section title=\u00bbPRESUNCI\u00d3N DE INOCENCIA Y GARANT\u00cdAS EN LA DETERMINACI\u00d3N DE CARGOS PENALES\u00bb title_color=\u00bb#ffffff\u00bb title_hover_color=\u00bb#889693&#8243; mark_icon_color=\u00bb#ffffff\u00bb mark_icon_color_hover=\u00bb#889693&#8243; background_color=\u00bb#195852&#8243; background_hover_color=\u00bb#195852&#8243; border_color=\u00bb#ffffff\u00bb]<div class=\"custom_font_holder  \" style=\"font-family: Lato; font-size: 16px; line-height: 16px; font-style: normal; font-weight: 300; color: #195852; text-decoration: none; text-transform: none; text-align: left\" data-font-size=16 data-line-height=16 ><div  ><p><a href=\"https:\/\/www.poderjudicialcdmx.gob.mx\/estadistica\/wp-content\/uploads\/8.-Presuncio\u0301n-de-inocencia-y-garanti\u0301as-en-la-determinacio\u0301n-de-cargos-penales.pdf\" target=\"_blank\" rel=\"noopener noreferrer\">Presunci\u00f3n de inocencia y garant\u00edas en la determinaci\u00f3n de cargos penales<\/a><\/p>\n<\/div><\/div>[\/no_accordion_section][no_accordion_section title=\u00bbPROTECCI\u00d3N ESPECIAL A NI\u00d1AS, NI\u00d1OS Y ADOLESCENTES\u00bb title_color=\u00bb#ffffff\u00bb title_hover_color=\u00bb#889693&#8243; mark_icon_color=\u00bb#ffffff\u00bb mark_icon_color_hover=\u00bb#889693&#8243; background_color=\u00bb#195852&#8243; background_hover_color=\u00bb#195852&#8243; border_color=\u00bb#ffffff\u00bb]<div class=\"custom_font_holder  \" style=\"font-family: Lato; font-size: 16px; line-height: 16px; font-style: normal; font-weight: 300; color: #195852; text-decoration: none; text-transform: none; text-align: left\" data-font-size=16 data-line-height=16 ><div  ><p><a href=\"https:\/\/www.poderjudicialcdmx.gob.mx\/estadistica\/wp-content\/uploads\/9.-Proteccio\u0301n-especial-a-nin\u0303as-nin\u0303os-y-adolescentes.pdf\" target=\"_blank\" rel=\"noopener noreferrer\">Protecci\u00f3n especial a ni\u00f1as, ni\u00f1os y adolescentes<\/a><\/p>\n<\/div><\/div>[\/no_accordion_section][no_accordion_section title=\u00bbINDICADORES GENERALES DE RESULTADOS\u00bb title_color=\u00bb#ffffff\u00bb title_hover_color=\u00bb#889693&#8243; mark_icon_color=\u00bb#ffffff\u00bb mark_icon_color_hover=\u00bb#889693&#8243; background_color=\u00bb#195852&#8243; background_hover_color=\u00bb#195852&#8243;]<div class=\"custom_font_holder  \" style=\"font-family: lato; font-size: 16px; line-height: 16px; font-style: normal; font-weight: 300; color: #195852; text-decoration: none; text-transform: none; text-align: left\" data-font-size=16 data-line-height=16 ><div  ><p><a href=\"https:\/\/www.poderjudicialcdmx.gob.mx\/estadistica\/wp-content\/uploads\/10.-Indicadores-generales-de-resultados.pdf\" target=\"_blank\" rel=\"noopener noreferrer\">Indicadores generales de resultados<\/a><\/p>\n<\/div><\/div>[\/no_accordion_section][no_accordion_section title=\u00bbRECURSOS DE APELACI\u00d3N Y JUICIO DE AMPARO\u00bb title_color=\u00bb#ffffff\u00bb title_hover_color=\u00bb#889693&#8243; mark_icon_color=\u00bb#ffffff\u00bb mark_icon_color_hover=\u00bb#889693&#8243; background_color=\u00bb#195852&#8243; background_hover_color=\u00bb#195852&#8243; border_color=\u00bb#ffffff\u00bb]<div class=\"custom_font_holder  \" style=\"font-family: Lato; font-size: 16px; line-height: 16px; font-style: normal; font-weight: 300; color: #195852; text-decoration: none; text-transform: none; text-align: left\" data-font-size=16 data-line-height=16 ><div  ><p><a href=\"https:\/\/www.poderjudicialcdmx.gob.mx\/estadistica\/wp-content\/uploads\/11.-Indicadores-de-recursos-de-apelacio\u0301n-y-juicio-de-amparo.pdf\" target=\"_blank\" rel=\"noopener noreferrer\">Recursos de apelaci\u00f3n y juicio de amparo<\/a><\/p>\n<\/div><\/div>[\/no_accordion_section][no_accordion_section title=\u00bbESTAD\u00cdSTICAS DEL INSTITUTO DE SERVICIOS PERICIALES Y CIENCIAS FORENSES\u00bb title_color=\u00bb#ffffff\u00bb title_hover_color=\u00bb#889693&#8243; mark_icon_color=\u00bb#ffffff\u00bb mark_icon_color_hover=\u00bb#889693&#8243; background_color=\u00bb#195852&#8243; background_hover_color=\u00bb#195852&#8243; border_color=\u00bb#ffffff\u00bb]<div class=\"custom_font_holder  \" style=\"font-family: Lato; font-size: 16px; line-height: 16px; font-style: normal; font-weight: 300; color: #195852; text-decoration: none; text-transform: none; text-align: left\" data-font-size=16 data-line-height=16 ><div  ><p><a href=\"https:\/\/www.poderjudicialcdmx.gob.mx\/estadistica\/wp-content\/uploads\/12.-Indicadores-de-Estadi\u0301stica-del-Instituto-de-Servicios-Periciales-y-Ciencias-Forenses.pdf\" target=\"_blank\" rel=\"noopener noreferrer\">Estad\u00edsticas del Instituto de Servicios Periciales y Ciencias Forenses<\/a><\/p>\n<\/div><\/div>[\/no_accordion_section][no_accordion_section title=\u00bbANEXOS\u00bb title_color=\u00bb#ffffff\u00bb title_hover_color=\u00bb#889693&#8243; mark_icon_color=\u00bb#ffffff\u00bb mark_icon_color_hover=\u00bb#889693&#8243; background_color=\u00bb#195852&#8243; background_hover_color=\u00bb#195852&#8243; border_color=\u00bb#ffffff\u00bb]<div class=\"custom_font_holder  \" style=\"font-family: Lato; font-size: 16px; line-height: 16px; font-style: normal; font-weight: 300; color: #195852; text-decoration: none; text-transform: none; text-align: left\" data-font-size=16 data-line-height=16 ><div  ><p><a href=\"https:\/\/www.poderjudicialcdmx.gob.mx\/estadistica\/wp-content\/uploads\/13.2-Anexos.pdf\" target=\"_blank\" rel=\"noopener noreferrer\"><span style=\"font-weight: inherit !important; font-style: inherit !important;\">Anexos<\/span><\/a><\/p>\n<\/div><\/div>[\/no_accordion_section][\/no_accordion][\/vc_column][\/vc_row]<\/p>\n","protected":false},"excerpt":{"rendered":"<p>[vc_row row_type=\u00bbrow\u00bb use_row_as_full_screen_section=\u00bbno\u00bb type=\u00bbgrid\u00bb oblique_section=\u00bbno\u00bb text_align=\u00bbcenter\u00bb Overflow=\u00bb\u00bb triangle_shape=\u00bbno\u00bb background_color=\u00bb#ffffff\u00bb css_animation=\u00bb\u00bb overflow=\u00bb\u00bb][vc_column][vc_single_image image=\u00bb20804&#8243; img_size=\u00bb1200\u00d7664&#8243; alignment=\u00bbcenter\u00bb mkd_css_animation=\u00bb\u00bb set_shader=\u00bbno\u00bb set_popup=\u00bbno\u00bb animate_image_on_hover=\u00bbno\u00bb][\/vc_column][\/vc_row][vc_row row_type=\u00bbrow\u00bb use_row_as_full_screen_section=\u00bbno\u00bb type=\u00bbfull_width\u00bb oblique_section=\u00bbno\u00bb text_align=\u00bbcenter\u00bb Overflow=\u00bb\u00bb triangle_shape=\u00bbno\u00bb css_animation=\u00bb\u00bb overflow=\u00bb\u00bb el_id=\u00bbtexto_titulo\u00bb][vc_column][vc_separator type=\u00bbtransparent\u00bb up=\u00bb50&#8243; up_style=\u00bbpx\u00bb down=\u00bb0&#8243; down_style=\u00bbpx\u00bb][vc_column_text] ANUARIO 2022 [\/vc_column_text][\/vc_column][\/vc_row][vc_row row_type=\u00bbrow\u00bb use_row_as_full_screen_section=\u00bbno\u00bb type=\u00bbgrid\u00bb oblique_section=\u00bbno\u00bb text_align=\u00bbleft\u00bb Overflow=\u00bb\u00bb triangle_shape=\u00bbno\u00bb padding_top=\u00bb100&#8243; padding_bottom=\u00bb100&#8243;&#8230;<\/p>\n","protected":false},"author":5,"featured_media":0,"parent":0,"menu_order":0,"comment_status":"closed","ping_status":"closed","template":"","meta":{"footnotes":""},"class_list":["post-20802","page","type-page","status-publish","hentry"],"_links":{"self":[{"href":"https:\/\/www.poderjudicialcdmx.gob.mx\/estadistica\/wp-json\/wp\/v2\/pages\/20802"}],"collection":[{"href":"https:\/\/www.poderjudicialcdmx.gob.mx\/estadistica\/wp-json\/wp\/v2\/pages"}],"about":[{"href":"https:\/\/www.poderjudicialcdmx.gob.mx\/estadistica\/wp-json\/wp\/v2\/types\/page"}],"author":[{"embeddable":true,"href":"https:\/\/www.poderjudicialcdmx.gob.mx\/estadistica\/wp-json\/wp\/v2\/users\/5"}],"replies":[{"embeddable":true,"href":"https:\/\/www.poderjudicialcdmx.gob.mx\/estadistica\/wp-json\/wp\/v2\/comments?post=20802"}],"version-history":[{"count":15,"href":"https:\/\/www.poderjudicialcdmx.gob.mx\/estadistica\/wp-json\/wp\/v2\/pages\/20802\/revisions"}],"predecessor-version":[{"id":20833,"href":"https:\/\/www.poderjudicialcdmx.gob.mx\/estadistica\/wp-json\/wp\/v2\/pages\/20802\/revisions\/20833"}],"wp:attachment":[{"href":"https:\/\/www.poderjudicialcdmx.gob.mx\/estadistica\/wp-json\/wp\/v2\/media?parent=20802"}],"curies":[{"name":"wp","href":"https:\/\/api.w.org\/{rel}","templated":true}]}}