{"id":16758,"date":"2021-04-07T17:27:16","date_gmt":"2021-04-07T17:27:16","guid":{"rendered":"https:\/\/www.poderjudicialcdmx.gob.mx\/medidas_cautelares\/?page_id=16758"},"modified":"2021-04-07T17:27:16","modified_gmt":"2021-04-07T17:27:16","slug":"firma-medidas-cautelares","status":"publish","type":"page","link":"https:\/\/www.poderjudicialcdmx.gob.mx\/medidas_cautelares\/firma-medidas-cautelares\/","title":{"rendered":"Firma Medidas Cautelares"},"content":{"rendered":"<p>[vc_row row_type=\u00bbrow\u00bb use_row_as_full_screen_section=\u00bbno\u00bb type=\u00bbgrid\u00bb oblique_section=\u00bbno\u00bb text_align=\u00bbleft\u00bb Overflow=\u00bb\u00bb triangle_shape=\u00bbno\u00bb background_image=\u00bb16762&#8243; css_animation=\u00bb\u00bb overflow=\u00bb\u00bb][vc_column width=\u00bb1\/2&#8243;][vc_single_image image=\u00bb16764&#8243; img_size=\u00bbfull\u00bb mkd_css_animation=\u00bb\u00bb set_shader=\u00bbno\u00bb set_popup=\u00bbno\u00bb animate_image_on_hover=\u00bbno\u00bb][\/vc_column][vc_column width=\u00bb1\/2&#8243;][\/vc_column][\/vc_row][vc_row row_type=\u00bbrow\u00bb use_row_as_full_screen_section=\u00bbno\u00bb type=\u00bbfull_width\u00bb oblique_section=\u00bbno\u00bb text_align=\u00bbleft\u00bb Overflow=\u00bb\u00bb triangle_shape=\u00bbno\u00bb css_animation=\u00bb\u00bb overflow=\u00bb\u00bb][vc_column][vc_empty_space height=\u00bb40px\u00bb image_repeat=\u00bbno-repeat\u00bb][\/vc_column][\/vc_row][vc_row row_type=\u00bbrow\u00bb use_row_as_full_screen_section=\u00bbno\u00bb type=\u00bbgrid\u00bb oblique_section=\u00bbno\u00bb text_align=\u00bbleft\u00bb Overflow=\u00bb\u00bb triangle_shape=\u00bbno\u00bb css_animation=\u00bb\u00bb overflow=\u00bb\u00bb][vc_column css_animation=\u00bbfadeInLeft\u00bb width=\u00bb1\/2&#8243;][vc_empty_space height=\u00bb25px\u00bb image_repeat=\u00bbno-repeat\u00bb]<div class=\"custom_font_holder  \" style=\"font-family: LATO; font-size: 35px; line-height: 39px; font-style: normal; font-weight: 800; color: #8c3920; text-decoration: none; text-transform: uppercase; text-align: left\" data-font-size=35 data-line-height=39 ><div  ><p>\u00bfTienes obligaci\u00f3n<br \/>\nde firmar en Medidas Cautelares?<\/p>\n<\/div><\/div>[vc_empty_space height=\u00bb15px\u00bb image_repeat=\u00bbno-repeat\u00bb]<div class=\"custom_font_holder  \" style=\"font-family: LATO; font-size: 25px; line-height: 29px; font-style: normal; font-weight: 500; text-decoration: none; text-transform: none; text-align: left\" data-font-size=25 data-line-height=29 ><div  ><p>\u00a1Podemos ayudarte a facilitar<br \/>\nel cumplimiento de tu firma!<\/p>\n<\/div><\/div>[vc_empty_space height=\u00bb15px\u00bb image_repeat=\u00bbno-repeat\u00bb][vc_empty_space height=\u00bb15px\u00bb image_repeat=\u00bbno-repeat\u00bb]<div class=\"custom_font_holder  \" style=\"font-family: LATO; font-size: 25px; line-height: 29px; font-style: normal; font-weight: 500; text-decoration: none; text-transform: none; text-align: left\" data-font-size=25 data-line-height=29 ><div  ><p>Presentate a la recepci\u00f3n de la USMC<\/p>\n<\/div><\/div>[vc_empty_space height=\u00bb15px\u00bb image_repeat=\u00bbno-repeat\u00bb][vc_single_image image=\u00bb16782&#8243; img_size=\u00bb600&#215;500&#8243; mkd_css_animation=\u00bb\u00bb set_shader=\u00bbno\u00bb set_popup=\u00bbno\u00bb animate_image_on_hover=\u00bbno\u00bb][\/vc_column][vc_column css_animation=\u00bbfadeInRight\u00bb width=\u00bb1\/2&#8243; css=\u00bb.vc_custom_1611765474686{background-color: rgba(229,186,176,0.41) !important;*background-color: rgb(229,186,176) !important;}\u00bb][vc_single_image image=\u00bb16765&#8243; img_size=\u00bbfull\u00bb alignment=\u00bbcenter\u00bb mkd_css_animation=\u00bb\u00bb set_shader=\u00bbno\u00bb set_popup=\u00bbno\u00bb animate_image_on_hover=\u00bbno\u00bb]<div class=\"custom_font_holder  \" style=\"font-family: LATO; font-size: 25px; line-height: 29px; font-style: normal; font-weight: 800; color: #0a0a0a; text-decoration: none; text-transform: none; text-align: center\" data-font-size=25 data-line-height=29 ><div  ><p>Reg\u00edstrate en nuestro<br \/>\nnuevo sistema de quioscos<\/p>\n<\/div><\/div>[vc_empty_space height=\u00bb15px\u00bb image_repeat=\u00bbno-repeat\u00bb]<div class=\"custom_font_holder  \" style=\"font-family: LATO; font-size: 20px; line-height: 22px; font-style: normal; font-weight: 500; color: #0a0a0a; text-decoration: none; text-transform: none; text-align: center\" data-font-size=20 data-line-height=22 ><div  ><p>Acude a nuestras oficinas ubicadas en Claudio Bernard #60, planta baja y solicita tu registro.<\/p>\n<\/div><\/div>[vc_empty_space height=\u00bb45px\u00bb image_repeat=\u00bbno-repeat\u00bb]<div class=\"custom_font_holder  \" style=\"font-family: LATO; font-size: 25px; line-height: 29px; font-style: normal; font-weight: 500; text-decoration: none; text-transform: none; text-align: left\" data-font-size=25 data-line-height=29 ><div  ><p>M\u00f3dulo de registro y alta en el Sistema Integral de Supervisi\u00f3n de Medidas Cautelares<\/p>\n<p>y Suspensi\u00f3n Condicional del Proceso<\/p>\n<\/div><\/div>[vc_single_image image=\u00bb16783&#8243; img_size=\u00bb500&#215;400&#8243; alignment=\u00bbcenter\u00bb mkd_css_animation=\u00bb\u00bb set_shader=\u00bbno\u00bb set_popup=\u00bbno\u00bb animate_image_on_hover=\u00bbno\u00bb][vc_empty_space height=\u00bb45px\u00bb image_repeat=\u00bbno-repeat\u00bb][\/vc_column][\/vc_row][vc_row row_type=\u00bbrow\u00bb use_row_as_full_screen_section=\u00bbno\u00bb type=\u00bbfull_width\u00bb oblique_section=\u00bbno\u00bb text_align=\u00bbleft\u00bb Overflow=\u00bb\u00bb triangle_shape=\u00bbno\u00bb css_animation=\u00bb\u00bb overflow=\u00bb\u00bb][vc_column][vc_empty_space height=\u00bb40px\u00bb image_repeat=\u00bbno-repeat\u00bb][\/vc_column][\/vc_row][vc_row row_type=\u00bbrow\u00bb use_row_as_full_screen_section=\u00bbno\u00bb type=\u00bbfull_width\u00bb oblique_section=\u00bbno\u00bb text_align=\u00bbleft\u00bb Overflow=\u00bb\u00bb triangle_shape=\u00bbno\u00bb background_color=\u00bbrgba(28,35,53,0.71)\u00bb css_animation=\u00bb\u00bb overflow=\u00bb\u00bb][vc_column css_animation=\u00bbfadeInUp\u00bb][vc_empty_space height=\u00bb40px\u00bb image_repeat=\u00bbno-repeat\u00bb]<div class=\"custom_font_holder  \" style=\"font-family: LATO; font-size: 25px; line-height: 29px; font-style: normal; font-weight: 800; color: #ffffff; text-decoration: none; text-transform: none; text-align: center\" data-font-size=25 data-line-height=29 ><div  ><p>Beneficios:<\/p>\n<\/div><\/div>[vc_empty_space height=\u00bb15px\u00bb image_repeat=\u00bbno-repeat\u00bb]<div class=\"custom_font_holder  \" style=\"font-family: LATO; font-size: 20px; line-height: 22px; font-style: normal; font-weight: 500; color: #ffffff; text-decoration: none; text-transform: none; text-align: center\" data-font-size=20 data-line-height=22 ><div  ><p>Una vez registrado, podr\u00e1s firmar en cualquiera de los 4 quioscos que tenemos instalados<br \/>\nen los diferentes reclusorios de la Ciudad de M\u00e9xico. Acude al m\u00e1s cercano a ti:<\/p>\n<\/div><\/div>[vc_empty_space height=\u00bb40px\u00bb image_repeat=\u00bbno-repeat\u00bb][\/vc_column][\/vc_row][vc_row row_type=\u00bbrow\u00bb use_row_as_full_screen_section=\u00bbno\u00bb type=\u00bbfull_width\u00bb oblique_section=\u00bbno\u00bb text_align=\u00bbleft\u00bb Overflow=\u00bb\u00bb triangle_shape=\u00bbno\u00bb css_animation=\u00bb\u00bb overflow=\u00bb\u00bb][vc_column][vc_empty_space height=\u00bb50px\u00bb image_repeat=\u00bbno-repeat\u00bb][\/vc_column][\/vc_row][vc_row row_type=\u00bbrow\u00bb use_row_as_full_screen_section=\u00bbno\u00bb type=\u00bbgrid\u00bb oblique_section=\u00bbno\u00bb text_align=\u00bbleft\u00bb Overflow=\u00bb\u00bb triangle_shape=\u00bbno\u00bb css_animation=\u00bb\u00bb overflow=\u00bb\u00bb][vc_column width=\u00bb1\/4&#8243;][\/vc_column][vc_column width=\u00bb1\/2&#8243;][vc_single_image image=\u00bb16766&#8243; img_size=\u00bbfull\u00bb alignment=\u00bbcenter\u00bb mkd_css_animation=\u00bb\u00bb set_shader=\u00bbno\u00bb set_popup=\u00bbno\u00bb animate_image_on_hover=\u00bbno\u00bb]<div class=\"custom_font_holder  \" style=\"font-family: LATO; font-size: 20px; line-height: 22px; font-style: normal; font-weight: 800; color: #0a0a0a; text-decoration: none; text-transform: none; text-align: center\" data-font-size=20 data-line-height=22 ><div  ><p>Quioscos Doctor Claudio Bernard<\/p>\n<\/div><\/div>[vc_empty_space height=\u00bb10px\u00bb image_repeat=\u00bbno-repeat\u00bb]<div class=\"custom_font_holder  \" style=\"font-family: LATO; font-size: 19px; line-height: 21px; font-style: normal; font-weight: 500; color: #0a0a0a; text-decoration: none; text-transform: none; text-align: center\" data-font-size=19 data-line-height=21 ><div  ><p>Doctor Claudio Bernard N\u00famero 60, Planta Baja.<\/p>\n<\/div><\/div>[\/vc_column][vc_column width=\u00bb1\/4&#8243;][\/vc_column][\/vc_row][vc_row row_type=\u00bbrow\u00bb use_row_as_full_screen_section=\u00bbno\u00bb type=\u00bbfull_width\u00bb oblique_section=\u00bbno\u00bb text_align=\u00bbleft\u00bb Overflow=\u00bb\u00bb triangle_shape=\u00bbno\u00bb css_animation=\u00bb\u00bb overflow=\u00bb\u00bb][vc_column][vc_empty_space height=\u00bb20px\u00bb image_repeat=\u00bbno-repeat\u00bb][\/vc_column][\/vc_row][vc_row row_type=\u00bbrow\u00bb use_row_as_full_screen_section=\u00bbno\u00bb type=\u00bbgrid\u00bb oblique_section=\u00bbno\u00bb text_align=\u00bbleft\u00bb Overflow=\u00bb\u00bb triangle_shape=\u00bbno\u00bb css_animation=\u00bb\u00bb overflow=\u00bb\u00bb][vc_column css_animation=\u00bbfadeInLeft\u00bb width=\u00bb1\/2&#8243;][vc_single_image image=\u00bb16766&#8243; img_size=\u00bbfull\u00bb alignment=\u00bbcenter\u00bb mkd_css_animation=\u00bb\u00bb set_shader=\u00bbno\u00bb set_popup=\u00bbno\u00bb animate_image_on_hover=\u00bbno\u00bb]<div class=\"custom_font_holder  \" style=\"font-family: LATO; font-size: 20px; line-height: 22px; font-style: normal; font-weight: 800; color: #0a0a0a; text-decoration: none; text-transform: none; text-align: center\" data-font-size=20 data-line-height=22 ><div  ><p>Quiosco Reclusorio Norte<\/p>\n<\/div><\/div>[vc_empty_space height=\u00bb10px\u00bb image_repeat=\u00bbno-repeat\u00bb]<div class=\"custom_font_holder  \" style=\"font-family: LATO; font-size: 19px; line-height: 21px; font-style: normal; font-weight: 500; color: #0a0a0a; text-decoration: none; text-transform: none; text-align: center\" data-font-size=19 data-line-height=21 ><div  ><p>Edificio de Ejecuci\u00f3n de Sanciones Penales, Planta Baja.<\/p>\n<\/div><\/div>[\/vc_column][vc_column css_animation=\u00bbfadeInRight\u00bb width=\u00bb1\/2&#8243;][vc_single_image image=\u00bb16766&#8243; img_size=\u00bbfull\u00bb alignment=\u00bbcenter\u00bb mkd_css_animation=\u00bb\u00bb set_shader=\u00bbno\u00bb set_popup=\u00bbno\u00bb animate_image_on_hover=\u00bbno\u00bb]<div class=\"custom_font_holder  \" style=\"font-family: LATO; font-size: 20px; line-height: 22px; font-style: normal; font-weight: 800; color: #0a0a0a; text-decoration: none; text-transform: none; text-align: center\" data-font-size=20 data-line-height=22 ><div  ><p>Quiosco Reclusorio Oriente<\/p>\n<\/div><\/div>[vc_empty_space height=\u00bb10px\u00bb image_repeat=\u00bbno-repeat\u00bb]<div class=\"custom_font_holder  \" style=\"font-family: LATO; font-size: 19px; line-height: 21px; font-style: normal; font-weight: 500; color: #0a0a0a; text-decoration: none; text-transform: none; text-align: center\" data-font-size=19 data-line-height=21 ><div  ><p>Edificio Viejo, Planta Baja.<\/p>\n<\/div><\/div>[\/vc_column][\/vc_row][vc_row row_type=\u00bbrow\u00bb use_row_as_full_screen_section=\u00bbno\u00bb type=\u00bbfull_width\u00bb oblique_section=\u00bbno\u00bb text_align=\u00bbleft\u00bb Overflow=\u00bb\u00bb triangle_shape=\u00bbno\u00bb css_animation=\u00bb\u00bb overflow=\u00bb\u00bb][vc_column][vc_empty_space height=\u00bb20px\u00bb image_repeat=\u00bbno-repeat\u00bb][\/vc_column][\/vc_row][vc_row row_type=\u00bbrow\u00bb use_row_as_full_screen_section=\u00bbno\u00bb type=\u00bbgrid\u00bb oblique_section=\u00bbno\u00bb text_align=\u00bbleft\u00bb Overflow=\u00bb\u00bb triangle_shape=\u00bbno\u00bb css_animation=\u00bb\u00bb overflow=\u00bb\u00bb][vc_column css_animation=\u00bbfadeInLeft\u00bb width=\u00bb1\/2&#8243;][vc_single_image image=\u00bb16766&#8243; img_size=\u00bbfull\u00bb alignment=\u00bbcenter\u00bb mkd_css_animation=\u00bb\u00bb set_shader=\u00bbno\u00bb set_popup=\u00bbno\u00bb animate_image_on_hover=\u00bbno\u00bb]<div class=\"custom_font_holder  \" style=\"font-family: LATO; font-size: 20px; line-height: 22px; font-style: normal; font-weight: 800; color: #0a0a0a; text-decoration: none; text-transform: none; text-align: center\" data-font-size=20 data-line-height=22 ><div  ><p>Quiosco Reclusorio Femenil Santa Martha<\/p>\n<\/div><\/div>[vc_empty_space height=\u00bb10px\u00bb image_repeat=\u00bbno-repeat\u00bb]<div class=\"custom_font_holder  \" style=\"font-family: LATO; font-size: 19px; line-height: 21px; font-style: normal; font-weight: 500; color: #0a0a0a; text-decoration: none; text-transform: none; text-align: center\" data-font-size=19 data-line-height=21 ><div  ><p>Edificio de Salas de Oralidad Santa Martha, Planta Baja, a un costado de recepci\u00f3n.<\/p>\n<\/div><\/div>[\/vc_column][vc_column css_animation=\u00bbfadeInRight\u00bb width=\u00bb1\/2&#8243;][vc_single_image image=\u00bb16766&#8243; img_size=\u00bbfull\u00bb alignment=\u00bbcenter\u00bb mkd_css_animation=\u00bb\u00bb set_shader=\u00bbno\u00bb set_popup=\u00bbno\u00bb animate_image_on_hover=\u00bbno\u00bb]<div class=\"custom_font_holder  \" style=\"font-family: LATO; font-size: 20px; line-height: 22px; font-style: normal; font-weight: 800; color: #0a0a0a; text-decoration: none; text-transform: none; text-align: center\" data-font-size=20 data-line-height=22 ><div  ><p>Quiosco Reclusorio Sur<\/p>\n<\/div><\/div>[vc_empty_space height=\u00bb10px\u00bb image_repeat=\u00bbno-repeat\u00bb]<div class=\"custom_font_holder  \" style=\"font-family: LATO; font-size: 19px; line-height: 21px; font-style: normal; font-weight: 500; color: #0a0a0a; text-decoration: none; text-transform: none; text-align: center\" data-font-size=19 data-line-height=21 ><div  ><p>Edificio Blanco (Salas de Oralidad Penal), entrada principal Planta Baja.<\/p>\n<\/div><\/div>[\/vc_column][\/vc_row][vc_row row_type=\u00bbrow\u00bb use_row_as_full_screen_section=\u00bbno\u00bb type=\u00bbfull_width\u00bb oblique_section=\u00bbno\u00bb text_align=\u00bbleft\u00bb Overflow=\u00bb\u00bb triangle_shape=\u00bbno\u00bb css_animation=\u00bb\u00bb overflow=\u00bb\u00bb][vc_column][vc_empty_space height=\u00bb50px\u00bb image_repeat=\u00bbno-repeat\u00bb][\/vc_column][\/vc_row][vc_row row_type=\u00bbrow\u00bb use_row_as_full_screen_section=\u00bbno\u00bb type=\u00bbfull_width\u00bb oblique_section=\u00bbno\u00bb text_align=\u00bbleft\u00bb Overflow=\u00bb\u00bb triangle_shape=\u00bbno\u00bb background_color=\u00bbrgba(28,35,53,0.19)\u00bb css_animation=\u00bb\u00bb overflow=\u00bb\u00bb][vc_column css_animation=\u00bbfadeInUp\u00bb][vc_empty_space height=\u00bb40px\u00bb image_repeat=\u00bbno-repeat\u00bb]<div class=\"custom_font_holder  \" style=\"font-family: LATO; font-size: 25px; line-height: 29px; font-style: normal; font-weight: 800; color: #000000; text-decoration: none; text-transform: none; text-align: center\" data-font-size=25 data-line-height=29 ><div  ><p>Horarios:<\/p>\n<\/div><\/div>[vc_empty_space height=\u00bb15px\u00bb image_repeat=\u00bbno-repeat\u00bb]<div class=\"custom_font_holder  \" style=\"font-family: LATO; font-size: 20px; line-height: 22px; font-style: normal; font-weight: 500; color: #000000; text-decoration: none; text-transform: none; text-align: center\" data-font-size=20 data-line-height=22 ><div  ><p>El horario de funcionamiento de los quioscos es de lunes a jueves de las 09:00 a las 15:00 y viernes de 9:00 a 14:00 horas.<\/p>\n<\/div><\/div>[vc_empty_space height=\u00bb15px\u00bb image_repeat=\u00bbno-repeat\u00bb]<div class=\"custom_font_holder  \" style=\"font-family: LATO; font-size: 20px; line-height: 22px; font-style: normal; font-weight: 500; color: #000000; text-decoration: none; text-transform: none; text-align: center\" data-font-size=20 data-line-height=22 ><div  ><p>Los quioscos de Claudio Bernard trabajan 365 d\u00edas del a\u00f1o de lunes a jueves de 09:00 a 16:00 horas, s\u00e1bados, domingos y d\u00edas festivos de 10:00 a 16:00 horas.<\/p>\n<\/div><\/div>[vc_empty_space height=\u00bb40px\u00bb image_repeat=\u00bbno-repeat\u00bb][\/vc_column][\/vc_row]<\/p>\n","protected":false},"excerpt":{"rendered":"<p>[vc_row row_type=\u00bbrow\u00bb use_row_as_full_screen_section=\u00bbno\u00bb type=\u00bbgrid\u00bb oblique_section=\u00bbno\u00bb text_align=\u00bbleft\u00bb Overflow=\u00bb\u00bb triangle_shape=\u00bbno\u00bb background_image=\u00bb16762&#8243; css_animation=\u00bb\u00bb overflow=\u00bb\u00bb][vc_column width=\u00bb1\/2&#8243;][vc_single_image image=\u00bb16764&#8243; img_size=\u00bbfull\u00bb mkd_css_animation=\u00bb\u00bb set_shader=\u00bbno\u00bb set_popup=\u00bbno\u00bb animate_image_on_hover=\u00bbno\u00bb][\/vc_column][vc_column width=\u00bb1\/2&#8243;][\/vc_column][\/vc_row][vc_row row_type=\u00bbrow\u00bb use_row_as_full_screen_section=\u00bbno\u00bb type=\u00bbfull_width\u00bb oblique_section=\u00bbno\u00bb text_align=\u00bbleft\u00bb Overflow=\u00bb\u00bb triangle_shape=\u00bbno\u00bb css_animation=\u00bb\u00bb overflow=\u00bb\u00bb][vc_column][vc_empty_space height=\u00bb40px\u00bb image_repeat=\u00bbno-repeat\u00bb][\/vc_column][\/vc_row][vc_row row_type=\u00bbrow\u00bb use_row_as_full_screen_section=\u00bbno\u00bb type=\u00bbgrid\u00bb oblique_section=\u00bbno\u00bb text_align=\u00bbleft\u00bb Overflow=\u00bb\u00bb triangle_shape=\u00bbno\u00bb css_animation=\u00bb\u00bb overflow=\u00bb\u00bb][vc_column css_animation=\u00bbfadeInLeft\u00bb width=\u00bb1\/2&#8243;][vc_empty_space height=\u00bb25px\u00bb image_repeat=\u00bbno-repeat\u00bb][vc_empty_space height=\u00bb15px\u00bb image_repeat=\u00bbno-repeat\u00bb][vc_empty_space&#8230;<\/p>\n","protected":false},"author":6,"featured_media":0,"parent":0,"menu_order":0,"comment_status":"closed","ping_status":"closed","template":"full_width.php","meta":{"footnotes":""},"class_list":["post-16758","page","type-page","status-publish","hentry"],"_links":{"self":[{"href":"https:\/\/www.poderjudicialcdmx.gob.mx\/medidas_cautelares\/wp-json\/wp\/v2\/pages\/16758"}],"collection":[{"href":"https:\/\/www.poderjudicialcdmx.gob.mx\/medidas_cautelares\/wp-json\/wp\/v2\/pages"}],"about":[{"href":"https:\/\/www.poderjudicialcdmx.gob.mx\/medidas_cautelares\/wp-json\/wp\/v2\/types\/page"}],"author":[{"embeddable":true,"href":"https:\/\/www.poderjudicialcdmx.gob.mx\/medidas_cautelares\/wp-json\/wp\/v2\/users\/6"}],"replies":[{"embeddable":true,"href":"https:\/\/www.poderjudicialcdmx.gob.mx\/medidas_cautelares\/wp-json\/wp\/v2\/comments?post=16758"}],"version-history":[{"count":8,"href":"https:\/\/www.poderjudicialcdmx.gob.mx\/medidas_cautelares\/wp-json\/wp\/v2\/pages\/16758\/revisions"}],"predecessor-version":[{"id":16777,"href":"https:\/\/www.poderjudicialcdmx.gob.mx\/medidas_cautelares\/wp-json\/wp\/v2\/pages\/16758\/revisions\/16777"}],"wp:attachment":[{"href":"https:\/\/www.poderjudicialcdmx.gob.mx\/medidas_cautelares\/wp-json\/wp\/v2\/media?parent=16758"}],"curies":[{"name":"wp","href":"https:\/\/api.w.org\/{rel}","templated":true}]}}