{"id":15523,"date":"2016-07-06T14:36:55","date_gmt":"2016-07-06T14:36:55","guid":{"rendered":"http:\/\/www.poderjudicialcdmx.gob.mx\/proteccion_civil\/?page_id=15523"},"modified":"2025-11-13T21:04:41","modified_gmt":"2025-11-13T21:04:41","slug":"ruta-de-evacuacion","status":"publish","type":"page","link":"https:\/\/www.poderjudicialcdmx.gob.mx\/proteccion_civil\/ruta-de-evacuacion\/","title":{"rendered":"PROCEDIMIENTO DE EVACUACI\u00d3N"},"content":{"rendered":"<p>[vc_row row_type=\u00bbrow\u00bb use_row_as_full_screen_section=\u00bbyes\u00bb type=\u00bbfull_width\u00bb oblique_section=\u00bbno\u00bb text_align=\u00bbcenter\u00bb Overflow=\u00bb\u00bb triangle_shape=\u00bbno\u00bb background_image=\u00bb18312&#8243; background_color=\u00bb#ffffff\u00bb padding_top=\u00bb100%\u00bb css_animation=\u00bb\u00bb overflow=\u00bb\u00bb][vc_column][vc_separator type=\u00bbtransparent\u00bb up=\u00bb60&#8243; up_style=\u00bbpx\u00bb down_style=\u00bbpx\u00bb][no_elements_holder number_of_columns=\u00bbone_column\u00bb switch_to_one_column=\u00bbnever\u00bb alignment_one_column=\u00bbcenter\u00bb][no_elements_holder_item item_padding=\u00bb19% 0% 0% 0%\u00bb aligment=\u00bbcenter\u00bb vertical_alignment=\u00bbmiddle\u00bb animation_name=\u00bbgrow_in\u00bb advanced_animations=\u00bbno\u00bb item_padding_1300_1600=\u00bb10% 0% 0% 0%\u00bb item_padding_1024_1300=\u00bb13% 0% 0% 0%\u00bb item_padding_768_1024=\u00bb20% 0% 9% 0%\u00bb item_padding_600_768=\u00bb20% 0% 9% 0%\u00bb]<div class=\"custom_font_holder  \" style=\"font-family: Lato; font-size: 40px; line-height: 10px; font-style: normal; font-weight: 600; color: #ffffff; text-decoration: none; letter-spacing: 0px;; background-color: #004e82;; padding: 5px 5px 5px 5px; text-transform: none; text-align: right\" data-font-size=40 data-line-height=10 ><div  ><h4 style=\"font-weight: bold;text-align: center\"><span style=\"color: #000000\">PROCEDIMIENTO EN CASO DE EMERGENCIA<\/span><\/h4>\n<\/div><\/div>[vc_row_inner row_type=\u00bbrow\u00bb type=\u00bbfull_width\u00bb use_row_as_full_screen_section_slide=\u00bbno\u00bb text_align=\u00bbcenter\u00bb css_animation=\u00bb\u00bb][vc_column_inner][\/vc_column_inner][\/vc_row_inner][\/no_elements_holder_item][\/no_elements_holder][\/vc_column][\/vc_row][vc_row row_type=\u00bbrow\u00bb use_row_as_full_screen_section=\u00bbno\u00bb type=\u00bbgrid\u00bb oblique_section=\u00bbno\u00bb text_align=\u00bbcenter\u00bb Overflow=\u00bb\u00bb triangle_shape=\u00bbno\u00bb css_animation=\u00bb\u00bb overflow=\u00bb\u00bb][vc_column][vc_separator type=\u00bbtransparent\u00bb up=\u00bb60&#8243; up_style=\u00bbpx\u00bb down=\u00bb0&#8243; down_style=\u00bbpx\u00bb][vc_column_text]<\/p>\n<p style=\"text-align: center;font-size: 46px;color: #9eb75d;font-weight: 600;line-height: 55px\"><span style=\"color: #00549d\"><strong>Se\u00f1alizaci\u00f3n en caso de Emergencia<\/strong><\/span><\/p>\n<p>[\/vc_column_text][\/vc_column][\/vc_row][vc_row row_type=\u00bbparallax\u00bb type=\u00bbfull_width\u00bb text_align=\u00bbcenter\u00bb triangle_shape=\u00bbno\u00bb full_screen_section_height=\u00bbno\u00bb section_height=\u00bb100&#8243; zoom_effect=\u00bbno\u00bb][vc_column][vc_separator type=\u00bbnormal\u00bb color=\u00bb#00966e\u00bb border_style=\u00bbsolid\u00bb thickness=\u00bb4&#8243; up=\u00bb50&#8243; up_style=\u00bbpx\u00bb down=\u00bb0&#8243; down_style=\u00bbpx\u00bb][\/vc_column][\/vc_row][vc_row row_type=\u00bbexpandable\u00bb header_style=\u00bblight\u00bb text_align=\u00bbcenter\u00bb hover_color=\u00bb#35a800&#8243; more_button_label=\u00bbSE\u00d1ALIZACI\u00d3N EN CASO DE EVACUACI\u00d3N\u00bb less_button_label=\u00bbSE\u00d1ALIZACI\u00d3N EN CASO DE EVACUACI\u00d3N\u00bb button_position=\u00bbcenter\u00bb overflow=\u00bb\u00bb][vc_column width=\u00bb1\/4&#8243;]<div class=\"mkd_image_with_text_and_icon \"><div class=\"box_image\"><div class=\"image_holder_inner\"><img decoding=\"async\" src=\"https:\/\/www.poderjudicialcdmx.gob.mx\/proteccion_civil\/wp-content\/uploads\/RE_01-e1763056145355.png\" alt=\"Ruta de Evacuaci\u00f3n\" \/><\/div><div class=\"mkd_icon_holder\" style=\"bottom:-37px;\"><\/div><\/div><div style=\"margin-top:60px;\"><h4 class=\"mkd_image_with_text_and_icon_title\" style=\"color:#0fbf00;\">Ruta de Evacuaci\u00f3n<\/h4><\/div><p><\/p>\n<h5 style=\"text-align: center\"><strong>Es la ruta m\u00e1s segura y r\u00e1pida hacia la salida de un inmueble<\/strong>, para la evacuaci\u00f3n eficaz de las personas en caso de emergencia.<\/h5>\n<p><\/p><\/div>[\/vc_column][vc_column width=\u00bb1\/4&#8243;]<div class=\"mkd_image_with_text_and_icon \"><div class=\"box_image\"><div class=\"image_holder_inner\"><img decoding=\"async\" src=\"https:\/\/www.poderjudicialcdmx.gob.mx\/proteccion_civil\/wp-content\/uploads\/PR_01-1-e1763056074603.png\" alt=\"Punto de Reuni\u00f3n\" \/><\/div><div class=\"mkd_icon_holder\" style=\"bottom:-37px;\"><\/div><\/div><div style=\"margin-top:60px;\"><h4 class=\"mkd_image_with_text_and_icon_title\" style=\"color:#0fbf00;\">Punto de Reuni\u00f3n<\/h4><\/div><p><\/p>\n<h5 style=\"text-align: center\"><strong>Es el \u00e1rea designada y segura que se ubica al exterior de un inmueble<\/strong> a la cual las personas deben dirigirse durante una evacuaci\u00f3n.<\/h5>\n<p><\/p><\/div>[\/vc_column][vc_column width=\u00bb1\/4&#8243;]<div class=\"mkd_image_with_text_and_icon \"><div class=\"box_image\"><div class=\"image_holder_inner\"><img decoding=\"async\" src=\"https:\/\/www.poderjudicialcdmx.gob.mx\/proteccion_civil\/wp-content\/uploads\/ZM02-e1763058165508.png\" alt=\"Zona de Menor Riesgo\" \/><\/div><div class=\"mkd_icon_holder\" style=\"bottom:-37px;\"><\/div><\/div><div style=\"margin-top:60px;\"><h4 class=\"mkd_image_with_text_and_icon_title\" style=\"color:#0fbf00;\">Zona de Menor Riesgo<\/h4><\/div><p><\/p>\n<h5 style=\"text-align: center\"><strong>Es el lugar f\u00edsico que se encuentra en el interior de un inmueble<\/strong> (columnas, muros de carga y marcos r\u00edgidos formados por trabes y \u00a0columnas) <strong>que ofrece mayor capacidad de protecci\u00f3n durante un sismo.<\/strong><\/h5>\n<p><\/p><\/div>[\/vc_column][vc_column width=\u00bb1\/4&#8243;]<div class=\"mkd_image_with_text_and_icon \"><div class=\"box_image\"><div class=\"image_holder_inner\"><img decoding=\"async\" src=\"https:\/\/www.poderjudicialcdmx.gob.mx\/proteccion_civil\/wp-content\/uploads\/SE02-e1763058261615.png\" alt=\"Salida de Emergencia\" \/><\/div><div class=\"mkd_icon_holder\" style=\"bottom:-37px;\"><\/div><\/div><div style=\"margin-top:60px;\"><h4 class=\"mkd_image_with_text_and_icon_title\" style=\"color:#0fbf00;\">Salida de Emergencia<\/h4><\/div><p><\/p>\n<h5 style=\"text-align: center\"><strong>Es una puerta de salida de f\u00e1cil apertura,<\/strong> claramente se\u00f1alizada y libre de obst\u00e1culos, que permite una evacuaci\u00f3n r\u00e1pida y segura <strong>en caso de emergencia.<\/strong><\/h5>\n<p><\/p><\/div>[\/vc_column][\/vc_row][vc_row row_type=\u00bbexpandable\u00bb header_style=\u00bblight\u00bb text_align=\u00bbcenter\u00bb hover_color=\u00bb#ff0000&#8243; more_button_label=\u00bbSE\u00d1ALIZACI\u00d3N EN CASO DE INCENDIO\u00bb less_button_label=\u00bbSE\u00d1ALIZACI\u00d3N EN CASO DE INCENDIO\u00bb button_position=\u00bbcenter\u00bb overflow=\u00bb\u00bb el_id=\u00bbboton3_boton4_boton5&#8243;][vc_column width=\u00bb1\/4&#8243;]<div class=\"mkd_image_with_text_and_icon \"><div class=\"box_image\"><div class=\"image_holder_inner\"><img decoding=\"async\" src=\"https:\/\/www.poderjudicialcdmx.gob.mx\/proteccion_civil\/wp-content\/uploads\/EX01-e1763056173323.png\" alt=\"Se\u00f1alizaci\u00f3n de Extintor\" \/><\/div><div class=\"mkd_icon_holder\" style=\"bottom:-37px;\"><\/div><\/div><div style=\"margin-top:60px;\"><h4 class=\"mkd_image_with_text_and_icon_title\" style=\"color:#bf0000;\">Se\u00f1alizaci\u00f3n de Extintor<\/h4><\/div><p><\/p>\n<h5 style=\"text-align: center\"><strong>Es un dispositivo port\u00e1til que contiene un agente extinguidor<\/strong> como polvo qu\u00edmico seco, CO\u2082, espuma o agua bajo presi\u00f3n, <strong>dise\u00f1ado para apagar incendios en sus primeras etapas.<\/strong><\/h5>\n<p><\/p><\/div>[\/vc_column][vc_column width=\u00bb1\/4&#8243;]<div class=\"mkd_image_with_text_and_icon \"><div class=\"box_image\"><div class=\"image_holder_inner\"><img decoding=\"async\" src=\"https:\/\/www.poderjudicialcdmx.gob.mx\/proteccion_civil\/wp-content\/uploads\/EM01-e1763065170990.png\" alt=\"Estaci\u00f3n Manual\" \/><\/div><div class=\"mkd_icon_holder\" style=\"bottom:-37px;\"><\/div><\/div><div style=\"margin-top:60px;\"><h4 class=\"mkd_image_with_text_and_icon_title\" style=\"color:#bf0000;\">Estaci\u00f3n Manual<\/h4><\/div><p><\/p>\n<h5 style=\"text-align: center\">Es un\u00a0dispositivo que se activa manualmente para iniciar una alarma, como en un sistema contra incendios.<\/h5>\n<p><\/p><\/div>[\/vc_column][vc_column width=\u00bb1\/4&#8243;]<div class=\"mkd_image_with_text_and_icon \"><div class=\"box_image\"><div class=\"image_holder_inner\"><img decoding=\"async\" src=\"https:\/\/www.poderjudicialcdmx.gob.mx\/proteccion_civil\/wp-content\/uploads\/ECI02-e1763065147142.png\" alt=\"Equipo contra incendio\" \/><\/div><div class=\"mkd_icon_holder\" style=\"bottom:-37px;\"><\/div><\/div><div style=\"margin-top:60px;\"><h4 class=\"mkd_image_with_text_and_icon_title\" style=\"color:#bf0000;\">Equipo contra incendio<\/h4><\/div><p><\/p>\n<h5 style=\"text-align: center\">Es un conjunto de sistemas, dispositivos y vestimenta dise\u00f1ados para detectar, controlar, extinguir incendios y proteger a las personas durante una emergencia.<\/h5>\n<p><\/p><\/div>[\/vc_column][vc_column width=\u00bb1\/4&#8243;]<div class=\"mkd_image_with_text_and_icon \"><div class=\"box_image\"><div class=\"image_holder_inner\"><img decoding=\"async\" src=\"https:\/\/www.poderjudicialcdmx.gob.mx\/proteccion_civil\/wp-content\/uploads\/AL01-e1763067445283.png\" alt=\"Alarma contra incendio\" \/><\/div><div class=\"mkd_icon_holder\" style=\"bottom:-37px;\"><\/div><\/div><div style=\"margin-top:60px;\"><h4 class=\"mkd_image_with_text_and_icon_title\" style=\"color:#bf0000;\">Alarma contra incendio<\/h4><\/div><p><\/p>\n<h5 style=\"text-align: center\">Es un sistema de seguridad que utiliza dispositivos para detectar la presencia de humo, calor o llamas y alertar a los ocupantes de un edificio con se\u00f1ales sonoras y visuales.<\/h5>\n<p><\/p><\/div>[\/vc_column][\/vc_row][vc_row row_type=\u00bbrow\u00bb use_row_as_full_screen_section=\u00bbno\u00bb type=\u00bbfull_width\u00bb oblique_section=\u00bbno\u00bb text_align=\u00bbleft\u00bb Overflow=\u00bb\u00bb triangle_shape=\u00bbno\u00bb css_animation=\u00bb\u00bb overflow=\u00bb\u00bb][vc_column][vc_separator type=\u00bbnormal\u00bb color=\u00bb#008980&#8243; thickness=\u00bb4&#8243; up=\u00bb50&#8243; up_style=\u00bbpx\u00bb down_style=\u00bbpx\u00bb][\/vc_column][\/vc_row][vc_row row_type=\u00bbrow\u00bb use_row_as_full_screen_section=\u00bbno\u00bb type=\u00bbgrid\u00bb oblique_section=\u00bbno\u00bb text_align=\u00bbcenter\u00bb Overflow=\u00bb\u00bb triangle_shape=\u00bbno\u00bb css_animation=\u00bb\u00bb overflow=\u00bb\u00bb][vc_column][vc_column_text]<\/p>\n<p style=\"text-align: center;font-size: 46px;color: #9eb75d;font-weight: 600;line-height: 55px\"><span style=\"color: #00549d\"><strong>Recomendaciones en caso de emergencia<\/strong><\/span><\/p>\n<p>[\/vc_column_text][\/vc_column][\/vc_row][vc_row row_type=\u00bbrow\u00bb use_row_as_full_screen_section=\u00bbno\u00bb type=\u00bbgrid\u00bb oblique_section=\u00bbno\u00bb text_align=\u00bbleft\u00bb Overflow=\u00bb\u00bb triangle_shape=\u00bbno\u00bb css_animation=\u00bb\u00bb overflow=\u00bb\u00bb][vc_column][vc_separator type=\u00bbtransparent\u00bb up_style=\u00bbpx\u00bb down_style=\u00bbpx\u00bb][\/vc_column][vc_column width=\u00bb1\/2&#8243;][vc_single_image image=\u00bb15758&#8243; img_size=\u00bblarge\u00bb alignment=\u00bbcenter\u00bb mkd_css_animation=\u00bbelement_from_fade\u00bb transition_delay=\u00bb0.2&#8243; set_shader=\u00bbno\u00bb set_popup=\u00bbno\u00bb animate_image_on_hover=\u00bbno\u00bb][\/vc_column][vc_column width=\u00bb1\/2&#8243;][vc_single_image image=\u00bb15757&#8243; img_size=\u00bblarge\u00bb alignment=\u00bbcenter\u00bb mkd_css_animation=\u00bbelement_from_fade\u00bb transition_delay=\u00bb0.2&#8243; set_shader=\u00bbno\u00bb set_popup=\u00bbno\u00bb animate_image_on_hover=\u00bbno\u00bb][\/vc_column][\/vc_row][vc_row row_type=\u00bbrow\u00bb use_row_as_full_screen_section=\u00bbno\u00bb type=\u00bbfull_width\u00bb oblique_section=\u00bbno\u00bb text_align=\u00bbleft\u00bb Overflow=\u00bb\u00bb triangle_shape=\u00bbno\u00bb css_animation=\u00bb\u00bb overflow=\u00bb\u00bb][vc_column][vc_separator type=\u00bbtransparent\u00bb up_style=\u00bbpx\u00bb down=\u00bb25&#8243; down_style=\u00bbpx\u00bb][\/vc_column][\/vc_row][vc_row row_type=\u00bbrow\u00bb use_row_as_full_screen_section=\u00bbno\u00bb type=\u00bbfull_width\u00bb oblique_section=\u00bbno\u00bb text_align=\u00bbleft\u00bb Overflow=\u00bb\u00bb triangle_shape=\u00bbno\u00bb css_animation=\u00bb\u00bb overflow=\u00bb\u00bb][vc_column][vc_empty_space height=\u00bb20px\u00bb image_repeat=\u00bbno-repeat\u00bb][\/vc_column][\/vc_row][vc_row row_type=\u00bbrow\u00bb use_row_as_full_screen_section=\u00bbno\u00bb type=\u00bbfull_width\u00bb oblique_section=\u00bbno\u00bb text_align=\u00bbleft\u00bb Overflow=\u00bb\u00bb triangle_shape=\u00bbno\u00bb css_animation=\u00bb\u00bb overflow=\u00bb\u00bb][vc_column][vc_column_text]<\/p>\n<p style=\"text-align: right\">\u00daltima fecha de actualizaci\u00f3n: Noviembre 2025.<\/p>\n<p>[\/vc_column_text][\/vc_column][\/vc_row][vc_row row_type=\u00bbrow\u00bb use_row_as_full_screen_section=\u00bbno\u00bb type=\u00bbfull_width\u00bb oblique_section=\u00bbno\u00bb text_align=\u00bbleft\u00bb Overflow=\u00bb\u00bb triangle_shape=\u00bbno\u00bb css_animation=\u00bb\u00bb overflow=\u00bb\u00bb][vc_column][vc_empty_space height=\u00bb20px\u00bb image_repeat=\u00bbno-repeat\u00bb][\/vc_column][\/vc_row]<\/p>\n","protected":false},"excerpt":{"rendered":"<p>[vc_row row_type=\u00bbrow\u00bb use_row_as_full_screen_section=\u00bbyes\u00bb type=\u00bbfull_width\u00bb oblique_section=\u00bbno\u00bb text_align=\u00bbcenter\u00bb Overflow=\u00bb\u00bb triangle_shape=\u00bbno\u00bb background_image=\u00bb18312&#8243; background_color=\u00bb#ffffff\u00bb padding_top=\u00bb100%\u00bb css_animation=\u00bb\u00bb overflow=\u00bb\u00bb][vc_column][vc_separator type=\u00bbtransparent\u00bb up=\u00bb60&#8243; up_style=\u00bbpx\u00bb down_style=\u00bbpx\u00bb][no_elements_holder number_of_columns=\u00bbone_column\u00bb switch_to_one_column=\u00bbnever\u00bb alignment_one_column=\u00bbcenter\u00bb][no_elements_holder_item item_padding=\u00bb19% 0% 0% 0%\u00bb aligment=\u00bbcenter\u00bb vertical_alignment=\u00bbmiddle\u00bb animation_name=\u00bbgrow_in\u00bb advanced_animations=\u00bbno\u00bb item_padding_1300_1600=\u00bb10% 0% 0% 0%\u00bb item_padding_1024_1300=\u00bb13% 0% 0% 0%\u00bb item_padding_768_1024=\u00bb20% 0% 9% 0%\u00bb item_padding_600_768=\u00bb20% 0% 9% 0%\u00bb][vc_row_inner row_type=\u00bbrow\u00bb&#8230;<\/p>\n","protected":false},"author":1,"featured_media":0,"parent":0,"menu_order":0,"comment_status":"closed","ping_status":"closed","template":"","meta":{"footnotes":""},"class_list":["post-15523","page","type-page","status-publish","hentry"],"_links":{"self":[{"href":"https:\/\/www.poderjudicialcdmx.gob.mx\/proteccion_civil\/wp-json\/wp\/v2\/pages\/15523"}],"collection":[{"href":"https:\/\/www.poderjudicialcdmx.gob.mx\/proteccion_civil\/wp-json\/wp\/v2\/pages"}],"about":[{"href":"https:\/\/www.poderjudicialcdmx.gob.mx\/proteccion_civil\/wp-json\/wp\/v2\/types\/page"}],"author":[{"embeddable":true,"href":"https:\/\/www.poderjudicialcdmx.gob.mx\/proteccion_civil\/wp-json\/wp\/v2\/users\/1"}],"replies":[{"embeddable":true,"href":"https:\/\/www.poderjudicialcdmx.gob.mx\/proteccion_civil\/wp-json\/wp\/v2\/comments?post=15523"}],"version-history":[{"count":128,"href":"https:\/\/www.poderjudicialcdmx.gob.mx\/proteccion_civil\/wp-json\/wp\/v2\/pages\/15523\/revisions"}],"predecessor-version":[{"id":18263,"href":"https:\/\/www.poderjudicialcdmx.gob.mx\/proteccion_civil\/wp-json\/wp\/v2\/pages\/15523\/revisions\/18263"}],"wp:attachment":[{"href":"https:\/\/www.poderjudicialcdmx.gob.mx\/proteccion_civil\/wp-json\/wp\/v2\/media?parent=15523"}],"curies":[{"name":"wp","href":"https:\/\/api.w.org\/{rel}","templated":true}]}}