{"id":17705,"date":"2017-04-25T15:00:31","date_gmt":"2017-04-25T15:00:31","guid":{"rendered":"http:\/\/poderjudicialcdmx.gob.mx\/unidadtransparencia\/?page_id=17705"},"modified":"2024-10-29T19:59:13","modified_gmt":"2024-10-29T19:59:13","slug":"lenguas-indigenas","status":"publish","type":"page","link":"https:\/\/www.poderjudicialcdmx.gob.mx\/unidadtransparencia\/lenguas-indigenas\/","title":{"rendered":"Lenguas indigenas"},"content":{"rendered":"<p>[vc_row row_type=\u00bbrow\u00bb use_row_as_full_screen_section=\u00bbno\u00bb type=\u00bbfull_width\u00bb oblique_section=\u00bbno\u00bb text_align=\u00bbleft\u00bb Overflow=\u00bb\u00bb triangle_shape=\u00bbno\u00bb background_image=\u00bb17752&#8243; css_animation=\u00bb\u00bb overflow=\u00bb\u00bb full_width=\u00bb\u00bb][vc_column][vc_separator type=\u00bbtransparent\u00bb thickness=\u00bb200&#8243; up_style=\u00bbpx\u00bb down_style=\u00bbpx\u00bb][\/vc_column][\/vc_row][vc_row row_type=\u00bbrow\u00bb use_row_as_full_screen_section=\u00bbno\u00bb type=\u00bbfull_width\u00bb oblique_section=\u00bbno\u00bb text_align=\u00bbleft\u00bb Overflow=\u00bb\u00bb triangle_shape=\u00bbno\u00bb css_animation=\u00bb\u00bb overflow=\u00bb\u00bb][vc_column][vc_empty_space height=\u00bb100px\u00bb image_repeat=\u00bbno-repeat\u00bb][\/vc_column][\/vc_row][vc_row row_type=\u00bbrow\u00bb use_row_as_full_screen_section=\u00bbno\u00bb type=\u00bbfull_width\u00bb oblique_section=\u00bbno\u00bb text_align=\u00bbleft\u00bb Overflow=\u00bb\u00bb triangle_shape=\u00bbno\u00bb css_animation=\u00bb\u00bb overflow=\u00bb\u00bb full_width=\u00bb\u00bb][vc_column][vc_column_text css_animation=\u00bb\u00bb]<\/p>\n<h2 style=\"text-align: center\">LENGUAS IND\u00cdGENAS<\/h2>\n<p>[\/vc_column_text][\/vc_column][\/vc_row][vc_row row_type=\u00bbrow\u00bb use_row_as_full_screen_section=\u00bbno\u00bb type=\u00bbfull_width\u00bb oblique_section=\u00bbno\u00bb text_align=\u00bbleft\u00bb Overflow=\u00bb\u00bb triangle_shape=\u00bbno\u00bb css_animation=\u00bb\u00bb overflow=\u00bb\u00bb][vc_column][vc_empty_space height=\u00bb100px\u00bb image_repeat=\u00bbno-repeat\u00bb][\/vc_column][\/vc_row][vc_row row_type=\u00bbrow\u00bb use_row_as_full_screen_section=\u00bbno\u00bb type=\u00bbgrid\u00bb oblique_section=\u00bbno\u00bb text_align=\u00bbleft\u00bb Overflow=\u00bb\u00bb triangle_shape=\u00bbno\u00bb css_animation=\u00bb\u00bb overflow=\u00bb\u00bb full_width=\u00bb\u00bb][vc_column][vc_column_text]<\/p>\n<p style=\"text-align: justify\">Con la finalidad de dar cumplimiento al art\u00edculo 14 de la Ley de Transparencia, Acceso a la Informaci\u00f3n P\u00fablica y Rendici\u00f3n de Cuentas de la Ciudad de M\u00e9xico, que a la letra establece:<\/p>\n<p style=\"text-align: justify\"><strong><em>\u201cArt\u00edculo 14. <\/em><\/strong><em>En la generaci\u00f3n, publicaci\u00f3n y entrega de informaci\u00f3n se deber\u00e1 garantizar que \u00e9sta sea accesible, confiable, verificable, veraz, oportuna y atender\u00e1 las necesidades del Derecho de Acceso a la Informaci\u00f3n P\u00fablica de toda persona.<\/em><\/p>\n<p style=\"text-align: justify\"><em>\u00a0<\/em><\/p>\n<p style=\"text-align: justify\"><em>Los sujetos obligados buscar\u00e1n, en todo momento, que la informaci\u00f3n generada tenga un lenguaje sencillo para cualquier persona y se procurar\u00e1, en la medida de lo posible, su accesibilidad y traducci\u00f3n a <strong>lenguas ind\u00edgenas<\/strong>\u201d.<\/em><\/p>\n<p style=\"text-align: justify\">Se publica la<em> \u201c<\/em><strong><em>GU\u00cdA DE ACCESO A LA INFORMACI\u00d3N Y PROTECCION DE DATOS PERSONALES PARA SOLICITANTES EN EL PODER JUDICIAL DE LA CIUDAD DE\u00a0 M\u00c9XICO<\/em><\/strong><strong>\u201d, <\/strong>en las siguientes lenguas ind\u00edgenas:<\/p>\n<ul>\n<li><strong>Mazateca.<\/strong><\/li>\n<li><strong>Tzetzal.<\/strong><\/li>\n<li><strong>Otom\u00ed.<\/strong><\/li>\n<li><strong>Mixe.<\/strong><\/li>\n<li><strong>Nahuatl.<\/strong><\/li>\n<\/ul>\n<p style=\"text-align: justify\"><strong>\u00a0<\/strong><\/p>\n<p>[\/vc_column_text][\/vc_column][\/vc_row][vc_row row_type=\u00bbrow\u00bb use_row_as_full_screen_section=\u00bbno\u00bb type=\u00bbfull_width\u00bb oblique_section=\u00bbno\u00bb text_align=\u00bbleft\u00bb Overflow=\u00bb\u00bb triangle_shape=\u00bbno\u00bb css_animation=\u00bb\u00bb overflow=\u00bb\u00bb][vc_column][vc_empty_space height=\u00bb50px\u00bb image_repeat=\u00bbno-repeat\u00bb][\/vc_column][\/vc_row][vc_row row_type=\u00bbrow\u00bb use_row_as_full_screen_section=\u00bbno\u00bb type=\u00bbfull_width\u00bb oblique_section=\u00bbno\u00bb text_align=\u00bbleft\u00bb Overflow=\u00bb\u00bb triangle_shape=\u00bbno\u00bb css_animation=\u00bb\u00bb overflow=\u00bb\u00bb full_width=\u00bb\u00bb][vc_column][vc_column_text]<\/p>\n<h2 style=\"text-align: center\"><strong>GU\u00cdAS DE ACCESO<\/strong><\/h2>\n<p>[\/vc_column_text][\/vc_column][\/vc_row][vc_row row_type=\u00bbrow\u00bb use_row_as_full_screen_section=\u00bbno\u00bb type=\u00bbfull_width\u00bb oblique_section=\u00bbno\u00bb text_align=\u00bbleft\u00bb Overflow=\u00bb\u00bb triangle_shape=\u00bbno\u00bb css_animation=\u00bb\u00bb overflow=\u00bb\u00bb][vc_column][vc_empty_space height=\u00bb50px\u00bb image_repeat=\u00bbno-repeat\u00bb][\/vc_column][\/vc_row][vc_row row_type=\u00bbrow\u00bb use_row_as_full_screen_section=\u00bbno\u00bb type=\u00bbgrid\u00bb oblique_section=\u00bbno\u00bb text_align=\u00bbleft\u00bb Overflow=\u00bb\u00bb triangle_shape=\u00bbno\u00bb padding_top=\u00bb50&#8243; padding_bottom=\u00bb50&#8243; css_animation=\u00bb\u00bb overflow=\u00bb\u00bb][vc_column]<div class='mkd_carousels_holder clearfix '><div class='mkd_carousels'  data-number_of_items='3'><ul class='slides'><li class='item'><div class=\"carousel_item_holder\" ><div class=\"carousel_item_holder_inner\" style=\"margin-left: 20px;margin-right: 20px\"><a href='http:\/\/poderjudicialcdmx.gob.mx\/unidadtransparencia\/wp-content\/uploads\/GUIA-DE-ACCESO-MAZATECO.docx' target='_self' class='carousel-link'><span class='first_image_holder '><img src='http:\/\/www.poderjudicialcdmx.gob.mx\/unidadtransparencia\/wp-content\/uploads\/MAZATECO.png' alt='Lenguas indigenas1'><\/span><\/a><\/div><\/div><\/li><li class='item'><div class=\"carousel_item_holder\" ><div class=\"carousel_item_holder_inner\" style=\"margin-left: 20px;margin-right: 20px\"><a href='http:\/\/poderjudicialcdmx.gob.mx\/unidadtransparencia\/wp-content\/uploads\/GUIA-DE-ACCESO-MIXE.docx' target='_self' class='carousel-link'><span class='first_image_holder '><img src='http:\/\/www.poderjudicialcdmx.gob.mx\/unidadtransparencia\/wp-content\/uploads\/MIXE.png' alt='Lenguas indigenas2'><\/span><\/a><\/div><\/div><\/li><li class='item'><div class=\"carousel_item_holder\" ><div class=\"carousel_item_holder_inner\" style=\"margin-left: 20px;margin-right: 20px\"><a href='http:\/\/poderjudicialcdmx.gob.mx\/unidadtransparencia\/wp-content\/uploads\/GUIA-DE-ACCESO-NAHUATL-TRADUCCION.docx' target='_self' class='carousel-link'><span class='first_image_holder '><img src='http:\/\/www.poderjudicialcdmx.gob.mx\/unidadtransparencia\/wp-content\/uploads\/NAHUALT.png' alt='Lenguas indigenas3'><\/span><\/a><\/div><\/div><\/li><li class='item'><div class=\"carousel_item_holder\" ><div class=\"carousel_item_holder_inner\" style=\"margin-left: 20px;margin-right: 20px\"><a href='http:\/\/poderjudicialcdmx.gob.mx\/unidadtransparencia\/wp-content\/uploads\/GUIA-DE-ACCESO-OTOM\u00cd.docx' target='_self' class='carousel-link'><span class='first_image_holder '><img src='http:\/\/www.poderjudicialcdmx.gob.mx\/unidadtransparencia\/wp-content\/uploads\/OTOMI.png' alt='Lenguas indigenas4'><\/span><\/a><\/div><\/div><\/li><li class='item'><div class=\"carousel_item_holder\" ><div class=\"carousel_item_holder_inner\" style=\"margin-left: 20px;margin-right: 20px\"><a href='http:\/\/poderjudicialcdmx.gob.mx\/unidadtransparencia\/wp-content\/uploads\/GUIA-DE-ACCESO-TSELTAL.docx' target='_self' class='carousel-link'><span class='first_image_holder '><img src='http:\/\/www.poderjudicialcdmx.gob.mx\/unidadtransparencia\/wp-content\/uploads\/TSELTAL.png' alt='Lenguas indigenas5'><\/span><\/a><\/div><\/div><\/li><\/ul><ul class=\"caroufredsel-direction-nav\"><li class=\"caroufredsel-prev-holder\"><a id=\"caroufredsel-prev\" class=\"mkd_carousel_prev caroufredsel-navigation-item caroufredsel-prev\" href=\"javascript: void(0)\"><span class=\"arrow_carrot-left\"><\/span><\/a><\/li><li class=\"caroufredsel-next-holder\"><a class=\"mkd_carousel_next caroufredsel-next caroufredsel-navigation-item\" id=\"caroufredsel-next\" href=\"javascript: void(0)\"><span class=\"arrow_carrot-right\"><\/span><\/a><\/li><\/ul><\/div><\/div>[\/vc_column][\/vc_row][vc_row row_type=\u00bbrow\u00bb use_row_as_full_screen_section=\u00bbno\u00bb type=\u00bbfull_width\u00bb oblique_section=\u00bbno\u00bb text_align=\u00bbleft\u00bb Overflow=\u00bb\u00bb triangle_shape=\u00bbno\u00bb css_animation=\u00bb\u00bb overflow=\u00bb\u00bb][vc_column][vc_empty_space height=\u00bb100px\u00bb image_repeat=\u00bbno-repeat\u00bb][\/vc_column][\/vc_row][vc_row row_type=\u00bbrow\u00bb use_row_as_full_screen_section=\u00bbno\u00bb type=\u00bbfull_width\u00bb oblique_section=\u00bbno\u00bb text_align=\u00bbleft\u00bb Overflow=\u00bb\u00bb triangle_shape=\u00bbno\u00bb css_animation=\u00bb\u00bb][vc_column][vc_empty_space height=\u00bb20px\u00bb image_repeat=\u00bbno-repeat\u00bb][\/vc_column][\/vc_row][vc_row row_type=\u00bbrow\u00bb use_row_as_full_screen_section=\u00bbno\u00bb type=\u00bbfull_width\u00bb oblique_section=\u00bbno\u00bb text_align=\u00bbleft\u00bb Overflow=\u00bb\u00bb triangle_shape=\u00bbno\u00bb css_animation=\u00bb\u00bb][vc_column][vc_column_text]<\/p>\n<p style=\"text-align: right\">\u00daltima fecha de actualizaci\u00f3n: junio 2018.<\/p>\n<p>[\/vc_column_text][\/vc_column][\/vc_row][vc_row row_type=\u00bbrow\u00bb use_row_as_full_screen_section=\u00bbno\u00bb type=\u00bbfull_width\u00bb oblique_section=\u00bbno\u00bb text_align=\u00bbleft\u00bb Overflow=\u00bb\u00bb triangle_shape=\u00bbno\u00bb css_animation=\u00bb\u00bb][vc_column][vc_empty_space height=\u00bb20px\u00bb image_repeat=\u00bbno-repeat\u00bb][\/vc_column][\/vc_row]<\/p>\n","protected":false},"excerpt":{"rendered":"<p>[vc_row row_type=\u00bbrow\u00bb use_row_as_full_screen_section=\u00bbno\u00bb type=\u00bbfull_width\u00bb oblique_section=\u00bbno\u00bb text_align=\u00bbleft\u00bb Overflow=\u00bb\u00bb triangle_shape=\u00bbno\u00bb background_image=\u00bb17752&#8243; css_animation=\u00bb\u00bb overflow=\u00bb\u00bb full_width=\u00bb\u00bb][vc_column][vc_separator type=\u00bbtransparent\u00bb thickness=\u00bb200&#8243; up_style=\u00bbpx\u00bb down_style=\u00bbpx\u00bb][\/vc_column][\/vc_row][vc_row row_type=\u00bbrow\u00bb use_row_as_full_screen_section=\u00bbno\u00bb type=\u00bbfull_width\u00bb oblique_section=\u00bbno\u00bb text_align=\u00bbleft\u00bb Overflow=\u00bb\u00bb triangle_shape=\u00bbno\u00bb css_animation=\u00bb\u00bb overflow=\u00bb\u00bb][vc_column][vc_empty_space height=\u00bb100px\u00bb image_repeat=\u00bbno-repeat\u00bb][\/vc_column][\/vc_row][vc_row row_type=\u00bbrow\u00bb use_row_as_full_screen_section=\u00bbno\u00bb type=\u00bbfull_width\u00bb oblique_section=\u00bbno\u00bb text_align=\u00bbleft\u00bb Overflow=\u00bb\u00bb triangle_shape=\u00bbno\u00bb css_animation=\u00bb\u00bb overflow=\u00bb\u00bb full_width=\u00bb\u00bb][vc_column][vc_column_text css_animation=\u00bb\u00bb] LENGUAS IND\u00cdGENAS [\/vc_column_text][\/vc_column][\/vc_row][vc_row row_type=\u00bbrow\u00bb use_row_as_full_screen_section=\u00bbno\u00bb type=\u00bbfull_width\u00bb oblique_section=\u00bbno\u00bb&#8230;<\/p>\n","protected":false},"author":1,"featured_media":0,"parent":0,"menu_order":0,"comment_status":"closed","ping_status":"closed","template":"","meta":{"footnotes":""},"class_list":["post-17705","page","type-page","status-publish","hentry"],"_links":{"self":[{"href":"https:\/\/www.poderjudicialcdmx.gob.mx\/unidadtransparencia\/wp-json\/wp\/v2\/pages\/17705"}],"collection":[{"href":"https:\/\/www.poderjudicialcdmx.gob.mx\/unidadtransparencia\/wp-json\/wp\/v2\/pages"}],"about":[{"href":"https:\/\/www.poderjudicialcdmx.gob.mx\/unidadtransparencia\/wp-json\/wp\/v2\/types\/page"}],"author":[{"embeddable":true,"href":"https:\/\/www.poderjudicialcdmx.gob.mx\/unidadtransparencia\/wp-json\/wp\/v2\/users\/1"}],"replies":[{"embeddable":true,"href":"https:\/\/www.poderjudicialcdmx.gob.mx\/unidadtransparencia\/wp-json\/wp\/v2\/comments?post=17705"}],"version-history":[{"count":22,"href":"https:\/\/www.poderjudicialcdmx.gob.mx\/unidadtransparencia\/wp-json\/wp\/v2\/pages\/17705\/revisions"}],"predecessor-version":[{"id":18295,"href":"https:\/\/www.poderjudicialcdmx.gob.mx\/unidadtransparencia\/wp-json\/wp\/v2\/pages\/17705\/revisions\/18295"}],"wp:attachment":[{"href":"https:\/\/www.poderjudicialcdmx.gob.mx\/unidadtransparencia\/wp-json\/wp\/v2\/media?parent=17705"}],"curies":[{"name":"wp","href":"https:\/\/api.w.org\/{rel}","templated":true}]}}